2a03:2880:f800:: - - [18/Aug/2026:01:42:12 +0200] "GET /?shop/items/H56011205313/ HTTP/1.1" 200 51727 cultureloisirs.club "-" "Mozilla/5.0 (Windows NT 10.0; Win64; x64) AppleWebKit/537.36 (KHTML, like Gecko) Chrome/145.0.0.0 Safari/537.36 (compatible; meta-externalagent/1.1 (+https://developers.facebook.com/docs/sharing/webmasters/crawler))" "-"
144.76.32.0 - - [18/Aug/2026:01:42:14 +0200] "GET /necessitied/financialist/52775521772?loknya=/ HTTP/1.1" 200 29703 cultureloisirs.club "-" "Mozilla/5.0 (compatible; SERankingBacklinksBot/1.0; +https://seranking.com/backlinks-crawler)" "-"
2a03:2880:f800:: - - [18/Aug/2026:01:42:16 +0200] "GET /?shop/items/P32255112350/ HTTP/1.1" 429 267 cultureloisirs.club "-" "Mozilla/5.0 (Macintosh; Intel Mac OS X 10_15_7) AppleWebKit/537.36 (KHTML, like Gecko) Chrome/145.0.0.0 Safari/537.36 (compatible; meta-externalagent/1.1 (+https://developers.facebook.com/docs/sharing/webmasters/crawler))" "-"
66.249.66.0 - - [18/Aug/2026:01:42:16 +0200] "GET /detail.php?shop/items/K1995251786/ HTTP/1.1" 200 201521 cultureloisirs.club "-" "Mozilla/5.0 (compatible; Googlebot/2.1; +http://www.google.com/bot.html)" "-"
216.73.217.0 - - [18/Aug/2026:01:42:17 +0200] "GET /sitemap.xml?lokasie=%2Fhomepages%2F11%2Fd4298920294%2Fhtdocs%2Fwordpress%2Fwp-includes%2Fblock-editor.php&loknya=%2Fhomepages%2F11%2Fd4298920294%2Fhtdocs%2Fwordpress%2Fwp-includes HTTP/1.1" 200 37206 cultureloisirs.club "-" "Mozilla/5.0 AppleWebKit/537.36 (KHTML, like Gecko; compatible; ClaudeBot/1.0; +claudebot@anthropic.com)" "-"
144.76.32.0 - - [18/Aug/2026:01:42:18 +0200] "GET /oddball/abrogated/s5e3i7s9m1i6c83961?loknya=/ HTTP/1.1" 200 29703 cultureloisirs.club "-" "Mozilla/5.0 (compatible; SERankingBacklinksBot/1.0; +https://seranking.com/backlinks-crawler)" "-"
2a03:2880:f800:: - - [18/Aug/2026:01:42:21 +0200] "GET /?shop/items/K36046150860/ HTTP/1.1" 429 267 cultureloisirs.club "-" "Mozilla/5.0 (Windows NT 10.0; Win64; x64) AppleWebKit/537.36 (KHTML, like Gecko) Chrome/145.0.0.0 Safari/537.36 (compatible; meta-externalagent/1.1 (+https://developers.facebook.com/docs/sharing/webmasters/crawler))" "-"
2a03:2880:f800:: - - [18/Aug/2026:01:42:22 +0200] "GET /?h=08759094521852 HTTP/1.1" 429 267 cultureloisirs.club "-" "Mozilla/5.0 (Macintosh; Intel Mac OS X 10_15_7) AppleWebKit/537.36 (KHTML, like Gecko) Chrome/145.0.0.0 Safari/537.36 (compatible; meta-externalagent/1.1 (+https://developers.facebook.com/docs/sharing/webmasters/crawler))" "-"
216.73.217.0 - - [18/Aug/2026:01:42:22 +0200] "GET /sitemap.xml?lokasie=%2Fhomepages%2F11%2Fd4298920294%2Fhtdocs%2Fwordpress%2Fwp-includes%2Fcss%2Fbuttons-rtl.min.css&loknya=%2Fhomepages%2F11%2Fd4298920294%2Fhtdocs%2Fwordpress%2Fwp-includes%2Fcss HTTP/1.1" 200 12605 cultureloisirs.club "-" "Mozilla/5.0 AppleWebKit/537.36 (KHTML, like Gecko; compatible; ClaudeBot/1.0; +claudebot@anthropic.com)" "-"
144.76.32.0 - - [18/Aug/2026:01:42:22 +0200] "GET /pantherine/apheliotropic/52495851437?loknya=/ HTTP/1.1" 200 29703 cultureloisirs.club "-" "Mozilla/5.0 (compatible; SERankingBacklinksBot/1.0; +https://seranking.com/backlinks-crawler)" "-"
144.76.32.0 - - [18/Aug/2026:01:42:26 +0200] "GET /romaunt/hething/52200160286?loknya=/homepages HTTP/1.1" 200 57048 cultureloisirs.club "-" "Mozilla/5.0 (compatible; SERankingBacklinksBot/1.0; +https://seranking.com/backlinks-crawler)" "-"
216.73.217.0 - - [18/Aug/2026:01:42:27 +0200] "GET /sitemap.xml?lokasie=%2Fhomepages%2F11%2Fd4298920294%2Fhtdocs%2Fwordpress%2Fwp-admin%2Fcss%2Flogin-rtl.css&loknya=%2Fhomepages%2F11%2Fd4298920294%2Fhtdocs%2Fwordpress%2Fwp-admin%2Fcss HTTP/1.1" 200 12793 cultureloisirs.club "-" "Mozilla/5.0 AppleWebKit/537.36 (KHTML, like Gecko; compatible; ClaudeBot/1.0; +claudebot@anthropic.com)" "-"
144.76.32.0 - - [18/Aug/2026:01:42:30 +0200] "GET /salvable/v5i3v6a2r0i1e8s325?loknya=/homepages HTTP/1.1" 200 57048 cultureloisirs.club "-" "Mozilla/5.0 (compatible; SERankingBacklinksBot/1.0; +https://seranking.com/backlinks-crawler)" "-"
216.73.217.0 - - [18/Aug/2026:01:42:32 +0200] "GET /index.php?lokasie=%2Fhomepages%2F11%2Fd4298920294%2Fhtdocs%2Fwordpress%2Fwp-admin%2Fadmin-footer.php&loknya=%2Fhomepages%2F11%2Fd4298920294%2Fhtdocs%2Fwordpress%2Fwp-admin HTTP/1.1" 200 7703 cultureloisirs.club "-" "Mozilla/5.0 AppleWebKit/537.36 (KHTML, like Gecko; compatible; ClaudeBot/1.0; +claudebot@anthropic.com)" "-"
66.249.66.0 - - [18/Aug/2026:01:42:32 +0200] "GET /?h=556925831651 HTTP/1.1" 200 807388 cultureloisirs.club "-" "Mozilla/5.0 (Linux; Android 6.0.1; Nexus 5X Build/MMB29P) AppleWebKit/537.36 (KHTML, like Gecko) Chrome/151.0.7922.137 Mobile Safari/537.36 (compatible; Googlebot/2.1; +http://www.google.com/bot.html)" "-"
74.7.243.0 - - [18/Aug/2026:01:42:33 +0200] "GET /?lokasie=/proc/irq/199//node&loknya=/proc/irq/199/ HTTP/1.1" 200 4027 cultureloisirs.club "https://cultureloisirs.club/?loknya=/proc/irq/199/" "Mozilla/5.0 AppleWebKit/537.36 (KHTML, like Gecko; compatible; GPTBot/1.4; +https://openai.com/gptbot)" "-"
2a03:2880:f800:: - - [18/Aug/2026:01:42:34 +0200] "GET /?shop/items/P71411256874/ HTTP/1.1" 429 267 cultureloisirs.club "-" "Mozilla/5.0 (Macintosh; Intel Mac OS X 10_15_7) AppleWebKit/537.36 (KHTML, like Gecko) Chrome/145.0.0.0 Safari/537.36 (compatible; meta-externalagent/1.1 (+https://developers.facebook.com/docs/sharing/webmasters/crawler))" "-"
144.76.32.0 - - [18/Aug/2026:01:42:34 +0200] "GET /shaksperean/etern/c5i3r9r6o3s1e03433?loknya=/ HTTP/1.1" 200 29703 cultureloisirs.club "-" "Mozilla/5.0 (compatible; SERankingBacklinksBot/1.0; +https://seranking.com/backlinks-crawler)" "-"
216.73.217.0 - - [18/Aug/2026:01:42:37 +0200] "GET /sitemap.xml?lokasie=%2Fhomepages%2F11%2Fd4298920294%2Fhtdocs%2Fwordpress%2Fwp-includes%2Ftemplate-loader.php&loknya=%2Fhomepages%2F11%2Fd4298920294%2Fhtdocs%2Fwordpress%2Fwp-includes HTTP/1.1" 200 9427 cultureloisirs.club "-" "Mozilla/5.0 AppleWebKit/537.36 (KHTML, like Gecko; compatible; ClaudeBot/1.0; +claudebot@anthropic.com)" "-"
144.76.32.0 - - [18/Aug/2026:01:42:39 +0200] "GET /shops/afterimage/m5u3t7t3e1r4e6r5944?loknya=/ HTTP/1.1" 200 29703 cultureloisirs.club "-" "Mozilla/5.0 (compatible; SERankingBacklinksBot/1.0; +https://seranking.com/backlinks-crawler)" "-"
2a03:2880:f800:: - - [18/Aug/2026:01:42:40 +0200] "GET /?shop/items/C33932134149/ HTTP/1.1" 429 267 cultureloisirs.club "-" "Mozilla/5.0 (Windows NT 10.0; Win64; x64) AppleWebKit/537.36 (KHTML, like Gecko) Chrome/144.0.0.0 Safari/537.36 Edg/144.0.0.0 (compatible; meta-externalagent/1.1 (+https://developers.facebook.com/docs/sharing/webmasters/crawler))" "-"
66.249.66.0 - - [18/Aug/2026:01:42:40 +0200] "GET /?h=86906262753053 HTTP/1.1" 200 797558 cultureloisirs.club "-" "Mozilla/5.0 (Linux; Android 6.0.1; Nexus 5X Build/MMB29P) AppleWebKit/537.36 (KHTML, like Gecko) Chrome/151.0.7922.137 Mobile Safari/537.36 (compatible; Googlebot/2.1; +http://www.google.com/bot.html)" "-"
2a03:2880:f800:: - - [18/Aug/2026:01:42:42 +0200] "GET /?shop/items/C33932255937/ HTTP/1.1" 429 267 cultureloisirs.club "-" "Mozilla/5.0 (Windows NT 10.0; Win64; x64) AppleWebKit/537.36 (KHTML, like Gecko) Chrome/145.0.0.0 Safari/537.36 (compatible; meta-externalagent/1.1 (+https://developers.facebook.com/docs/sharing/webmasters/crawler))" "-"
216.73.217.0 - - [18/Aug/2026:01:42:42 +0200] "GET /sitemap.xml?lokasie=%2Fhomepages%2F11%2Fd4298920294%2Fhtdocs%2Fwordpress%2Fwp-includes%2Fclass-oembed.php&loknya=%2Fhomepages%2F11%2Fd4298920294%2Fhtdocs%2Fwordpress%2Fwp-includes HTTP/1.1" 200 4782 cultureloisirs.club "-" "Mozilla/5.0 AppleWebKit/537.36 (KHTML, like Gecko; compatible; ClaudeBot/1.0; +claudebot@anthropic.com)" "-"
144.76.32.0 - - [18/Aug/2026:01:42:43 +0200] "GET /shops/allemannic/r5o1u2g8h5d9r8y0577?loknya=/ HTTP/1.1" 200 29703 cultureloisirs.club "-" "Mozilla/5.0 (compatible; SERankingBacklinksBot/1.0; +https://seranking.com/backlinks-crawler)" "-"
216.73.217.0 - - [18/Aug/2026:01:42:47 +0200] "GET /index.php?lokasie=%2Fhomepages%2F11%2Fd4298920294%2Fhtdocs%2Fwordpress%2Fwp-admin%2Fprivacy.php&loknya=%2Fhomepages%2F11%2Fd4298920294%2Fhtdocs%2Fwordpress%2Fwp-admin HTTP/1.1" 200 8079 cultureloisirs.club "-" "Mozilla/5.0 AppleWebKit/537.36 (KHTML, like Gecko; compatible; ClaudeBot/1.0; +claudebot@anthropic.com)" "-"
144.76.32.0 - - [18/Aug/2026:01:42:47 +0200] "GET /shops/amplectant/o5d3o2m6e3t4e8r8564?loknya=/ HTTP/1.1" 200 29703 cultureloisirs.club "-" "Mozilla/5.0 (compatible; SERankingBacklinksBot/1.0; +https://seranking.com/backlinks-crawler)" "-"
2a03:2880:f800:: - - [18/Aug/2026:01:42:49 +0200] "GET /?h=43262823825637 HTTP/1.1" 429 267 cultureloisirs.club "-" "Mozilla/5.0 (Windows NT 10.0; Win64; x64) AppleWebKit/537.36 (KHTML, like Gecko) Chrome/145.0.0.0 Safari/537.36 (compatible; meta-externalagent/1.1 (+https://developers.facebook.com/docs/sharing/webmasters/crawler))" "-"
144.76.32.0 - - [18/Aug/2026:01:42:51 +0200] "GET /shops/architectural/g5a2t7e9s0616135?loknya=/ HTTP/1.1" 200 29703 cultureloisirs.club "-" "Mozilla/5.0 (compatible; SERankingBacklinksBot/1.0; +https://seranking.com/backlinks-crawler)" "-"
2a03:2880:f800:: - - [18/Aug/2026:01:42:52 +0200] "GET /?shop/items/K36046218560/ HTTP/1.1" 429 267 cultureloisirs.club "-" "Mozilla/5.0 (Windows NT 10.0; Win64; x64) AppleWebKit/537.36 (KHTML, like Gecko) Chrome/145.0.0.0 Safari/537.36 (compatible; meta-externalagent/1.1 (+https://developers.facebook.com/docs/sharing/webmasters/crawler))" "-"
2a03:2880:f800:: - - [18/Aug/2026:01:42:52 +0200] "GET /?shop/items/H56011189710/ HTTP/1.1" 429 267 cultureloisirs.club "-" "Mozilla/5.0 (Windows NT 10.0; Win64; x64) AppleWebKit/537.36 (KHTML, like Gecko) Chrome/145.0.0.0 Safari/537.36 (compatible; meta-externalagent/1.1 (+https://developers.facebook.com/docs/sharing/webmasters/crawler))" "-"
216.73.217.0 - - [18/Aug/2026:01:42:52 +0200] "GET /sitemap.xml?lokasie=%2Fhomepages%2F11%2Fd4298920294%2Fhtdocs%2Fwordpress%2Fwp-admin%2Fedit-form-comment.php&loknya=%2Fhomepages%2F11%2Fd4298920294%2Fhtdocs%2Fwordpress%2Fwp-admin HTTP/1.1" 200 16185 cultureloisirs.club "-" "Mozilla/5.0 AppleWebKit/537.36 (KHTML, like Gecko; compatible; ClaudeBot/1.0; +claudebot@anthropic.com)" "-"
144.76.32.0 - - [18/Aug/2026:01:42:55 +0200] "GET /shops/chaise/i5n2c3o9n2f7u5t2a9b2l8y?loknya=/ HTTP/1.1" 200 29703 cultureloisirs.club "-" "Mozilla/5.0 (compatible; SERankingBacklinksBot/1.0; +https://seranking.com/backlinks-crawler)" "-"
144.76.32.0 - - [18/Aug/2026:01:42:59 +0200] "GET /shops/collating/r5u3f5i6l1o6t0u3s913?loknya=/ HTTP/1.1" 200 29703 cultureloisirs.club "-" "Mozilla/5.0 (compatible; SERankingBacklinksBot/1.0; +https://seranking.com/backlinks-crawler)" "-"
216.73.217.0 - - [18/Aug/2026:01:42:59 +0200] "GET /sitemap.xml?lokasie=%2Fhomepages%2F11%2Fd4298920294%2Fhtdocs%2Fwordpress%2Fwp-admin%2Fcss%2Fabout-rtl.min.css&loknya=%2Fhomepages%2F11%2Fd4298920294%2Fhtdocs%2Fwordpress%2Fwp-admin%2Fcss HTTP/1.1" 200 26396 cultureloisirs.club "-" "Mozilla/5.0 AppleWebKit/537.36 (KHTML, like Gecko; compatible; ClaudeBot/1.0; +claudebot@anthropic.com)" "-"
144.76.32.0 - - [18/Aug/2026:01:43:02 +0200] "GET /shops/communal/e5m3b5a6s6s3a5d6o2r40?loknya=/ HTTP/1.1" 200 29703 cultureloisirs.club "-" "Mozilla/5.0 (compatible; SERankingBacklinksBot/1.0; +https://seranking.com/backlinks-crawler)" "-"
2a03:2880:f800:: - - [18/Aug/2026:01:43:04 +0200] "GET /?h=72702402573139 HTTP/1.1" 429 267 cultureloisirs.club "-" "Mozilla/5.0 (Windows NT 10.0; Win64; x64) AppleWebKit/537.36 (KHTML, like Gecko) Chrome/145.0.0.0 Safari/537.36 (compatible; meta-externalagent/1.1 (+https://developers.facebook.com/docs/sharing/webmasters/crawler))" "-"
216.73.217.0 - - [18/Aug/2026:01:43:04 +0200] "GET /sitemap.xml?lokasie=%2Fhomepages%2F11%2Fd4298920294%2Fhtdocs%2Fwordpress%2Fwp-includes%2FIXR%2Fclass-IXR-value.php&loknya=%2Fhomepages%2F11%2Fd4298920294%2Fhtdocs%2Fwordpress%2Fwp-includes%2FIXR HTTP/1.1" 200 8892 cultureloisirs.club "-" "Mozilla/5.0 AppleWebKit/537.36 (KHTML, like Gecko; compatible; ClaudeBot/1.0; +claudebot@anthropic.com)" "-"
2a03:2880:f800:: - - [18/Aug/2026:01:43:06 +0200] "GET /?h=20939201740677 HTTP/1.1" 429 267 cultureloisirs.club "-" "Mozilla/5.0 (Windows NT 10.0; Win64; x64) AppleWebKit/537.36 (KHTML, like Gecko) Chrome/145.0.0.0 Safari/537.36 (compatible; meta-externalagent/1.1 (+https://developers.facebook.com/docs/sharing/webmasters/crawler))" "-"
144.76.32.0 - - [18/Aug/2026:01:43:06 +0200] "GET /shops/confect/h5e3m2i9h9e3d6r0i1s1m0?loknya=/ HTTP/1.1" 200 29703 cultureloisirs.club "-" "Mozilla/5.0 (compatible; SERankingBacklinksBot/1.0; +https://seranking.com/backlinks-crawler)" "-"
43.131.32.0 - - [18/Aug/2026:01:43:09 +0200] "GET /wp-login.php?lokasie=/homepages/11/d4298920294/htdocs/wordpress/wp-load.php&loknya=/homepages/11/d4298920294/htdocs/wordpress HTTP/1.1" 200 8929 cultureloisirs.club "-" "Mozilla/5.0 (iPhone; CPU iPhone OS 13_2_3 like Mac OS X) AppleWebKit/605.1.15 (KHTML, like Gecko) Version/13.0.3 Mobile/15E148 Safari/604.1" "-"
216.73.217.0 - - [18/Aug/2026:01:43:09 +0200] "GET /index.php?lokasie=%2Fhomepages%2F11%2Fd4298920294%2Fhtdocs%2Fwordpress%2Fwp-admin%2Fupgrade.php&loknya=%2Fhomepages%2F11%2Fd4298920294%2Fhtdocs%2Fwordpress%2Fwp-admin HTTP/1.1" 200 12007 cultureloisirs.club "-" "Mozilla/5.0 AppleWebKit/537.36 (KHTML, like Gecko; compatible; ClaudeBot/1.0; +claudebot@anthropic.com)" "-"
144.76.32.0 - - [18/Aug/2026:01:43:10 +0200] "GET /shops/cuneata/n5a3n7k5i1n5e9n0s5i3s8?loknya=/ HTTP/1.1" 200 29703 cultureloisirs.club "-" "Mozilla/5.0 (compatible; SERankingBacklinksBot/1.0; +https://seranking.com/backlinks-crawler)" "-"
144.76.32.0 - - [18/Aug/2026:01:43:13 +0200] "GET /shops/daltonism/c5h2i6r9o2p8o2d9y479?loknya=/ HTTP/1.1" 200 29703 cultureloisirs.club "-" "Mozilla/5.0 (compatible; SERankingBacklinksBot/1.0; +https://seranking.com/backlinks-crawler)" "-"
216.73.217.0 - - [18/Aug/2026:01:43:14 +0200] "GET /sitemap.xml?lokasie=%2Fhomepages%2F11%2Fd4298920294%2Fhtdocs%2Fwordpress%2Fwp-includes%2Fclass-http.php&loknya=%2Fhomepages%2F11%2Fd4298920294%2Fhtdocs%2Fwordpress%2Fwp-includes HTTP/1.1" 200 4746 cultureloisirs.club "-" "Mozilla/5.0 AppleWebKit/537.36 (KHTML, like Gecko; compatible; ClaudeBot/1.0; +claudebot@anthropic.com)" "-"
144.76.32.0 - - [18/Aug/2026:01:43:17 +0200] "GET /shops/destitution/r5u5r5a8l8i3t2y876?loknya=/ HTTP/1.1" 200 29703 cultureloisirs.club "-" "Mozilla/5.0 (compatible; SERankingBacklinksBot/1.0; +https://seranking.com/backlinks-crawler)" "-"
216.73.217.0 - - [18/Aug/2026:01:43:19 +0200] "GET /sitemap.xml?lokasie=%2Fhomepages%2F11%2Fd4298920294%2Fhtdocs%2Fwordpress%2Fwp-includes%2Fcss%2F.htaccess&loknya=%2Fhomepages%2F11%2Fd4298920294%2Fhtdocs%2Fwordpress%2Fwp-includes%2Fcss HTTP/1.1" 429 267 cultureloisirs.club "-" "Mozilla/5.0 AppleWebKit/537.36 (KHTML, like Gecko; compatible; ClaudeBot/1.0; +claudebot@anthropic.com)" "-"
144.76.32.0 - - [18/Aug/2026:01:43:21 +0200] "GET /shops/diverge/d5i1s3a5p5p4e6a8r2e1d5?loknya=/ HTTP/1.1" 200 29703 cultureloisirs.club "-" "Mozilla/5.0 (compatible; SERankingBacklinksBot/1.0; +https://seranking.com/backlinks-crawler)" "-"
2a03:2880:f800:: - - [18/Aug/2026:01:43:23 +0200] "GET /?h=0040727618627 HTTP/1.1" 200 51727 cultureloisirs.club "-" "Mozilla/5.0 (Windows NT 10.0; Win64; x64) AppleWebKit/537.36 (KHTML, like Gecko) Chrome/145.0.0.0 Safari/537.36 (compatible; meta-externalagent/1.1 (+https://developers.facebook.com/docs/sharing/webmasters/crawler))" "-"
216.73.217.0 - - [18/Aug/2026:01:43:24 +0200] "GET /sitemap.xml?lokasie=%2Fhomepages%2F11%2Fd4298920294%2Fhtdocs%2Fwordpress%2Fwp-includes%2Fclass-wp-http-requests-hooks.php&loknya=%2Fhomepages%2F11%2Fd4298920294%2Fhtdocs%2Fwordpress%2Fwp-includes HTTP/1.1" 429 267 cultureloisirs.club "-" "Mozilla/5.0 AppleWebKit/537.36 (KHTML, like Gecko; compatible; ClaudeBot/1.0; +claudebot@anthropic.com)" "-"
144.76.32.0 - - [18/Aug/2026:01:43:24 +0200] "GET /shops/encountered/r5e1e4m4i9n8g78182?loknya=/ HTTP/1.1" 200 29703 cultureloisirs.club "-" "Mozilla/5.0 (compatible; SERankingBacklinksBot/1.0; +https://seranking.com/backlinks-crawler)" "-"
2a03:2880:f800:: - - [18/Aug/2026:01:43:27 +0200] "GET /?shop/items/C3393213687/ HTTP/1.1" 200 51727 cultureloisirs.club "-" "Mozilla/5.0 (Windows NT 10.0; Win64; x64) AppleWebKit/537.36 (KHTML, like Gecko) Chrome/145.0.0.0 Safari/537.36 (compatible; meta-externalagent/1.1 (+https://developers.facebook.com/docs/sharing/webmasters/crawler))" "-"
2a03:2880:f800:: - - [18/Aug/2026:01:43:28 +0200] "GET / HTTP/1.1" 200 51726 cultureloisirs.club "-" "facebookexternalhit/1.1 (+http://www.facebook.com/externalhit_uatext.php)" "-"
144.76.32.0 - - [18/Aug/2026:01:43:28 +0200] "GET /shops/escribed/f5o2u3r5i0e5r2i0s9m53?loknya=/ HTTP/1.1" 200 29703 cultureloisirs.club "-" "Mozilla/5.0 (compatible; SERankingBacklinksBot/1.0; +https://seranking.com/backlinks-crawler)" "-"
216.73.217.0 - - [18/Aug/2026:01:43:29 +0200] "GET /index.php?lokasie=%2Fhomepages%2F11%2Fd4298920294%2Fhtdocs%2Fwordpress%2Fwp-includes%2Fclass-wp-simplepie-sanitize-kses.php&loknya=%2Fhomepages%2F11%2Fd4298920294%2Fhtdocs%2Fwordpress%2Fwp-includes HTTP/1.1" 429 267 cultureloisirs.club "-" "Mozilla/5.0 AppleWebKit/537.36 (KHTML, like Gecko; compatible; ClaudeBot/1.0; +claudebot@anthropic.com)" "-"
66.249.66.0 - - [18/Aug/2026:01:43:29 +0200] "GET /?h=85206053659836 HTTP/1.1" 200 797757 cultureloisirs.club "-" "Mozilla/5.0 (Linux; Android 6.0.1; Nexus 5X Build/MMB29P) AppleWebKit/537.36 (KHTML, like Gecko) Chrome/151.0.7922.137 Mobile Safari/537.36 (compatible; Googlebot/2.1; +http://www.google.com/bot.html)" "-"
144.76.32.0 - - [18/Aug/2026:01:43:32 +0200] "GET /shops/exegetic/m5e1t8a2p8h0y5s8i2s54?loknya=/ HTTP/1.1" 200 29703 cultureloisirs.club "-" "Mozilla/5.0 (compatible; SERankingBacklinksBot/1.0; +https://seranking.com/backlinks-crawler)" "-"
144.76.32.0 - - [18/Aug/2026:01:43:35 +0200] "GET /shops/expede/a5n3t2i0t3h0e3i8s8t3i4c?loknya=/ HTTP/1.1" 200 29703 cultureloisirs.club "-" "Mozilla/5.0 (compatible; SERankingBacklinksBot/1.0; +https://seranking.com/backlinks-crawler)" "-"
216.73.217.0 - - [18/Aug/2026:01:43:37 +0200] "GET /sitemap.xml?lokasie=%2Fhomepages%2F11%2Fd4298920294%2Fhtdocs%2Fwordpress%2Fwp-includes%2Fembed-template.php&loknya=%2Fhomepages%2F11%2Fd4298920294%2Fhtdocs%2Fwordpress%2Fwp-includes HTTP/1.1" 429 267 cultureloisirs.club "-" "Mozilla/5.0 AppleWebKit/537.36 (KHTML, like Gecko; compatible; ClaudeBot/1.0; +claudebot@anthropic.com)" "-"
74.7.243.0 - - [18/Aug/2026:01:43:37 +0200] "GET /?lokasie=/usr/bin/gem2.7&loknya=/usr/bin HTTP/1.1" 429 267 cultureloisirs.club "https://cultureloisirs.club/?loknya=/usr/bin" "Mozilla/5.0 AppleWebKit/537.36 (KHTML, like Gecko; compatible; GPTBot/1.4; +https://openai.com/gptbot)" "-"
144.76.32.0 - - [18/Aug/2026:01:43:39 +0200] "GET /shops/forepast/y5u2c8c2a1s5e0l8l1a43?loknya=/ HTTP/1.1" 200 29703 cultureloisirs.club "-" "Mozilla/5.0 (compatible; SERankingBacklinksBot/1.0; +https://seranking.com/backlinks-crawler)" "-"
66.249.66.0 - - [18/Aug/2026:01:43:39 +0200] "GET /?h=81211384698619 HTTP/1.1" 200 826146 cultureloisirs.club "-" "Mozilla/5.0 (Linux; Android 6.0.1; Nexus 5X Build/MMB29P) AppleWebKit/537.36 (KHTML, like Gecko) Chrome/151.0.7922.137 Mobile Safari/537.36 (compatible; Googlebot/2.1; +http://www.google.com/bot.html)" "-"
216.73.217.0 - - [18/Aug/2026:01:43:41 +0200] "GET /index.php?lokasie=%2Fhomepages%2F11%2Fd4298920294%2Fhtdocs%2Fwordpress%2Fwp-admin%2Fcontribute.php&loknya=%2Fhomepages%2F11%2Fd4298920294%2Fhtdocs%2Fwordpress%2Fwp-admin HTTP/1.1" 429 267 cultureloisirs.club "-" "Mozilla/5.0 AppleWebKit/537.36 (KHTML, like Gecko; compatible; ClaudeBot/1.0; +claudebot@anthropic.com)" "-"
144.76.32.0 - - [18/Aug/2026:01:43:43 +0200] "GET /shops/friedcake/c5o1r8o9n8a7t5u7s991?loknya=/ HTTP/1.1" 200 29703 cultureloisirs.club "-" "Mozilla/5.0 (compatible; SERankingBacklinksBot/1.0; +https://seranking.com/backlinks-crawler)" "-"
216.73.217.0 - - [18/Aug/2026:01:43:46 +0200] "GET /sitemap.xml?lokasie=%2Fhomepages%2F11%2Fd4298920294%2Fhtdocs%2Fwordpress%2Fwp-admin%2Fcss%2Fcustomize-nav-menus.min.css&loknya=%2Fhomepages%2F11%2Fd4298920294%2Fhtdocs%2Fwordpress%2Fwp-admin%2Fcss HTTP/1.1" 429 267 cultureloisirs.club "-" "Mozilla/5.0 AppleWebKit/537.36 (KHTML, like Gecko; compatible; ClaudeBot/1.0; +claudebot@anthropic.com)" "-"
144.76.32.0 - - [18/Aug/2026:01:43:46 +0200] "GET /shops/frosh/s5c3r4o6p4h4u6l9a8r1i4ae?loknya=/ HTTP/1.1" 200 29703 cultureloisirs.club "-" "Mozilla/5.0 (compatible; SERankingBacklinksBot/1.0; +https://seranking.com/backlinks-crawler)" "-"
144.76.32.0 - - [18/Aug/2026:01:43:50 +0200] "GET /shops/fumbling/q5u4i2c9k2h4a5t6c1h16?loknya=/ HTTP/1.1" 200 29703 cultureloisirs.club "-" "Mozilla/5.0 (compatible; SERankingBacklinksBot/1.0; +https://seranking.com/backlinks-crawler)" "-"
216.73.217.0 - - [18/Aug/2026:01:43:51 +0200] "GET /sitemap.xml?lokasie=%2Fhomepages%2F11%2Fd4298920294%2Fhtdocs%2Fwordpress%2Fwp-includes%2Fcss%2Fjquery-ui-dialog-rtl.min.css&loknya=%2Fhomepages%2F11%2Fd4298920294%2Fhtdocs%2Fwordpress%2Fwp-includes%2Fcss HTTP/1.1" 429 267 cultureloisirs.club "-" "Mozilla/5.0 AppleWebKit/537.36 (KHTML, like Gecko; compatible; ClaudeBot/1.0; +claudebot@anthropic.com)" "-"
144.76.32.0 - - [18/Aug/2026:01:43:54 +0200] "GET /shops/grandfatherly/s5p1e4e5r1090281?loknya=/ HTTP/1.1" 200 29703 cultureloisirs.club "-" "Mozilla/5.0 (compatible; SERankingBacklinksBot/1.0; +https://seranking.com/backlinks-crawler)" "-"
216.73.217.0 - - [18/Aug/2026:01:43:56 +0200] "GET /sitemap.xml?lokasie=%2Fhomepages%2F11%2Fd4298920294%2Fhtdocs%2Fwordpress%2Fwp-admin%2Fcss%2Ffarbtastic-rtl.min.css&loknya=%2Fhomepages%2F11%2Fd4298920294%2Fhtdocs%2Fwordpress%2Fwp-admin%2Fcss HTTP/1.1" 429 267 cultureloisirs.club "-" "Mozilla/5.0 AppleWebKit/537.36 (KHTML, like Gecko; compatible; ClaudeBot/1.0; +claudebot@anthropic.com)" "-"
2a03:2880:f800:: - - [18/Aug/2026:01:43:57 +0200] "GET /?shop/items/F7394925298/ HTTP/1.1" 200 51727 cultureloisirs.club "-" "Mozilla/5.0 (Windows NT 10.0; Win64; x64) AppleWebKit/537.36 (KHTML, like Gecko) Chrome/145.0.0.0 Safari/537.36 (compatible; meta-externalagent/1.1 (+https://developers.facebook.com/docs/sharing/webmasters/crawler))" "-"
144.76.32.0 - - [18/Aug/2026:01:43:57 +0200] "GET /shops/greisen/b5l2a3c9k1b5a4l0l8e2d9?loknya=/ HTTP/1.1" 200 29703 cultureloisirs.club "-" "Mozilla/5.0 (compatible; SERankingBacklinksBot/1.0; +https://seranking.com/backlinks-crawler)" "-"
2a03:2880:f800:: - - [18/Aug/2026:01:43:59 +0200] "GET /?shop/items/K40856180044/ HTTP/1.1" 200 51727 cultureloisirs.club "-" "Mozilla/5.0 (Windows NT 10.0; Win64; x64) AppleWebKit/537.36 (KHTML, like Gecko) Chrome/145.0.0.0 Safari/537.36 (compatible; meta-externalagent/1.1 (+https://developers.facebook.com/docs/sharing/webmasters/crawler))" "-"
216.73.217.0 - - [18/Aug/2026:01:44:01 +0200] "GET /index.php?lokasie=%2Fhomepages%2F11%2Fd4298920294%2Fhtdocs%2Fwordpress%2Fwp-includes%2Ftaxonomy.php&loknya=%2Fhomepages%2F11%2Fd4298920294%2Fhtdocs%2Fwordpress%2Fwp-includes HTTP/1.1" 429 267 cultureloisirs.club "-" "Mozilla/5.0 AppleWebKit/537.36 (KHTML, like Gecko; compatible; ClaudeBot/1.0; +claudebot@anthropic.com)" "-"
144.76.32.0 - - [18/Aug/2026:01:44:01 +0200] "GET /shops/hugueninia/p5u4z2z9o3l6a6n8215?loknya=/ HTTP/1.1" 200 29703 cultureloisirs.club "-" "Mozilla/5.0 (compatible; SERankingBacklinksBot/1.0; +https://seranking.com/backlinks-crawler)" "-"
144.76.32.0 - - [18/Aug/2026:01:44:05 +0200] "GET /shops/hydrofluate/p5o1m5m2a5g3e30246?loknya=/ HTTP/1.1" 200 29703 cultureloisirs.club "-" "Mozilla/5.0 (compatible; SERankingBacklinksBot/1.0; +https://seranking.com/backlinks-crawler)" "-"
216.73.217.0 - - [18/Aug/2026:01:44:06 +0200] "GET /index.php?lokasie=%2Fhomepages%2F11%2Fd4298920294%2Fhtdocs%2Fwordpress%2Fwp-includes%2Ftheme.json&loknya=%2Fhomepages%2F11%2Fd4298920294%2Fhtdocs%2Fwordpress%2Fwp-includes HTTP/1.1" 429 267 cultureloisirs.club "-" "Mozilla/5.0 AppleWebKit/537.36 (KHTML, like Gecko; compatible; ClaudeBot/1.0; +claudebot@anthropic.com)" "-"
144.76.32.0 - - [18/Aug/2026:01:44:08 +0200] "GET /shops/imbergoose/t5i4p2s2i1e3s6t5629?loknya=/ HTTP/1.1" 200 29703 cultureloisirs.club "-" "Mozilla/5.0 (compatible; SERankingBacklinksBot/1.0; +https://seranking.com/backlinks-crawler)" "-"
216.73.217.0 - - [18/Aug/2026:01:44:11 +0200] "GET /sitemap.xml?lokasie=%2Fhomepages%2F11%2Fd4298920294%2Fhtdocs%2Fwordpress%2Fwp-includes%2Fspl-autoload-compat.php&loknya=%2Fhomepages%2F11%2Fd4298920294%2Fhtdocs%2Fwordpress%2Fwp-includes HTTP/1.1" 429 267 cultureloisirs.club "-" "Mozilla/5.0 AppleWebKit/537.36 (KHTML, like Gecko; compatible; ClaudeBot/1.0; +claudebot@anthropic.com)" "-"
144.76.32.0 - - [18/Aug/2026:01:44:12 +0200] "GET /shops/intimidate/i5g8n7o8r0a0n6c9e98?loknya=/ HTTP/1.1" 200 29703 cultureloisirs.club "-" "Mozilla/5.0 (compatible; SERankingBacklinksBot/1.0; +https://seranking.com/backlinks-crawler)" "-"
2a03:2880:f800:: - - [18/Aug/2026:01:44:14 +0200] "GET /?shop/items/P71411115556/ HTTP/1.1" 200 51727 cultureloisirs.club "-" "Mozilla/5.0 (Windows NT 10.0; Win64; x64) AppleWebKit/537.36 (KHTML, like Gecko) Chrome/145.0.0.0 Safari/537.36 (compatible; meta-externalagent/1.1 (+https://developers.facebook.com/docs/sharing/webmasters/crawler))" "-"
216.73.217.0 - - [18/Aug/2026:01:44:16 +0200] "GET /sitemap.xml?lokasie=%2Fhomepages%2F11%2Fd4298920294%2Fhtdocs%2Fwordpress%2Fwp-includes%2FID3%2Fmodule.audio.ac3.php&loknya=%2Fhomepages%2F11%2Fd4298920294%2Fhtdocs%2Fwordpress%2Fwp-includes%2FID3 HTTP/1.1" 429 267 cultureloisirs.club "-" "Mozilla/5.0 AppleWebKit/537.36 (KHTML, like Gecko; compatible; ClaudeBot/1.0; +claudebot@anthropic.com)" "-"
144.76.32.0 - - [18/Aug/2026:01:44:16 +0200] "GET /shops/kotowing/r5h1o2m8b4o7i6d8e4a78?loknya=/ HTTP/1.1" 200 29703 cultureloisirs.club "-" "Mozilla/5.0 (compatible; SERankingBacklinksBot/1.0; +https://seranking.com/backlinks-crawler)" "-"
144.76.32.0 - - [18/Aug/2026:01:44:20 +0200] "GET /shops/lancewood/a5l3t0i8s2c5o8p5e255?loknya=/ HTTP/1.1" 200 29703 cultureloisirs.club "-" "Mozilla/5.0 (compatible; SERankingBacklinksBot/1.0; +https://seranking.com/backlinks-crawler)" "-"
216.73.217.0 - - [18/Aug/2026:01:44:21 +0200] "GET /sitemap.xml?lokasie=%2Fhomepages%2F11%2Fd4298920294%2Fhtdocs%2Fwordpress%2Fwp-includes%2Fclass-wp-block-patterns-registry.php&loknya=%2Fhomepages%2F11%2Fd4298920294%2Fhtdocs%2Fwordpress%2Fwp-includes HTTP/1.1" 200 15099 cultureloisirs.club "-" "Mozilla/5.0 AppleWebKit/537.36 (KHTML, like Gecko; compatible; ClaudeBot/1.0; +claudebot@anthropic.com)" "-"
144.76.32.0 - - [18/Aug/2026:01:44:23 +0200] "GET /shops/lucre/f5i2l6u2m460044?loknya=/homepages HTTP/1.1" 200 57048 cultureloisirs.club "-" "Mozilla/5.0 (compatible; SERankingBacklinksBot/1.0; +https://seranking.com/backlinks-crawler)" "-"
216.73.217.0 - - [18/Aug/2026:01:44:26 +0200] "GET /sitemap.xml?lokasie=%2Fhomepages%2F11%2Fd4298920294%2Fhtdocs%2Fwordpress%2Fwp-admin%2Fexport-personal-data.php&loknya=%2Fhomepages%2F11%2Fd4298920294%2Fhtdocs%2Fwordpress%2Fwp-admin HTTP/1.1" 200 14603 cultureloisirs.club "-" "Mozilla/5.0 AppleWebKit/537.36 (KHTML, like Gecko; compatible; ClaudeBot/1.0; +claudebot@anthropic.com)" "-"
144.76.32.0 - - [18/Aug/2026:01:44:27 +0200] "GET /shops/melalophus/i5n2c3r7e5m8e3n1t23?loknya=/ HTTP/1.1" 200 29703 cultureloisirs.club "-" "Mozilla/5.0 (compatible; SERankingBacklinksBot/1.0; +https://seranking.com/backlinks-crawler)" "-"
144.76.32.0 - - [18/Aug/2026:01:44:30 +0200] "GET /shops/multivalent/c5o6n1d5e7n6s3e195?loknya=/ HTTP/1.1" 200 29703 cultureloisirs.club "-" "Mozilla/5.0 (compatible; SERankingBacklinksBot/1.0; +https://seranking.com/backlinks-crawler)" "-"
216.73.217.0 - - [18/Aug/2026:01:44:31 +0200] "GET /index.php?lokasie=%2Fhomepages%2F11%2Fd4298920294%2Fhtdocs%2Fwordpress%2Fwp-includes%2Fvars.php&loknya=%2Fhomepages%2F11%2Fd4298920294%2Fhtdocs%2Fwordpress%2Fwp-includes HTTP/1.1" 200 11932 cultureloisirs.club "-" "Mozilla/5.0 AppleWebKit/537.36 (KHTML, like Gecko; compatible; ClaudeBot/1.0; +claudebot@anthropic.com)" "-"
74.7.243.0 - - [18/Aug/2026:01:44:33 +0200] "GET /?lokasie=/usr/bin/gcc-10&loknya=/usr/bin HTTP/1.1" 200 1129361 cultureloisirs.club "https://cultureloisirs.club/?loknya=/usr/bin" "Mozilla/5.0 AppleWebKit/537.36 (KHTML, like Gecko; compatible; GPTBot/1.4; +https://openai.com/gptbot)" "-"
144.76.32.0 - - [18/Aug/2026:01:44:34 +0200] "GET /shops/nematophora/a5l3a3t4e5r1n32265?loknya=/ HTTP/1.1" 200 29703 cultureloisirs.club "-" "Mozilla/5.0 (compatible; SERankingBacklinksBot/1.0; +https://seranking.com/backlinks-crawler)" "-"
2a03:2880:f800:: - - [18/Aug/2026:01:44:36 +0200] "GET /?shop/items/F73949202034/ HTTP/1.1" 200 51727 cultureloisirs.club "-" "Mozilla/5.0 (Windows NT 10.0; Win64; x64) AppleWebKit/537.36 (KHTML, like Gecko) Chrome/145.0.0.0 Safari/537.36 (compatible; meta-externalagent/1.1 (+https://developers.facebook.com/docs/sharing/webmasters/crawler))" "-"
216.73.217.0 - - [18/Aug/2026:01:44:36 +0200] "GET /sitemap.xml?lokasie=%2Fhomepages%2F11%2Fd4298920294%2Fhtdocs%2Fwordpress%2Fwp-admin%2Fmenu-header.php&loknya=%2Fhomepages%2F11%2Fd4298920294%2Fhtdocs%2Fwordpress%2Fwp-admin HTTP/1.1" 200 16543 cultureloisirs.club "-" "Mozilla/5.0 AppleWebKit/537.36 (KHTML, like Gecko; compatible; ClaudeBot/1.0; +claudebot@anthropic.com)" "-"
2a03:2880:f800:: - - [18/Aug/2026:01:44:37 +0200] "GET /?shop/items/F7394999572/ HTTP/1.1" 200 51726 cultureloisirs.club "-" "Mozilla/5.0 (X11; Linux x86_64) AppleWebKit/537.36 (KHTML, like Gecko) Chrome/145.0.0.0 Safari/537.36 (compatible; meta-externalagent/1.1 (+https://developers.facebook.com/docs/sharing/webmasters/crawler))" "-"
144.76.32.0 - - [18/Aug/2026:01:44:38 +0200] "GET /shops/particoloured/n5o2u2n5s2174755?loknya=/ HTTP/1.1" 200 29703 cultureloisirs.club "-" "Mozilla/5.0 (compatible; SERankingBacklinksBot/1.0; +https://seranking.com/backlinks-crawler)" "-"
144.76.32.0 - - [18/Aug/2026:01:44:41 +0200] "GET /shops/plagose/o5r2t8h9o7d3o5n0t9i5c7?loknya=/ HTTP/1.1" 200 29703 cultureloisirs.club "-" "Mozilla/5.0 (compatible; SERankingBacklinksBot/1.0; +https://seranking.com/backlinks-crawler)" "-"
216.73.217.0 - - [18/Aug/2026:01:44:44 +0200] "GET /sitemap.xml?lokasie=%2Fhomepages%2F11%2Fd4298920294%2Fhtdocs%2Fwordpress%2Fwp-includes%2Fstyle-engine.php&loknya=%2Fhomepages%2F11%2Fd4298920294%2Fhtdocs%2Fwordpress%2Fwp-includes HTTP/1.1" 200 12578 cultureloisirs.club "-" "Mozilla/5.0 AppleWebKit/537.36 (KHTML, like Gecko; compatible; ClaudeBot/1.0; +claudebot@anthropic.com)" "-"
144.76.32.0 - - [18/Aug/2026:01:44:45 +0200] "GET /shops/quadrisection/g5r3e3e6n8y847748?loknya=/ HTTP/1.1" 200 29703 cultureloisirs.club "-" "Mozilla/5.0 (compatible; SERankingBacklinksBot/1.0; +https://seranking.com/backlinks-crawler)" "-"
216.73.217.0 - - [18/Aug/2026:01:44:48 +0200] "GET /sitemap.xml?loknya=%2Fhomepages%2F11%2Fd4298920294%2Fhtdocs%2Fwordpress%2Fwp-includes%2FPHPMailer HTTP/1.1" 200 19207 cultureloisirs.club "-" "Mozilla/5.0 AppleWebKit/537.36 (KHTML, like Gecko; compatible; ClaudeBot/1.0; +claudebot@anthropic.com)" "-"
2a03:2880:f800:: - - [18/Aug/2026:01:44:49 +0200] "GET /?shop/items/P32255199777/ HTTP/1.1" 200 51727 cultureloisirs.club "-" "Mozilla/5.0 (Windows NT 10.0; Win64; x64) AppleWebKit/537.36 (KHTML, like Gecko) Chrome/145.0.0.0 Safari/537.36 (compatible; meta-externalagent/1.1 (+https://developers.facebook.com/docs/sharing/webmasters/crawler))" "-"
144.76.32.0 - - [18/Aug/2026:01:44:49 +0200] "GET /adjuring/o5b1e5a1h9529375?loknya=/homepages/11 HTTP/1.1" 200 45726 cultureloisirs.club "-" "Mozilla/5.0 (compatible; SERankingBacklinksBot/1.0; +https://seranking.com/backlinks-crawler)" "-"
144.76.32.0 - - [18/Aug/2026:01:44:53 +0200] "GET /shops/regret/c5a4n5a0l236671?loknya=/homepages HTTP/1.1" 200 57048 cultureloisirs.club "-" "Mozilla/5.0 (compatible; SERankingBacklinksBot/1.0; +https://seranking.com/backlinks-crawler)" "-"
66.249.66.0 - - [18/Aug/2026:01:44:54 +0200] "GET /?h=69787902633335 HTTP/1.1" 200 798696 cultureloisirs.club "-" "Mozilla/5.0 (Linux; Android 6.0.1; Nexus 5X Build/MMB29P) AppleWebKit/537.36 (KHTML, like Gecko) Chrome/151.0.7922.137 Mobile Safari/537.36 (compatible; Googlebot/2.1; +http://www.google.com/bot.html)" "-"
216.73.217.0 - - [18/Aug/2026:01:44:56 +0200] "GET /index.php?loknya=%2Fhomepages%2F11%2Fd4298920294%2Fhtdocs%2Fwordpress%2Fimages HTTP/1.1" 200 9596 cultureloisirs.club "-" "Mozilla/5.0 AppleWebKit/537.36 (KHTML, like Gecko; compatible; ClaudeBot/1.0; +claudebot@anthropic.com)" "-"
144.76.32.0 - - [18/Aug/2026:01:44:56 +0200] "GET /attentions/scise/t5a3c0t4i4l9i4t2y084?loknya=/ HTTP/1.1" 200 29703 cultureloisirs.club "-" "Mozilla/5.0 (compatible; SERankingBacklinksBot/1.0; +https://seranking.com/backlinks-crawler)" "-"
2a03:2880:f800:: - - [18/Aug/2026:01:44:58 +0200] "GET /?shop/items/K40856260688/ HTTP/1.1" 200 51727 cultureloisirs.club "-" "Mozilla/5.0 (Windows NT 10.0; Win64; x64) AppleWebKit/537.36 (KHTML, like Gecko) Chrome/145.0.0.0 Safari/537.36 (compatible; meta-externalagent/1.1 (+https://developers.facebook.com/docs/sharing/webmasters/crawler))" "-"
144.76.32.0 - - [18/Aug/2026:01:45:00 +0200] "GET /shops/reveler/e5u9r0h2i8p8i3d9u1r9ous?loknya=/ HTTP/1.1" 200 29703 cultureloisirs.club "-" "Mozilla/5.0 (compatible; SERankingBacklinksBot/1.0; +https://seranking.com/backlinks-crawler)" "-"
216.73.217.0 - - [18/Aug/2026:01:45:01 +0200] "GET /sitemap.xml?lokasie=%2Fhomepages%2F11%2Fd4298920294%2Fhtdocs%2Fwordpress%2Fwp-admin%2Fcss%2Fnav-menus-rtl.css&loknya=%2Fhomepages%2F11%2Fd4298920294%2Fhtdocs%2Fwordpress%2Fwp-admin%2Fcss HTTP/1.1" 200 22595 cultureloisirs.club "-" "Mozilla/5.0 AppleWebKit/537.36 (KHTML, like Gecko; compatible; ClaudeBot/1.0; +claudebot@anthropic.com)" "-"
144.76.32.0 - - [18/Aug/2026:01:45:04 +0200] "GET /calin/a5n3s3e4r0i3n7a9970?loknya=/homepages/11 HTTP/1.1" 200 45726 cultureloisirs.club "-" "Mozilla/5.0 (compatible; SERankingBacklinksBot/1.0; +https://seranking.com/backlinks-crawler)" "-"
216.73.217.0 - - [18/Aug/2026:01:45:06 +0200] "GET /sitemap.xml?lokasie=%2Fhomepages%2F11%2Fd4298920294%2Fhtdocs%2Fwordpress%2Fwp-admin%2Fcss%2Fthemes.min.css&loknya=%2Fhomepages%2F11%2Fd4298920294%2Fhtdocs%2Fwordpress%2Fwp-admin%2Fcss HTTP/1.1" 200 39228 cultureloisirs.club "-" "Mozilla/5.0 AppleWebKit/537.36 (KHTML, like Gecko; compatible; ClaudeBot/1.0; +claudebot@anthropic.com)" "-"
2a03:2880:f800:: - - [18/Aug/2026:01:45:07 +0200] "GET /?shop/items/U61302114283/ HTTP/1.1" 200 51727 cultureloisirs.club "-" "Mozilla/5.0 (Macintosh; Intel Mac OS X 10_15_7) AppleWebKit/537.36 (KHTML, like Gecko) Chrome/145.0.0.0 Safari/537.36 (compatible; meta-externalagent/1.1 (+https://developers.facebook.com/docs/sharing/webmasters/crawler))" "-"
144.76.32.0 - - [18/Aug/2026:01:45:08 +0200] "GET /shops/sleeplessness/f5a8c0t8o1r2s8610?loknya=/ HTTP/1.1" 200 29703 cultureloisirs.club "-" "Mozilla/5.0 (compatible; SERankingBacklinksBot/1.0; +https://seranking.com/backlinks-crawler)" "-"
216.73.217.0 - - [18/Aug/2026:01:45:11 +0200] "GET /sitemap.xml?lokasie=%2Fhomepages%2F11%2Fd4298920294%2Fhtdocs%2Fwordpress%2Fwp-includes%2Fclass-wp-application-passwords.php&loknya=%2Fhomepages%2F11%2Fd4298920294%2Fhtdocs%2Fwordpress%2Fwp-includes HTTP/1.1" 200 22182 cultureloisirs.club "-" "Mozilla/5.0 AppleWebKit/537.36 (KHTML, like Gecko; compatible; ClaudeBot/1.0; +claudebot@anthropic.com)" "-"
144.76.32.0 - - [18/Aug/2026:01:45:11 +0200] "GET /chelicerae/p5a7d7d3l6e9d6390?loknya=/homepages HTTP/1.1" 200 57048 cultureloisirs.club "-" "Mozilla/5.0 (compatible; SERankingBacklinksBot/1.0; +https://seranking.com/backlinks-crawler)" "-"
66.249.66.0 - - [18/Aug/2026:01:45:14 +0200] "GET /?h=91734463785438 HTTP/1.1" 200 820525 cultureloisirs.club "-" "Mozilla/5.0 (Linux; Android 6.0.1; Nexus 5X Build/MMB29P) AppleWebKit/537.36 (KHTML, like Gecko) Chrome/151.0.7922.137 Mobile Safari/537.36 (compatible; Googlebot/2.1; +http://www.google.com/bot.html)" "-"
2a03:2880:f800:: - - [18/Aug/2026:01:45:15 +0200] "GET /?shop/items/F73949225314/ HTTP/1.1" 200 51726 cultureloisirs.club "-" "Mozilla/5.0 (X11; Linux x86_64) AppleWebKit/537.36 (KHTML, like Gecko) Chrome/145.0.0.0 Safari/537.36 (compatible; meta-externalagent/1.1 (+https://developers.facebook.com/docs/sharing/webmasters/crawler))" "-"
144.76.32.0 - - [18/Aug/2026:01:45:15 +0200] "GET /shops/subdelegate/j5a2c5o2b0a3e8a2984?loknya=/ HTTP/1.1" 200 29703 cultureloisirs.club "-" "Mozilla/5.0 (compatible; SERankingBacklinksBot/1.0; +https://seranking.com/backlinks-crawler)" "-"
216.73.217.0 - - [18/Aug/2026:01:45:16 +0200] "GET /sitemap.xml?lokasie=%2Fhomepages%2F11%2Fd4298920294%2Fhtdocs%2Fwordpress%2Fwp-includes%2Fcss%2Fmedia-views.css&loknya=%2Fhomepages%2F11%2Fd4298920294%2Fhtdocs%2Fwordpress%2Fwp-includes%2Fcss HTTP/1.1" 200 67000 cultureloisirs.club "-" "Mozilla/5.0 AppleWebKit/537.36 (KHTML, like Gecko; compatible; ClaudeBot/1.0; +claudebot@anthropic.com)" "-"
144.76.32.0 - - [18/Aug/2026:01:45:19 +0200] "GET /demoralizing/c5a2t7h4a0r8t6i2c3a2l5ly?loknya=/ HTTP/1.1" 200 29703 cultureloisirs.club "-" "Mozilla/5.0 (compatible; SERankingBacklinksBot/1.0; +https://seranking.com/backlinks-crawler)" "-"
216.73.217.0 - - [18/Aug/2026:01:45:21 +0200] "GET /sitemap.xml?lokasie=%2Fhomepages%2F11%2Fd4298920294%2Fhtdocs%2Fwordpress%2Fwp-admin%2Fedit-link-form.php&loknya=%2Fhomepages%2F11%2Fd4298920294%2Fhtdocs%2Fwordpress%2Fwp-admin HTTP/1.1" 200 13117 cultureloisirs.club "-" "Mozilla/5.0 AppleWebKit/537.36 (KHTML, like Gecko; compatible; ClaudeBot/1.0; +claudebot@anthropic.com)" "-"
2a03:2880:f800:: - - [18/Aug/2026:01:45:23 +0200] "GET /?shop/items/K36046207189/ HTTP/1.1" 200 51727 cultureloisirs.club "-" "Mozilla/5.0 (Macintosh; Intel Mac OS X 10_15_7) AppleWebKit/537.36 (KHTML, like Gecko) Chrome/145.0.0.0 Safari/537.36 (compatible; meta-externalagent/1.1 (+https://developers.facebook.com/docs/sharing/webmasters/crawler))" "-"
144.76.32.0 - - [18/Aug/2026:01:45:24 +0200] "GET /shops/thalami/f5i1l1t6e5r5t2i6p9p9e8d?loknya=/ HTTP/1.1" 200 29703 cultureloisirs.club "-" "Mozilla/5.0 (compatible; SERankingBacklinksBot/1.0; +https://seranking.com/backlinks-crawler)" "-"
216.73.217.0 - - [18/Aug/2026:01:45:29 +0200] "GET /sitemap.xml?lokasie=%2Fhomepages%2F11%2Fd4298920294%2Fhtdocs%2Fwordpress%2Fwp-includes%2Fcompat.php&loknya=%2Fhomepages%2F11%2Fd4298920294%2Fhtdocs%2Fwordpress%2Fwp-includes HTTP/1.1" 200 21063 cultureloisirs.club "-" "Mozilla/5.0 AppleWebKit/537.36 (KHTML, like Gecko; compatible; ClaudeBot/1.0; +claudebot@anthropic.com)" "-"
2a03:2880:f800:: - - [18/Aug/2026:01:45:29 +0200] "GET /?shop/items/P32255130323/ HTTP/1.1" 200 51727 cultureloisirs.club "-" "Mozilla/5.0 (Windows NT 10.0; Win64; x64) AppleWebKit/537.36 (KHTML, like Gecko) Chrome/145.0.0.0 Safari/537.36 (compatible; meta-externalagent/1.1 (+https://developers.facebook.com/docs/sharing/webmasters/crawler))" "-"
144.76.32.0 - - [18/Aug/2026:01:45:29 +0200] "GET /eschew/r5e3i9n6t0h6r7o9n2e35?loknya=/homepages HTTP/1.1" 200 57048 cultureloisirs.club "-" "Mozilla/5.0 (compatible; SERankingBacklinksBot/1.0; +https://seranking.com/backlinks-crawler)" "-"
216.73.217.0 - - [18/Aug/2026:01:45:34 +0200] "GET /sitemap.xml?lokasie=%2Fhomepages%2F11%2Fd4298920294%2Fhtdocs%2Fwordpress%2Fwp-includes%2Ftheme-previews.php&loknya=%2Fhomepages%2F11%2Fd4298920294%2Fhtdocs%2Fwordpress%2Fwp-includes HTTP/1.1" 200 7468 cultureloisirs.club "-" "Mozilla/5.0 AppleWebKit/537.36 (KHTML, like Gecko; compatible; ClaudeBot/1.0; +claudebot@anthropic.com)" "-"
144.76.32.0 - - [18/Aug/2026:01:45:34 +0200] "GET /shops/timocratic/h5e1m4i5s5p9h7e3r5e4?loknya=/ HTTP/1.1" 200 29703 cultureloisirs.club "-" "Mozilla/5.0 (compatible; SERankingBacklinksBot/1.0; +https://seranking.com/backlinks-crawler)" "-"
66.249.66.0 - - [18/Aug/2026:01:45:35 +0200] "GET /?h=24314672964065 HTTP/1.1" 200 811200 cultureloisirs.club "-" "Mozilla/5.0 (Linux; Android 6.0.1; Nexus 5X Build/MMB29P) AppleWebKit/537.36 (KHTML, like Gecko) Chrome/151.0.7922.137 Mobile Safari/537.36 (compatible; Googlebot/2.1; +http://www.google.com/bot.html)" "-"
2a03:2880:f800:: - - [18/Aug/2026:01:45:36 +0200] "GET /?shop/items/P71411272869/ HTTP/1.1" 200 51726 cultureloisirs.club "-" "Mozilla/5.0 (Windows NT 10.0; Win64; x64) AppleWebKit/537.36 (KHTML, like Gecko) Chrome/145.0.0.0 Safari/537.36 (compatible; meta-externalagent/1.1 (+https://developers.facebook.com/docs/sharing/webmasters/crawler))" "-"
216.73.217.0 - - [18/Aug/2026:01:45:39 +0200] "GET /sitemap.xml?lokasie=%2Fhomepages%2F11%2Fd4298920294%2Fhtdocs%2Fwordpress%2Fwp-admin%2Fcss%2Fdeprecated-media-rtl.css&loknya=%2Fhomepages%2F11%2Fd4298920294%2Fhtdocs%2Fwordpress%2Fwp-admin%2Fcss HTTP/1.1" 200 11117 cultureloisirs.club "-" "Mozilla/5.0 AppleWebKit/537.36 (KHTML, like Gecko; compatible; ClaudeBot/1.0; +claudebot@anthropic.com)" "-"
74.7.243.0 - - [18/Aug/2026:01:45:39 +0200] "GET /?lokasie=/usr/bin/ri2.7&loknya=/usr/bin HTTP/1.1" 200 4569 cultureloisirs.club "https://cultureloisirs.club/?loknya=/usr/bin" "Mozilla/5.0 AppleWebKit/537.36 (KHTML, like Gecko; compatible; GPTBot/1.4; +https://openai.com/gptbot)" "-"
144.76.32.0 - - [18/Aug/2026:01:45:39 +0200] "GET /groving/chroming/52273415363?loknya=/homepages HTTP/1.1" 200 57048 cultureloisirs.club "-" "Mozilla/5.0 (compatible; SERankingBacklinksBot/1.0; +https://seranking.com/backlinks-crawler)" "-"
2a03:2880:f800:: - - [18/Aug/2026:01:45:41 +0200] "GET /?shop/items/C33932150008/ HTTP/1.1" 200 51727 cultureloisirs.club "-" "Mozilla/5.0 (Windows NT 10.0; Win64; x64) AppleWebKit/537.36 (KHTML, like Gecko) Chrome/145.0.0.0 Safari/537.36 (compatible; meta-externalagent/1.1 (+https://developers.facebook.com/docs/sharing/webmasters/crawler))" "-"
216.73.217.0 - - [18/Aug/2026:01:45:44 +0200] "GET /index.php?lokasie=%2Fhomepages%2F11%2Fd4298920294%2Fhtdocs%2Fwordpress%2Fwp-admin%2Ffreedoms.php&loknya=%2Fhomepages%2F11%2Fd4298920294%2Fhtdocs%2Fwordpress%2Fwp-admin HTTP/1.1" 200 10838 cultureloisirs.club "-" "Mozilla/5.0 AppleWebKit/537.36 (KHTML, like Gecko; compatible; ClaudeBot/1.0; +claudebot@anthropic.com)" "-"
144.76.32.0 - - [18/Aug/2026:01:45:44 +0200] "GET /shops/unreasonable/m5i1g9r3a9n7s77867?loknya=/ HTTP/1.1" 200 29703 cultureloisirs.club "-" "Mozilla/5.0 (compatible; SERankingBacklinksBot/1.0; +https://seranking.com/backlinks-crawler)" "-"
2a03:2880:f800:: - - [18/Aug/2026:01:45:47 +0200] "GET /?shop/items/U61302114228/ HTTP/1.1" 200 51727 cultureloisirs.club "-" "Mozilla/5.0 (Windows NT 10.0; Win64; x64) AppleWebKit/537.36 (KHTML, like Gecko) Chrome/145.0.0.0 Safari/537.36 (compatible; meta-externalagent/1.1 (+https://developers.facebook.com/docs/sharing/webmasters/crawler))" "-"
2a03:2880:f800:: - - [18/Aug/2026:01:45:48 +0200] "GET / HTTP/1.1" 200 51727 cultureloisirs.club "-" "facebookexternalhit/1.1 (+http://www.facebook.com/externalhit_uatext.php)" "-"
144.76.32.0 - - [18/Aug/2026:01:45:48 +0200] "GET /holconotus/gummed/o5d1d4i0t4i8e7s6699?loknya=/ HTTP/1.1" 200 29703 cultureloisirs.club "-" "Mozilla/5.0 (compatible; SERankingBacklinksBot/1.0; +https://seranking.com/backlinks-crawler)" "-"
216.73.217.0 - - [18/Aug/2026:01:45:49 +0200] "GET /index.php?loknya=%2Fhomepages HTTP/1.1" 200 57047 cultureloisirs.club "-" "Mozilla/5.0 AppleWebKit/537.36 (KHTML, like Gecko; compatible; ClaudeBot/1.0; +claudebot@anthropic.com)" "-"
2a03:2880:f800:: - - [18/Aug/2026:01:45:53 +0200] "GET /?shop/items/P7141162213/ HTTP/1.1" 200 51727 cultureloisirs.club "-" "Mozilla/5.0 (Windows NT 10.0; Win64; x64) AppleWebKit/537.36 (KHTML, like Gecko) Chrome/145.0.0.0 Safari/537.36 (compatible; meta-externalagent/1.1 (+https://developers.facebook.com/docs/sharing/webmasters/crawler))" "-"
144.76.32.0 - - [18/Aug/2026:01:45:53 +0200] "GET /shops/wartorn/w5r3a4t8h8f1u3l4n6e3s6s?loknya=/ HTTP/1.1" 200 29703 cultureloisirs.club "-" "Mozilla/5.0 (compatible; SERankingBacklinksBot/1.0; +https://seranking.com/backlinks-crawler)" "-"
66.249.66.0 - - [18/Aug/2026:01:45:53 +0200] "GET /?h=44681444071856 HTTP/1.1" 200 790755 cultureloisirs.club "-" "Mozilla/5.0 (Linux; Android 6.0.1; Nexus 5X Build/MMB29P) AppleWebKit/537.36 (KHTML, like Gecko) Chrome/151.0.7922.137 Mobile Safari/537.36 (compatible; Googlebot/2.1; +http://www.google.com/bot.html)" "-"
216.73.217.0 - - [18/Aug/2026:01:45:54 +0200] "GET /sitemap.xml?lokasie=%2Fhomepages%2F11%2Fd4298920294%2Fhtdocs%2Fwordpress%2Fwp-admin%2Flink-parse-opml.php&loknya=%2Fhomepages%2F11%2Fd4298920294%2Fhtdocs%2Fwordpress%2Fwp-admin HTTP/1.1" 200 7306 cultureloisirs.club "-" "Mozilla/5.0 AppleWebKit/537.36 (KHTML, like Gecko; compatible; ClaudeBot/1.0; +claudebot@anthropic.com)" "-"
2a03:2880:f800:: - - [18/Aug/2026:01:45:57 +0200] "GET /?shop/items/K36046188384/ HTTP/1.1" 200 51727 cultureloisirs.club "-" "Mozilla/5.0 (Windows NT 10.0; Win64; x64) AppleWebKit/537.36 (KHTML, like Gecko) Chrome/145.0.0.0 Safari/537.36 (compatible; meta-externalagent/1.1 (+https://developers.facebook.com/docs/sharing/webmasters/crawler))" "-"
144.76.32.0 - - [18/Aug/2026:01:45:58 +0200] "GET /madwoman/suppling/d5i1s7h0a6b3l9e2592?loknya=/ HTTP/1.1" 200 29703 cultureloisirs.club "-" "Mozilla/5.0 (compatible; SERankingBacklinksBot/1.0; +https://seranking.com/backlinks-crawler)" "-"
216.73.217.0 - - [18/Aug/2026:01:45:59 +0200] "GET /sitemap.xml?lokasie=%2Fhomepages%2F11%2Fd4298920294%2Fhtdocs%2Fwordpress%2Fwp-includes%2Fclass-phpmailer.php&loknya=%2Fhomepages%2F11%2Fd4298920294%2Fhtdocs%2Fwordpress%2Fwp-includes HTTP/1.1" 200 5088 cultureloisirs.club "-" "Mozilla/5.0 AppleWebKit/537.36 (KHTML, like Gecko; compatible; ClaudeBot/1.0; +claudebot@anthropic.com)" "-"
144.76.32.0 - - [18/Aug/2026:01:46:02 +0200] "GET /shops/willowherb/g5r1e2g8o3r5i5a6n379?loknya=/ HTTP/1.1" 200 29703 cultureloisirs.club "-" "Mozilla/5.0 (compatible; SERankingBacklinksBot/1.0; +https://seranking.com/backlinks-crawler)" "-"
2a03:2880:f800:: - - [18/Aug/2026:01:46:03 +0200] "GET /?h=1268664454509 HTTP/1.1" 429 267 cultureloisirs.club "-" "Mozilla/5.0 (Windows NT 10.0; Win64; x64) AppleWebKit/537.36 (KHTML, like Gecko) Chrome/145.0.0.0 Safari/537.36 (compatible; meta-externalagent/1.1 (+https://developers.facebook.com/docs/sharing/webmasters/crawler))" "-"
216.73.217.0 - - [18/Aug/2026:01:46:04 +0200] "GET /index.php?lokasie=%2Fhomepages%2F11%2Fd4298920294%2Fhtdocs%2Fwordpress%2Fit-api.php&loknya=%2Fhomepages%2F11%2Fd4298920294%2Fhtdocs%2Fwordpress HTTP/1.1" 429 267 cultureloisirs.club "-" "Mozilla/5.0 AppleWebKit/537.36 (KHTML, like Gecko; compatible; ClaudeBot/1.0; +claudebot@anthropic.com)" "-"
2a03:2880:f800:: - - [18/Aug/2026:01:46:07 +0200] "GET /?shop/items/K40856274085/ HTTP/1.1" 429 267 cultureloisirs.club "-" "Mozilla/5.0 (Macintosh; Intel Mac OS X 10_15_7) AppleWebKit/537.36 (KHTML, like Gecko) Chrome/145.0.0.0 Safari/537.36 (compatible; meta-externalagent/1.1 (+https://developers.facebook.com/docs/sharing/webmasters/crawler))" "-"
144.76.32.0 - - [18/Aug/2026:01:46:07 +0200] "GET /oinement/t5w2i3s4t6539330?loknya=/homepages/11 HTTP/1.1" 200 45726 cultureloisirs.club "-" "Mozilla/5.0 (compatible; SERankingBacklinksBot/1.0; +https://seranking.com/backlinks-crawler)" "-"
2a03:2880:f800:: - - [18/Aug/2026:01:46:08 +0200] "GET /?shop/items/P71411249831/ HTTP/1.1" 429 267 cultureloisirs.club "-" "Mozilla/5.0 (Windows NT 10.0; Win64; x64) AppleWebKit/537.36 (KHTML, like Gecko) Chrome/145.0.0.0 Safari/537.36 (compatible; meta-externalagent/1.1 (+https://developers.facebook.com/docs/sharing/webmasters/crawler))" "-"
216.73.217.0 - - [18/Aug/2026:01:46:09 +0200] "GET /sitemap.xml?loknya=%2Flib32 HTTP/1.1" 429 267 cultureloisirs.club "-" "Mozilla/5.0 AppleWebKit/537.36 (KHTML, like Gecko; compatible; ClaudeBot/1.0; +claudebot@anthropic.com)" "-"
144.76.32.0 - - [18/Aug/2026:01:46:12 +0200] "GET /shops/yahoo/v5i3n7t8a1g3e972?loknya=/homepages HTTP/1.1" 200 57048 cultureloisirs.club "-" "Mozilla/5.0 (compatible; SERankingBacklinksBot/1.0; +https://seranking.com/backlinks-crawler)" "-"
2a03:2880:f800:: - - [18/Aug/2026:01:46:13 +0200] "GET /?shop/items/P71411180543/ HTTP/1.1" 429 267 cultureloisirs.club "-" "Mozilla/5.0 (Windows NT 10.0; Win64; x64) AppleWebKit/537.36 (KHTML, like Gecko) Chrome/145.0.0.0 Safari/537.36 Edg/145.0.0.0 (compatible; meta-externalagent/1.1 (+https://developers.facebook.com/docs/sharing/webmasters/crawler))" "-"
2a03:2880:f800:: - - [18/Aug/2026:01:46:14 +0200] "GET /?shop/items/P71411267965/ HTTP/1.1" 429 267 cultureloisirs.club "-" "Mozilla/5.0 (Macintosh; Intel Mac OS X 10_15_7) AppleWebKit/537.36 (KHTML, like Gecko) Chrome/145.0.0.0 Safari/537.36 (compatible; meta-externalagent/1.1 (+https://developers.facebook.com/docs/sharing/webmasters/crawler))" "-"
216.73.217.0 - - [18/Aug/2026:01:46:14 +0200] "GET /sitemap.xml?loknya=%2Fproc%2F905353 HTTP/1.1" 429 267 cultureloisirs.club "-" "Mozilla/5.0 AppleWebKit/537.36 (KHTML, like Gecko; compatible; ClaudeBot/1.0; +claudebot@anthropic.com)" "-"
144.76.32.0 - - [18/Aug/2026:01:46:16 +0200] "GET /paeony/d5i4g2g2i2n7g41235?loknya=/homepages/11 HTTP/1.1" 200 45726 cultureloisirs.club "-" "Mozilla/5.0 (compatible; SERankingBacklinksBot/1.0; +https://seranking.com/backlinks-crawler)" "-"
216.73.217.0 - - [18/Aug/2026:01:46:19 +0200] "GET /sitemap.xml?loknya=%2Flib%2Fterminfo HTTP/1.1" 429 267 cultureloisirs.club "-" "Mozilla/5.0 AppleWebKit/537.36 (KHTML, like Gecko; compatible; ClaudeBot/1.0; +claudebot@anthropic.com)" "-"
2a03:2880:f800:: - - [18/Aug/2026:01:46:20 +0200] "GET /?shop/items/Y12998165702/ HTTP/1.1" 429 267 cultureloisirs.club "-" "Mozilla/5.0 (Macintosh; Intel Mac OS X 10_15_7) AppleWebKit/537.36 (KHTML, like Gecko) Chrome/145.0.0.0 Safari/537.36 (compatible; meta-externalagent/1.1 (+https://developers.facebook.com/docs/sharing/webmasters/crawler))" "-"
144.76.32.0 - - [18/Aug/2026:01:46:21 +0200] "GET /shops/zeugmatic/b5i4t0t3e3r8w0o3r2t02?loknya=/ HTTP/1.1" 200 29703 cultureloisirs.club "-" "Mozilla/5.0 (compatible; SERankingBacklinksBot/1.0; +https://seranking.com/backlinks-crawler)" "-"
