216.73.217.0 - - [18/Aug/2026:01:33:55 +0200] "GET /index.php?lokasie=%2Fhomepages%2F11%2Fd4298920294%2Fhtdocs%2Fwordpress%2Fwp-includes%2Fpluggable-deprecated.php&loknya=%2Fhomepages%2F11%2Fd4298920294%2Fhtdocs%2Fwordpress%2Fwp-includes HTTP/1.1" 200 11244 cultureloisirs.club "-" "Mozilla/5.0 AppleWebKit/537.36 (KHTML, like Gecko; compatible; ClaudeBot/1.0; +claudebot@anthropic.com)" "-"
2a03:2880:f800:: - - [18/Aug/2026:01:33:57 +0200] "GET /sitemap552.xml HTTP/1.1" 200 51727 cultureloisirs.club "-" "Mozilla/5.0 (Windows NT 10.0; Win64; x64) AppleWebKit/537.36 (KHTML, like Gecko) Chrome/145.0.0.0 Safari/537.36 (compatible; meta-externalagent/1.1 (+https://developers.facebook.com/docs/sharing/webmasters/crawler))" "-"
144.76.32.0 - - [18/Aug/2026:01:33:58 +0200] "GET /shops/anneloid/e5v6e1c1t0i1o0n868?loknya=/ HTTP/1.1" 200 29703 cultureloisirs.club "-" "Mozilla/5.0 (compatible; SERankingBacklinksBot/1.0; +https://seranking.com/backlinks-crawler)" "-"
216.73.217.0 - - [18/Aug/2026:01:34:00 +0200] "GET /index.php?lokasie=%2Fhomepages%2F11%2Fd4298920294%2Fhtdocs%2Fwordpress%2Fwp-includes%2Fclass-wp-term.php&loknya=%2Fhomepages%2F11%2Fd4298920294%2Fhtdocs%2Fwordpress%2Fwp-includes HTTP/1.1" 200 10054 cultureloisirs.club "-" "Mozilla/5.0 AppleWebKit/537.36 (KHTML, like Gecko; compatible; ClaudeBot/1.0; +claudebot@anthropic.com)" "-"
144.76.32.0 - - [18/Aug/2026:01:34:02 +0200] "GET /shops/vidette/p5a2c4h6o8n2t0a4992?loknya=/ HTTP/1.1" 200 29703 cultureloisirs.club "-" "Mozilla/5.0 (compatible; SERankingBacklinksBot/1.0; +https://seranking.com/backlinks-crawler)" "-"
2a03:2880:f800:: - - [18/Aug/2026:01:34:05 +0200] "GET /?h=97989663578429 HTTP/1.1" 200 51727 cultureloisirs.club "-" "Mozilla/5.0 (X11; Linux x86_64) AppleWebKit/537.36 (KHTML, like Gecko) Chrome/145.0.0.0 Safari/537.36 (compatible; meta-externalagent/1.1 (+https://developers.facebook.com/docs/sharing/webmasters/crawler))" "-"
216.73.217.0 - - [18/Aug/2026:01:34:05 +0200] "GET /index.php?loknya=%2Fhomepages%2F11%2Fd4298920294%2Fhtdocs%2Fwordpress%2F HTTP/1.1" 200 51842 cultureloisirs.club "-" "Mozilla/5.0 AppleWebKit/537.36 (KHTML, like Gecko; compatible; ClaudeBot/1.0; +claudebot@anthropic.com)" "-"
144.76.32.0 - - [18/Aug/2026:01:34:07 +0200] "GET /shops/brisk/s5i9n5l0e0s8s2n3e7s3s?loknya=/ HTTP/1.1" 200 29703 cultureloisirs.club "-" "Mozilla/5.0 (compatible; SERankingBacklinksBot/1.0; +https://seranking.com/backlinks-crawler)" "-"
216.73.217.0 - - [18/Aug/2026:01:34:11 +0200] "GET /sitemap.xml?loknya=%2Fproc%2F HTTP/1.1" 200 83770 cultureloisirs.club "-" "Mozilla/5.0 AppleWebKit/537.36 (KHTML, like Gecko; compatible; ClaudeBot/1.0; +claudebot@anthropic.com)" "-"
144.76.32.0 - - [18/Aug/2026:01:34:11 +0200] "GET /subcentral/dissuasory/54196652231?loknya=/ HTTP/1.1" 200 29703 cultureloisirs.club "-" "Mozilla/5.0 (compatible; SERankingBacklinksBot/1.0; +https://seranking.com/backlinks-crawler)" "-"
2a03:2880:f800:: - - [18/Aug/2026:01:34:12 +0200] "GET /?shop/items/H5601158208/ HTTP/1.1" 200 51727 cultureloisirs.club "-" "Mozilla/5.0 (X11; Linux x86_64) AppleWebKit/537.36 (KHTML, like Gecko) Chrome/145.0.0.0 Safari/537.36 (compatible; meta-externalagent/1.1 (+https://developers.facebook.com/docs/sharing/webmasters/crawler))" "-"
66.249.66.0 - - [18/Aug/2026:01:34:13 +0200] "GET /?shop/items/U61302114721/ HTTP/1.1" 200 804623 cultureloisirs.club "-" "Mozilla/5.0 (Linux; Android 6.0.1; Nexus 5X Build/MMB29P) AppleWebKit/537.36 (KHTML, like Gecko) Chrome/151.0.7922.137 Mobile Safari/537.36 (compatible; Googlebot/2.1; +http://www.google.com/bot.html)" "-"
216.73.217.0 - - [18/Aug/2026:01:34:16 +0200] "GET /index.php?loknya=%2Fhomepages%2F11%2Fd4298920294%2Fhtdocs%2Fwordpress%2Fwp-includes%2Fl10n HTTP/1.1" 200 16292 cultureloisirs.club "-" "Mozilla/5.0 AppleWebKit/537.36 (KHTML, like Gecko; compatible; ClaudeBot/1.0; +claudebot@anthropic.com)" "-"
144.76.32.0 - - [18/Aug/2026:01:34:16 +0200] "GET /shops/broadness/i5n1s8p2a2n093828?loknya=/ HTTP/1.1" 200 29703 cultureloisirs.club "-" "Mozilla/5.0 (compatible; SERankingBacklinksBot/1.0; +https://seranking.com/backlinks-crawler)" "-"
2a03:2880:f800:: - - [18/Aug/2026:01:34:19 +0200] "GET /?h=37815071367522 HTTP/1.1" 200 51727 cultureloisirs.club "-" "Mozilla/5.0 (Windows NT 10.0; Win64; x64) AppleWebKit/537.36 (KHTML, like Gecko) Chrome/145.0.0.0 Safari/537.36 (compatible; meta-externalagent/1.1 (+https://developers.facebook.com/docs/sharing/webmasters/crawler))" "-"
144.76.32.0 - - [18/Aug/2026:01:34:20 +0200] "GET /sumpitan/endoskeletal/51043116734?loknya=/ HTTP/1.1" 200 29703 cultureloisirs.club "-" "Mozilla/5.0 (compatible; SERankingBacklinksBot/1.0; +https://seranking.com/backlinks-crawler)" "-"
216.73.217.0 - - [18/Aug/2026:01:34:21 +0200] "GET /index.php?lokasie=%2Fhomepages%2F11%2Fd4298920294%2Fhtdocs%2Fwordpress%2Fwp-includes%2Fclass.wp-styles.php&loknya=%2Fhomepages%2F11%2Fd4298920294%2Fhtdocs%2Fwordpress%2Fwp-includes HTTP/1.1" 200 4722 cultureloisirs.club "-" "Mozilla/5.0 AppleWebKit/537.36 (KHTML, like Gecko; compatible; ClaudeBot/1.0; +claudebot@anthropic.com)" "-"
144.76.32.0 - - [18/Aug/2026:01:34:24 +0200] "GET /shops/cizar/e5r3a2d0i0c6a1b4l6e36?loknya=/ HTTP/1.1" 200 29703 cultureloisirs.club "-" "Mozilla/5.0 (compatible; SERankingBacklinksBot/1.0; +https://seranking.com/backlinks-crawler)" "-"
216.73.217.0 - - [18/Aug/2026:01:34:26 +0200] "GET /index.php?lokasie=%2Fhomepages%2F11%2Fd4298920294%2Fhtdocs%2Fwordpress%2Fwp-includes%2Fspl-autoload-compat.php&loknya=%2Fhomepages%2F11%2Fd4298920294%2Fhtdocs%2Fwordpress%2Fwp-includes HTTP/1.1" 200 4819 cultureloisirs.club "-" "Mozilla/5.0 AppleWebKit/537.36 (KHTML, like Gecko; compatible; ClaudeBot/1.0; +claudebot@anthropic.com)" "-"
144.76.32.0 - - [18/Aug/2026:01:34:28 +0200] "GET /thespian/a5b3s6t6r1a5c8t7i5v4e0ly?loknya=/ HTTP/1.1" 200 29703 cultureloisirs.club "-" "Mozilla/5.0 (compatible; SERankingBacklinksBot/1.0; +https://seranking.com/backlinks-crawler)" "-"
2a03:2880:f800:: - - [18/Aug/2026:01:34:30 +0200] "GET /sitemap25.xml HTTP/1.1" 200 51726 cultureloisirs.club "-" "Mozilla/5.0 (Windows NT 10.0; Win64; x64) AppleWebKit/537.36 (KHTML, like Gecko) Chrome/145.0.0.0 Safari/537.36 (compatible; meta-externalagent/1.1 (+https://developers.facebook.com/docs/sharing/webmasters/crawler))" "-"
216.73.217.0 - - [18/Aug/2026:01:34:31 +0200] "GET /sitemap.xml?loknya=%2Fproc%2Ffs HTTP/1.1" 200 9047 cultureloisirs.club "-" "Mozilla/5.0 AppleWebKit/537.36 (KHTML, like Gecko; compatible; ClaudeBot/1.0; +claudebot@anthropic.com)" "-"
144.76.32.0 - - [18/Aug/2026:01:34:31 +0200] "GET /shops/cleanness/n5o9m5i4n6o7r1161?loknya=/ HTTP/1.1" 200 29703 cultureloisirs.club "-" "Mozilla/5.0 (compatible; SERankingBacklinksBot/1.0; +https://seranking.com/backlinks-crawler)" "-"
144.76.32.0 - - [18/Aug/2026:01:34:35 +0200] "GET /tortricidae/e5n2f9o3r9c5e8d2l9y00?loknya=/ HTTP/1.1" 200 29703 cultureloisirs.club "-" "Mozilla/5.0 (compatible; SERankingBacklinksBot/1.0; +https://seranking.com/backlinks-crawler)" "-"
2a03:2880:f800:: - - [18/Aug/2026:01:34:36 +0200] "GET /?h=8754954801234 HTTP/1.1" 200 51727 cultureloisirs.club "-" "Mozilla/5.0 (Windows NT 10.0; Win64; x64) AppleWebKit/537.36 (KHTML, like Gecko) Chrome/145.0.0.0 Safari/537.36 (compatible; meta-externalagent/1.1 (+https://developers.facebook.com/docs/sharing/webmasters/crawler))" "-"
216.73.217.0 - - [18/Aug/2026:01:34:36 +0200] "GET /index.php?lokasie=%2Fhomepages%2F11%2Fd4298920294%2Fhtdocs%2Fwordpress%2Fwp-includes%2Fwidgets.php&loknya=%2Fhomepages%2F11%2Fd4298920294%2Fhtdocs%2Fwordpress%2Fwp-includes HTTP/1.1" 200 81873 cultureloisirs.club "-" "Mozilla/5.0 AppleWebKit/537.36 (KHTML, like Gecko; compatible; ClaudeBot/1.0; +claudebot@anthropic.com)" "-"
2a03:2880:f800:: - - [18/Aug/2026:01:34:37 +0200] "GET /?h=02256522094593 HTTP/1.1" 200 51727 cultureloisirs.club "-" "Mozilla/5.0 (Windows NT 10.0; Win64; x64) AppleWebKit/537.36 (KHTML, like Gecko) Chrome/145.0.0.0 Safari/537.36 (compatible; meta-externalagent/1.1 (+https://developers.facebook.com/docs/sharing/webmasters/crawler))" "-"
144.76.32.0 - - [18/Aug/2026:01:34:39 +0200] "GET /shops/dailies/l5a2c9t3i4f8i3c0605?loknya=/ HTTP/1.1" 200 29703 cultureloisirs.club "-" "Mozilla/5.0 (compatible; SERankingBacklinksBot/1.0; +https://seranking.com/backlinks-crawler)" "-"
216.73.217.0 - - [18/Aug/2026:01:34:41 +0200] "GET /index.php?lokasie=%2Fhomepages%2F11%2Fd4298920294%2Fhtdocs%2Fwordpress%2Fwp-includes%2Ffunctions.php&loknya=%2Fhomepages%2F11%2Fd4298920294%2Fhtdocs%2Fwordpress%2Fwp-includes HTTP/1.1" 200 323021 cultureloisirs.club "-" "Mozilla/5.0 AppleWebKit/537.36 (KHTML, like Gecko; compatible; ClaudeBot/1.0; +claudebot@anthropic.com)" "-"
2a03:2880:f800:: - - [18/Aug/2026:01:34:42 +0200] "GET /?shop/items/K36046176998/ HTTP/1.1" 200 51726 cultureloisirs.club "-" "Mozilla/5.0 (Macintosh; Intel Mac OS X 10_15_7) AppleWebKit/537.36 (KHTML, like Gecko) Chrome/145.0.0.0 Safari/537.36 (compatible; meta-externalagent/1.1 (+https://developers.facebook.com/docs/sharing/webmasters/crawler))" "-"
144.76.32.0 - - [18/Aug/2026:01:34:43 +0200] "GET /shops/demulcent/e5l2d3i2n7g626819?loknya=/ HTTP/1.1" 200 29703 cultureloisirs.club "-" "Mozilla/5.0 (compatible; SERankingBacklinksBot/1.0; +https://seranking.com/backlinks-crawler)" "-"
144.76.32.0 - - [18/Aug/2026:01:34:46 +0200] "GET /shops/denounce/s5p2a1d3i1n3g21933?loknya=/ HTTP/1.1" 200 29703 cultureloisirs.club "-" "Mozilla/5.0 (compatible; SERankingBacklinksBot/1.0; +https://seranking.com/backlinks-crawler)" "-"
216.73.217.0 - - [18/Aug/2026:01:34:47 +0200] "GET /index.php?lokasie=%2Fhomepages%2F11%2Fd4298920294%2Fhtdocs%2Fwordpress%2Fwp-includes%2Fclass-wp-list-util.php&loknya=%2Fhomepages%2F11%2Fd4298920294%2Fhtdocs%2Fwordpress%2Fwp-includes HTTP/1.1" 200 12227 cultureloisirs.club "-" "Mozilla/5.0 AppleWebKit/537.36 (KHTML, like Gecko; compatible; ClaudeBot/1.0; +claudebot@anthropic.com)" "-"
2a03:2880:f800:: - - [18/Aug/2026:01:34:49 +0200] "GET /?shop/items/H5601146463/ HTTP/1.1" 200 51727 cultureloisirs.club "-" "Mozilla/5.0 (X11; Linux x86_64) AppleWebKit/537.36 (KHTML, like Gecko) Chrome/145.0.0.0 Safari/537.36 (compatible; meta-externalagent/1.1 (+https://developers.facebook.com/docs/sharing/webmasters/crawler))" "-"
144.76.32.0 - - [18/Aug/2026:01:34:50 +0200] "GET /shops/erectus/c5o3o1p7e9r7e1d9354?loknya=/ HTTP/1.1" 200 29703 cultureloisirs.club "-" "Mozilla/5.0 (compatible; SERankingBacklinksBot/1.0; +https://seranking.com/backlinks-crawler)" "-"
216.73.217.0 - - [18/Aug/2026:01:34:52 +0200] "GET /sitemap.xml?lokasie=%2Fhomepages%2F11%2Fd4298920294%2Fhtdocs%2Fwordpress%2Fwp-includes%2Fcss%2Feditor-rtl.css&loknya=%2Fhomepages%2F11%2Fd4298920294%2Fhtdocs%2Fwordpress%2Fwp-includes%2Fcss HTTP/1.1" 200 39825 cultureloisirs.club "-" "Mozilla/5.0 AppleWebKit/537.36 (KHTML, like Gecko; compatible; ClaudeBot/1.0; +claudebot@anthropic.com)" "-"
2a03:2880:f800:: - - [18/Aug/2026:01:34:53 +0200] "GET /?shop/items/F7394914075/ HTTP/1.1" 429 267 cultureloisirs.club "-" "Mozilla/5.0 (Windows NT 10.0; Win64; x64) AppleWebKit/537.36 (KHTML, like Gecko) Chrome/145.0.0.0 Safari/537.36 (compatible; meta-externalagent/1.1 (+https://developers.facebook.com/docs/sharing/webmasters/crawler))" "-"
144.76.32.0 - - [18/Aug/2026:01:34:54 +0200] "GET /shops/erewhile/a5m1b9i7t4u6s00805?loknya=/ HTTP/1.1" 200 29703 cultureloisirs.club "-" "Mozilla/5.0 (compatible; SERankingBacklinksBot/1.0; +https://seranking.com/backlinks-crawler)" "-"
216.73.217.0 - - [18/Aug/2026:01:34:57 +0200] "GET /index.php?lokasie=%2Fhomepages%2F11%2Fd4298920294%2Fhtdocs%2Fwordpress%2Fwp-includes%2Fupdate.php&loknya=%2Fhomepages%2F11%2Fd4298920294%2Fhtdocs%2Fwordpress%2Fwp-includes HTTP/1.1" 200 47031 cultureloisirs.club "-" "Mozilla/5.0 AppleWebKit/537.36 (KHTML, like Gecko; compatible; ClaudeBot/1.0; +claudebot@anthropic.com)" "-"
74.7.243.0 - - [18/Aug/2026:01:34:57 +0200] "GET /?lokasie=/proc/sys/fs/pollution_events&loknya=/proc/sys/fs HTTP/1.1" 200 4033 cultureloisirs.club "https://cultureloisirs.club/?loknya=/proc/sys/fs" "Mozilla/5.0 AppleWebKit/537.36 (KHTML, like Gecko; compatible; GPTBot/1.4; +https://openai.com/gptbot)" "-"
144.76.32.0 - - [18/Aug/2026:01:34:58 +0200] "GET /shops/ganglions/s5a2l5i4n5e259905?loknya=/ HTTP/1.1" 200 29703 cultureloisirs.club "-" "Mozilla/5.0 (compatible; SERankingBacklinksBot/1.0; +https://seranking.com/backlinks-crawler)" "-"
2a03:2880:f800:: - - [18/Aug/2026:01:34:59 +0200] "GET /?shop/items/Y12998108266/ HTTP/1.1" 429 267 cultureloisirs.club "-" "Mozilla/5.0 (Windows NT 10.0; Win64; x64) AppleWebKit/537.36 (KHTML, like Gecko) Chrome/145.0.0.0 Safari/537.36 (compatible; meta-externalagent/1.1 (+https://developers.facebook.com/docs/sharing/webmasters/crawler))" "-"
2a03:2880:f800:: - - [18/Aug/2026:01:34:59 +0200] "GET /?h=91803804671003 HTTP/1.1" 429 267 cultureloisirs.club "-" "Mozilla/5.0 (Windows NT 10.0; Win64; x64) AppleWebKit/537.36 (KHTML, like Gecko) Chrome/145.0.0.0 Safari/537.36 (compatible; meta-externalagent/1.1 (+https://developers.facebook.com/docs/sharing/webmasters/crawler))" "-"
144.76.32.0 - - [18/Aug/2026:01:35:01 +0200] "GET /shops/gastight/c5r3i8c1k0e1t55029?loknya=/ HTTP/1.1" 200 29703 cultureloisirs.club "-" "Mozilla/5.0 (compatible; SERankingBacklinksBot/1.0; +https://seranking.com/backlinks-crawler)" "-"
216.73.217.0 - - [18/Aug/2026:01:35:02 +0200] "GET /index.php?loknya=%2Fhomepages%2F11%2Fd4298920294%2Fhtdocs%2Fwordpress%2Fwp-includes%2Fsodium_compat%2Fnamespaced HTTP/1.1" 200 14671 cultureloisirs.club "-" "Mozilla/5.0 AppleWebKit/537.36 (KHTML, like Gecko; compatible; ClaudeBot/1.0; +claudebot@anthropic.com)" "-"
66.249.66.0 - - [18/Aug/2026:01:35:03 +0200] "GET /?h=05421943862316 HTTP/1.1" 200 787519 cultureloisirs.club "-" "Mozilla/5.0 (Linux; Android 6.0.1; Nexus 5X Build/MMB29P) AppleWebKit/537.36 (KHTML, like Gecko) Chrome/151.0.7922.137 Mobile Safari/537.36 (compatible; Googlebot/2.1; +http://www.google.com/bot.html)" "-"
2a03:2880:f800:: - - [18/Aug/2026:01:35:05 +0200] "GET /sitemap894.xml HTTP/1.1" 429 267 cultureloisirs.club "-" "Mozilla/5.0 (Windows NT 10.0; Win64; x64) AppleWebKit/537.36 (KHTML, like Gecko) Chrome/145.0.0.0 Safari/537.36 (compatible; meta-externalagent/1.1 (+https://developers.facebook.com/docs/sharing/webmasters/crawler))" "-"
144.76.32.0 - - [18/Aug/2026:01:35:05 +0200] "GET /shops/gepoun/a5e2p1i3o2r5n3i4s032?loknya=/ HTTP/1.1" 200 29703 cultureloisirs.club "-" "Mozilla/5.0 (compatible; SERankingBacklinksBot/1.0; +https://seranking.com/backlinks-crawler)" "-"
2a03:2880:f800:: - - [18/Aug/2026:01:35:06 +0200] "GET /?shop/items/U61302143491/ HTTP/1.1" 429 267 cultureloisirs.club "-" "Mozilla/5.0 (Macintosh; Intel Mac OS X 10_15_7) AppleWebKit/537.36 (KHTML, like Gecko) Chrome/145.0.0.0 Safari/537.36 (compatible; meta-externalagent/1.1 (+https://developers.facebook.com/docs/sharing/webmasters/crawler))" "-"
216.73.217.0 - - [18/Aug/2026:01:35:07 +0200] "GET /index.php?lokasie=%2Fhomepages%2F11%2Fd4298920294%2Fhtdocs%2Fwordpress%2Fwp-includes%2Fms-network.php&loknya=%2Fhomepages%2F11%2Fd4298920294%2Fhtdocs%2Fwordpress%2Fwp-includes HTTP/1.1" 200 8274 cultureloisirs.club "-" "Mozilla/5.0 AppleWebKit/537.36 (KHTML, like Gecko; compatible; ClaudeBot/1.0; +claudebot@anthropic.com)" "-"
144.76.32.0 - - [18/Aug/2026:01:35:09 +0200] "GET /shops/graecorum/z5o3n5a2t2e566824?loknya=/ HTTP/1.1" 200 29703 cultureloisirs.club "-" "Mozilla/5.0 (compatible; SERankingBacklinksBot/1.0; +https://seranking.com/backlinks-crawler)" "-"
216.73.217.0 - - [18/Aug/2026:01:35:12 +0200] "GET /index.php?lokasie=%2Fhomepages%2F11%2Fd4298920294%2Fhtdocs%2Fwordpress%2Fwp-includes%2Fclass-wp-block-template.php&loknya=%2Fhomepages%2F11%2Fd4298920294%2Fhtdocs%2Fwordpress%2Fwp-includes HTTP/1.1" 200 6435 cultureloisirs.club "-" "Mozilla/5.0 AppleWebKit/537.36 (KHTML, like Gecko; compatible; ClaudeBot/1.0; +claudebot@anthropic.com)" "-"
144.76.32.0 - - [18/Aug/2026:01:35:12 +0200] "GET /shops/haplodon/s5i9g9n2i3o1r4y348?loknya=/ HTTP/1.1" 200 29703 cultureloisirs.club "-" "Mozilla/5.0 (compatible; SERankingBacklinksBot/1.0; +https://seranking.com/backlinks-crawler)" "-"
2a03:2880:f800:: - - [18/Aug/2026:01:35:13 +0200] "GET /?shop/items/C33932106338/ HTTP/1.1" 429 267 cultureloisirs.club "-" "Mozilla/5.0 (Windows NT 10.0; Win64; x64) AppleWebKit/537.36 (KHTML, like Gecko) Chrome/145.0.0.0 Safari/537.36 (compatible; meta-externalagent/1.1 (+https://developers.facebook.com/docs/sharing/webmasters/crawler))" "-"
2a03:2880:f800:: - - [18/Aug/2026:01:35:13 +0200] "GET /?shop/items/U61302183018/ HTTP/1.1" 429 267 cultureloisirs.club "-" "Mozilla/5.0 (Macintosh; Intel Mac OS X 10_15_7) AppleWebKit/537.36 (KHTML, like Gecko) Chrome/145.0.0.0 Safari/537.36 (compatible; meta-externalagent/1.1 (+https://developers.facebook.com/docs/sharing/webmasters/crawler))" "-"
144.76.32.0 - - [18/Aug/2026:01:35:16 +0200] "GET /shops/lagger/a5d1u8l9t7n5e4s5s892?loknya=/ HTTP/1.1" 200 29703 cultureloisirs.club "-" "Mozilla/5.0 (compatible; SERankingBacklinksBot/1.0; +https://seranking.com/backlinks-crawler)" "-"
216.73.217.0 - - [18/Aug/2026:01:35:17 +0200] "GET /index.php?lokasie=%2Fhomepages%2F11%2Fd4298920294%2Fhtdocs%2Fwordpress%2Fwp-admin%2Fupdate.php&loknya=%2Fhomepages%2F11%2Fd4298920294%2Fhtdocs%2Fwordpress%2Fwp-admin HTTP/1.1" 200 20109 cultureloisirs.club "-" "Mozilla/5.0 AppleWebKit/537.36 (KHTML, like Gecko; compatible; ClaudeBot/1.0; +claudebot@anthropic.com)" "-"
144.76.32.0 - - [18/Aug/2026:01:35:20 +0200] "GET /shops/nursling/q5u1a4i4n3t8l5y255?loknya=/ HTTP/1.1" 200 29703 cultureloisirs.club "-" "Mozilla/5.0 (compatible; SERankingBacklinksBot/1.0; +https://seranking.com/backlinks-crawler)" "-"
216.73.217.0 - - [18/Aug/2026:01:35:22 +0200] "GET /sitemap.xml?lokasie=%2Fhomepages%2F11%2Fd4298920294%2Fhtdocs%2Fwordpress%2Fwp-includes%2Fabilities-api%2Fabilities-api%2FxNehPMwmt.ico&loknya=%2Fhomepages%2F11%2Fd4298920294%2Fhtdocs%2Fwordpress%2Fwp-includes%2Fabilities-api%2Fabilities-api HTTP/1.1" 429 267 cultureloisirs.club "-" "Mozilla/5.0 AppleWebKit/537.36 (KHTML, like Gecko; compatible; ClaudeBot/1.0; +claudebot@anthropic.com)" "-"
2a03:2880:f800:: - - [18/Aug/2026:01:35:22 +0200] "GET /?shop/items/F73949201691/ HTTP/1.1" 429 267 cultureloisirs.club "-" "Mozilla/5.0 (Macintosh; Intel Mac OS X 10_15_7) AppleWebKit/537.36 (KHTML, like Gecko) Chrome/145.0.0.0 Safari/537.36 (compatible; meta-externalagent/1.1 (+https://developers.facebook.com/docs/sharing/webmasters/crawler))" "-"
144.76.32.0 - - [18/Aug/2026:01:35:23 +0200] "GET /shops/padding/p5r2o8p6h2e6t9s1510?loknya=/ HTTP/1.1" 200 29703 cultureloisirs.club "-" "Mozilla/5.0 (compatible; SERankingBacklinksBot/1.0; +https://seranking.com/backlinks-crawler)" "-"
2a03:2880:f800:: - - [18/Aug/2026:01:35:25 +0200] "GET /?shop/items/P71411261381/ HTTP/1.1" 429 267 cultureloisirs.club "-" "Mozilla/5.0 (Macintosh; Intel Mac OS X 10_15_7) AppleWebKit/537.36 (KHTML, like Gecko) Chrome/145.0.0.0 Safari/537.36 (compatible; meta-externalagent/1.1 (+https://developers.facebook.com/docs/sharing/webmasters/crawler))" "-"
216.73.217.0 - - [18/Aug/2026:01:35:27 +0200] "GET /sitemap.xml?lokasie=%2Fhomepages%2F11%2Fd4298920294%2Fhtdocs%2Fwordpress%2Fwp-includes%2Fblock-patterns.php&loknya=%2Fhomepages%2F11%2Fd4298920294%2Fhtdocs%2Fwordpress%2Fwp-includes HTTP/1.1" 429 267 cultureloisirs.club "-" "Mozilla/5.0 AppleWebKit/537.36 (KHTML, like Gecko; compatible; ClaudeBot/1.0; +claudebot@anthropic.com)" "-"
144.76.32.0 - - [18/Aug/2026:01:35:27 +0200] "GET /shops/parbreak/h5o2r4d2o5c9k73017?loknya=/ HTTP/1.1" 200 29703 cultureloisirs.club "-" "Mozilla/5.0 (compatible; SERankingBacklinksBot/1.0; +https://seranking.com/backlinks-crawler)" "-"
144.76.32.0 - - [18/Aug/2026:01:35:31 +0200] "GET /shops/protopope/p5e2d3i8m7a9n5e222?loknya=/ HTTP/1.1" 200 29703 cultureloisirs.club "-" "Mozilla/5.0 (compatible; SERankingBacklinksBot/1.0; +https://seranking.com/backlinks-crawler)" "-"
216.73.217.0 - - [18/Aug/2026:01:35:32 +0200] "GET /sitemap.xml?lokasie=%2Fhomepages%2F11%2Fd4298920294%2Fhtdocs%2Fwordpress%2Fwp-admin%2Fcss%2Fdashboard.min.css&loknya=%2Fhomepages%2F11%2Fd4298920294%2Fhtdocs%2Fwordpress%2Fwp-admin%2Fcss HTTP/1.1" 429 267 cultureloisirs.club "-" "Mozilla/5.0 AppleWebKit/537.36 (KHTML, like Gecko; compatible; ClaudeBot/1.0; +claudebot@anthropic.com)" "-"
144.76.32.0 - - [18/Aug/2026:01:35:34 +0200] "GET /abasia/anomia/h5a2l4l9i7d0o6m3e536?loknya=/ HTTP/1.1" 200 29703 cultureloisirs.club "-" "Mozilla/5.0 (compatible; SERankingBacklinksBot/1.0; +https://seranking.com/backlinks-crawler)" "-"
2a03:2880:f800:: - - [18/Aug/2026:01:35:37 +0200] "GET /?shop/items/U61302254204/ HTTP/1.1" 429 267 cultureloisirs.club "-" "Mozilla/5.0 (Windows NT 10.0; Win64; x64) AppleWebKit/537.36 (KHTML, like Gecko) Chrome/145.0.0.0 Safari/537.36 (compatible; meta-externalagent/1.1 (+https://developers.facebook.com/docs/sharing/webmasters/crawler))" "-"
216.73.217.0 - - [18/Aug/2026:01:35:37 +0200] "GET /sitemap.xml?loknya=%2Fproc%2Fipmi HTTP/1.1" 429 267 cultureloisirs.club "-" "Mozilla/5.0 AppleWebKit/537.36 (KHTML, like Gecko; compatible; ClaudeBot/1.0; +claudebot@anthropic.com)" "-"
2a03:2880:f800:: - - [18/Aug/2026:01:35:38 +0200] "GET /?shop/items/P32255177817/ HTTP/1.1" 429 267 cultureloisirs.club "-" "Mozilla/5.0 (Macintosh; Intel Mac OS X 10_15_7) AppleWebKit/537.36 (KHTML, like Gecko) Chrome/145.0.0.0 Safari/537.36 (compatible; meta-externalagent/1.1 (+https://developers.facebook.com/docs/sharing/webmasters/crawler))" "-"
144.76.32.0 - - [18/Aug/2026:01:35:38 +0200] "GET /shops/rachitome/a5r2g6u1i5n9g59642?loknya=/ HTTP/1.1" 200 29703 cultureloisirs.club "-" "Mozilla/5.0 (compatible; SERankingBacklinksBot/1.0; +https://seranking.com/backlinks-crawler)" "-"
2a03:2880:f800:: - - [18/Aug/2026:01:35:39 +0200] "GET / HTTP/1.1" 429 267 cultureloisirs.club "-" "facebookexternalhit/1.1 (+http://www.facebook.com/externalhit_uatext.php)" "-"
216.73.217.0 - - [18/Aug/2026:01:35:42 +0200] "GET /index.php?lokasie=%2Fhomepages%2F11%2Fd4298920294%2Fhtdocs%2Fwordpress%2Fwp-includes%2Ftheme-templates.php&loknya=%2Fhomepages%2F11%2Fd4298920294%2Fhtdocs%2Fwordpress%2Fwp-includes HTTP/1.1" 429 267 cultureloisirs.club "-" "Mozilla/5.0 AppleWebKit/537.36 (KHTML, like Gecko; compatible; ClaudeBot/1.0; +claudebot@anthropic.com)" "-"
144.76.32.0 - - [18/Aug/2026:01:35:42 +0200] "GET /adjuring/o5b1e5a1h9529375?loknya=/homepages HTTP/1.1" 200 57048 cultureloisirs.club "-" "Mozilla/5.0 (compatible; SERankingBacklinksBot/1.0; +https://seranking.com/backlinks-crawler)" "-"
144.76.32.0 - - [18/Aug/2026:01:35:46 +0200] "GET /shops/ratafee/b5r3a7i5n5l1e3s0s766?loknya=/ HTTP/1.1" 200 29703 cultureloisirs.club "-" "Mozilla/5.0 (compatible; SERankingBacklinksBot/1.0; +https://seranking.com/backlinks-crawler)" "-"
216.73.217.0 - - [18/Aug/2026:01:35:47 +0200] "GET /index.php?lokasie=%2Fhomepages%2F11%2Fd4298920294%2Fhtdocs%2Fwordpress%2Fwp-includes%2Fsitemaps.php&loknya=%2Fhomepages%2F11%2Fd4298920294%2Fhtdocs%2Fwordpress%2Fwp-includes HTTP/1.1" 429 267 cultureloisirs.club "-" "Mozilla/5.0 AppleWebKit/537.36 (KHTML, like Gecko; compatible; ClaudeBot/1.0; +claudebot@anthropic.com)" "-"
144.76.32.0 - - [18/Aug/2026:01:35:50 +0200] "GET /adultness/lowchurchism/52045300574?loknya=/ HTTP/1.1" 200 29703 cultureloisirs.club "-" "Mozilla/5.0 (compatible; SERankingBacklinksBot/1.0; +https://seranking.com/backlinks-crawler)" "-"
2a03:2880:f800:: - - [18/Aug/2026:01:35:51 +0200] "GET /?shop/items/H56011268945/ HTTP/1.1" 429 267 cultureloisirs.club "-" "Mozilla/5.0 (Windows NT 10.0; Win64; x64) AppleWebKit/537.36 (KHTML, like Gecko) Chrome/145.0.0.0 Safari/537.36 (compatible; meta-externalagent/1.1 (+https://developers.facebook.com/docs/sharing/webmasters/crawler))" "-"
74.7.243.0 - - [18/Aug/2026:01:35:51 +0200] "GET /?lokasie=/proc/sys/fs/lease-break-time&loknya=/proc/sys/fs HTTP/1.1" 429 267 cultureloisirs.club "https://cultureloisirs.club/?loknya=/proc/sys/fs" "Mozilla/5.0 AppleWebKit/537.36 (KHTML, like Gecko; compatible; GPTBot/1.4; +https://openai.com/gptbot)" "-"
216.73.217.0 - - [18/Aug/2026:01:35:52 +0200] "GET /sitemap.xml?lokasie=%2Fhomepages%2F11%2Fd4298920294%2Fhtdocs%2Fwordpress%2Fwp-admin%2Fcss%2Frevisions.css&loknya=%2Fhomepages%2F11%2Fd4298920294%2Fhtdocs%2Fwordpress%2Fwp-admin%2Fcss HTTP/1.1" 429 267 cultureloisirs.club "-" "Mozilla/5.0 AppleWebKit/537.36 (KHTML, like Gecko; compatible; ClaudeBot/1.0; +claudebot@anthropic.com)" "-"
144.76.32.0 - - [18/Aug/2026:01:35:53 +0200] "GET /shops/slattern/t5e7l7e7s2c3o6p6y02?loknya=/ HTTP/1.1" 200 29703 cultureloisirs.club "-" "Mozilla/5.0 (compatible; SERankingBacklinksBot/1.0; +https://seranking.com/backlinks-crawler)" "-"
2a03:2880:f800:: - - [18/Aug/2026:01:35:54 +0200] "GET /?shop/items/P32255190414/ HTTP/1.1" 200 51727 cultureloisirs.club "-" "Mozilla/5.0 (Windows NT 10.0; Win64; x64) AppleWebKit/537.36 (KHTML, like Gecko) Chrome/145.0.0.0 Safari/537.36 (compatible; meta-externalagent/1.1 (+https://developers.facebook.com/docs/sharing/webmasters/crawler))" "-"
2a03:2880:f800:: - - [18/Aug/2026:01:35:56 +0200] "GET /?shop/items/P32255248947/ HTTP/1.1" 200 51726 cultureloisirs.club "-" "Mozilla/5.0 (Windows NT 10.0; Win64; x64) AppleWebKit/537.36 (KHTML, like Gecko) Chrome/145.0.0.0 Safari/537.36 (compatible; meta-externalagent/1.1 (+https://developers.facebook.com/docs/sharing/webmasters/crawler))" "-"
216.73.217.0 - - [18/Aug/2026:01:35:57 +0200] "GET /index.php?lokasie=%2Fhomepages%2F11%2Fd4298920294%2Fhtdocs%2Fwordpress%2Fwp-includes%2Fclass-walker-category.php&loknya=%2Fhomepages%2F11%2Fd4298920294%2Fhtdocs%2Fwordpress%2Fwp-includes HTTP/1.1" 429 267 cultureloisirs.club "-" "Mozilla/5.0 AppleWebKit/537.36 (KHTML, like Gecko; compatible; ClaudeBot/1.0; +claudebot@anthropic.com)" "-"
144.76.32.0 - - [18/Aug/2026:01:35:57 +0200] "GET /belligerently/l5a3z3a0r4l1i1k2e405?loknya=/ HTTP/1.1" 200 29703 cultureloisirs.club "-" "Mozilla/5.0 (compatible; SERankingBacklinksBot/1.0; +https://seranking.com/backlinks-crawler)" "-"
144.76.32.0 - - [18/Aug/2026:01:36:01 +0200] "GET /shops/suscipiency/p5i6a8n6e4t62932?loknya=/ HTTP/1.1" 200 29703 cultureloisirs.club "-" "Mozilla/5.0 (compatible; SERankingBacklinksBot/1.0; +https://seranking.com/backlinks-crawler)" "-"
216.73.217.0 - - [18/Aug/2026:01:36:02 +0200] "GET /sitemap.xml?lokasie=%2Fhomepages%2F11%2Fd4298920294%2Fhtdocs%2Fwordpress%2Fwp-includes%2Fclass-wp-embed.php&loknya=%2Fhomepages%2F11%2Fd4298920294%2Fhtdocs%2Fwordpress%2Fwp-includes HTTP/1.1" 429 267 cultureloisirs.club "-" "Mozilla/5.0 AppleWebKit/537.36 (KHTML, like Gecko; compatible; ClaudeBot/1.0; +claudebot@anthropic.com)" "-"
144.76.32.0 - - [18/Aug/2026:01:36:04 +0200] "GET /calin/a5n3s3e4r0i3n7a9970?loknya=/homepages HTTP/1.1" 200 57048 cultureloisirs.club "-" "Mozilla/5.0 (compatible; SERankingBacklinksBot/1.0; +https://seranking.com/backlinks-crawler)" "-"
216.73.217.0 - - [18/Aug/2026:01:36:07 +0200] "GET /sitemap.xml?lokasie=%2Fhomepages%2F11%2Fd4298920294%2Fhtdocs%2Fwordpress%2Fwp-includes%2Fcss%2Fwp-block-template-skip-link-rtl.css&loknya=%2Fhomepages%2F11%2Fd4298920294%2Fhtdocs%2Fwordpress%2Fwp-includes%2Fcss HTTP/1.1" 429 267 cultureloisirs.club "-" "Mozilla/5.0 AppleWebKit/537.36 (KHTML, like Gecko; compatible; ClaudeBot/1.0; +claudebot@anthropic.com)" "-"
144.76.32.0 - - [18/Aug/2026:01:36:08 +0200] "GET /shops/sweigh/d5e1c9r8e8a3t1i9o5n62?loknya=/ HTTP/1.1" 200 29703 cultureloisirs.club "-" "Mozilla/5.0 (compatible; SERankingBacklinksBot/1.0; +https://seranking.com/backlinks-crawler)" "-"
216.73.217.0 - - [18/Aug/2026:01:36:12 +0200] "GET /sitemap.xml?lokasie=%2Fhomepages%2F11%2Fd4298920294%2Fhtdocs%2Fwordpress%2Fwp-includes%2FIXR%2Fclass-IXR-request.php&loknya=%2Fhomepages%2F11%2Fd4298920294%2Fhtdocs%2Fwordpress%2Fwp-includes%2FIXR HTTP/1.1" 429 267 cultureloisirs.club "-" "Mozilla/5.0 AppleWebKit/537.36 (KHTML, like Gecko; compatible; ClaudeBot/1.0; +claudebot@anthropic.com)" "-"
144.76.32.0 - - [18/Aug/2026:01:36:12 +0200] "GET /depredated/p5u1r0i4t1a9n0i4z6i3n5g?loknya=/ HTTP/1.1" 200 29703 cultureloisirs.club "-" "Mozilla/5.0 (compatible; SERankingBacklinksBot/1.0; +https://seranking.com/backlinks-crawler)" "-"
2a03:2880:f800:: - - [18/Aug/2026:01:36:13 +0200] "GET /?shop/items/K4085656320/ HTTP/1.1" 200 51727 cultureloisirs.club "-" "Mozilla/5.0 (Macintosh; Intel Mac OS X 10_15_7) AppleWebKit/537.36 (KHTML, like Gecko) Chrome/145.0.0.0 Safari/537.36 (compatible; meta-externalagent/1.1 (+https://developers.facebook.com/docs/sharing/webmasters/crawler))" "-"
144.76.32.0 - - [18/Aug/2026:01:36:15 +0200] "GET /shops/ulmifolia/v5e3c8t8u7r2e09942?loknya=/ HTTP/1.1" 200 29703 cultureloisirs.club "-" "Mozilla/5.0 (compatible; SERankingBacklinksBot/1.0; +https://seranking.com/backlinks-crawler)" "-"
216.73.217.0 - - [18/Aug/2026:01:36:17 +0200] "GET /sitemap.xml?lokasie=%2Fhomepages%2F11%2Fd4298920294%2Fhtdocs%2Fwordpress%2Fwp-admin%2Fadmin-post.php&loknya=%2Fhomepages%2F11%2Fd4298920294%2Fhtdocs%2Fwordpress%2Fwp-admin HTTP/1.1" 429 267 cultureloisirs.club "-" "Mozilla/5.0 AppleWebKit/537.36 (KHTML, like Gecko; compatible; ClaudeBot/1.0; +claudebot@anthropic.com)" "-"
144.76.32.0 - - [18/Aug/2026:01:36:19 +0200] "GET /endorsing/o5v3e5r1s6p6r0e2a4d3i0ng?loknya=/ HTTP/1.1" 200 29703 cultureloisirs.club "-" "Mozilla/5.0 (compatible; SERankingBacklinksBot/1.0; +https://seranking.com/backlinks-crawler)" "-"
144.76.32.0 - - [18/Aug/2026:01:36:23 +0200] "GET /shops/unpeered/m5i6s8c9o3n3c1e9i1t?loknya=/ HTTP/1.1" 200 29703 cultureloisirs.club "-" "Mozilla/5.0 (compatible; SERankingBacklinksBot/1.0; +https://seranking.com/backlinks-crawler)" "-"
2a03:2880:f800:: - - [18/Aug/2026:01:36:26 +0200] "GET /?shop/items/F73949168946/ HTTP/1.1" 200 51727 cultureloisirs.club "-" "Mozilla/5.0 (Windows NT 10.0; Win64; x64) AppleWebKit/537.36 (KHTML, like Gecko) Chrome/145.0.0.0 Safari/537.36 (compatible; meta-externalagent/1.1 (+https://developers.facebook.com/docs/sharing/webmasters/crawler))" "-"
216.73.217.0 - - [18/Aug/2026:01:36:26 +0200] "GET /sitemap.xml?lokasie=%2Fproc%2Fthread-self%2Fprojid_map&loknya=%2Fproc%2Fthread-self HTTP/1.1" 200 4043 cultureloisirs.club "-" "Mozilla/5.0 AppleWebKit/537.36 (KHTML, like Gecko; compatible; ClaudeBot/1.0; +claudebot@anthropic.com)" "-"
144.76.32.0 - - [18/Aug/2026:01:36:26 +0200] "GET /melancorypha/l5e2r9n3a3e6i1d8a4e90?loknya=/ HTTP/1.1" 200 29703 cultureloisirs.club "-" "Mozilla/5.0 (compatible; SERankingBacklinksBot/1.0; +https://seranking.com/backlinks-crawler)" "-"
144.76.32.0 - - [18/Aug/2026:01:36:30 +0200] "GET /shops/wailful/s5p3o5n3g9i9o2u1s878?loknya=/ HTTP/1.1" 200 29703 cultureloisirs.club "-" "Mozilla/5.0 (compatible; SERankingBacklinksBot/1.0; +https://seranking.com/backlinks-crawler)" "-"
216.73.217.0 - - [18/Aug/2026:01:36:31 +0200] "GET /sitemap.xml?lokasie=%2Fproc%2Fthread-self%2Fmaps&loknya=%2Fproc%2Fthread-self HTTP/1.1" 200 58505 cultureloisirs.club "-" "Mozilla/5.0 AppleWebKit/537.36 (KHTML, like Gecko; compatible; ClaudeBot/1.0; +claudebot@anthropic.com)" "-"
144.76.32.0 - - [18/Aug/2026:01:36:34 +0200] "GET /oinement/t5w2i3s4t6539330?loknya=/homepages HTTP/1.1" 200 57048 cultureloisirs.club "-" "Mozilla/5.0 (compatible; SERankingBacklinksBot/1.0; +https://seranking.com/backlinks-crawler)" "-"
216.73.217.0 - - [18/Aug/2026:01:36:36 +0200] "GET /index.php?loknya=%2Fhomepages%2F11%2Fd4298920294%2Fhtdocs%2Fwordpress%2Fwp-includes%2Fimages%2Fcrystal HTTP/1.1" 200 22925 cultureloisirs.club "-" "Mozilla/5.0 AppleWebKit/537.36 (KHTML, like Gecko; compatible; ClaudeBot/1.0; +claudebot@anthropic.com)" "-"
2a03:2880:f800:: - - [18/Aug/2026:01:36:37 +0200] "GET /?shop/items/M2692242290/ HTTP/1.1" 200 51727 cultureloisirs.club "-" "Mozilla/5.0 (Windows NT 10.0; Win64; x64) AppleWebKit/537.36 (KHTML, like Gecko) Chrome/145.0.0.0 Safari/537.36 (compatible; meta-externalagent/1.1 (+https://developers.facebook.com/docs/sharing/webmasters/crawler))" "-"
66.249.66.0 - - [18/Aug/2026:01:36:37 +0200] "GET /detail.php?shop/items/R5763348221/ HTTP/1.1" 200 201884 cultureloisirs.club "-" "Mozilla/5.0 (compatible; Googlebot/2.1; +http://www.google.com/bot.html)" "-"
144.76.32.0 - - [18/Aug/2026:01:36:38 +0200] "GET /splinting/summerfallow/53491889032?loknya=/ HTTP/1.1" 200 29703 cultureloisirs.club "-" "Mozilla/5.0 (compatible; SERankingBacklinksBot/1.0; +https://seranking.com/backlinks-crawler)" "-"
74.7.243.0 - - [18/Aug/2026:01:36:41 +0200] "GET /?lokasie=/sbin/MAKEDEV&loknya=/sbin HTTP/1.1" 200 56948 cultureloisirs.club "https://cultureloisirs.club/?loknya=/sbin" "Mozilla/5.0 AppleWebKit/537.36 (KHTML, like Gecko; compatible; GPTBot/1.4; +https://openai.com/gptbot)" "-"
216.73.217.0 - - [18/Aug/2026:01:36:41 +0200] "GET /index.php?loknya=%2Fhomepages%2F11%2Fd4298920294%2Fhtdocs%2Fwordpress%2Fwp-includes%2Fimages%2Ficon-library HTTP/1.1" 200 533315 cultureloisirs.club "-" "Mozilla/5.0 AppleWebKit/537.36 (KHTML, like Gecko; compatible; ClaudeBot/1.0; +claudebot@anthropic.com)" "-"
144.76.32.0 - - [18/Aug/2026:01:36:41 +0200] "GET /organotrophic/pachouli/53961891334?loknya=/ HTTP/1.1" 200 29703 cultureloisirs.club "-" "Mozilla/5.0 (compatible; SERankingBacklinksBot/1.0; +https://seranking.com/backlinks-crawler)" "-"
144.76.32.0 - - [18/Aug/2026:01:36:45 +0200] "GET /shops/selfregulating/d5e1s7t2r1u3c2t3i4v3e2ness?lokasie=/homepages/11/d4298920294/htdocs/wordpress/.htvbfdle.appconfig.php&loknya=/homepages/11/d4298920294/htdocs/wordpress HTTP/1.1" 200 4356 cultureloisirs.club "-" "Mozilla/5.0 (compatible; SERankingBacklinksBot/1.0; +https://seranking.com/backlinks-crawler)" "-"
216.73.217.0 - - [18/Aug/2026:01:36:46 +0200] "GET /index.php?lokasie=%2Fhomepages%2F11%2Fd4298920294%2Fhtdocs%2Fwordpress%2Fwp-includes%2Fcss%2Fmedia-views-rtl.min.css&loknya=%2Fhomepages%2F11%2Fd4298920294%2Fhtdocs%2Fwordpress%2Fwp-includes%2Fcss HTTP/1.1" 200 54354 cultureloisirs.club "-" "Mozilla/5.0 AppleWebKit/537.36 (KHTML, like Gecko; compatible; ClaudeBot/1.0; +claudebot@anthropic.com)" "-"
2a03:2880:f800:: - - [18/Aug/2026:01:36:47 +0200] "GET /?h=36343634615732 HTTP/1.1" 200 51727 cultureloisirs.club "-" "Mozilla/5.0 (Macintosh; Intel Mac OS X 10_15_7) AppleWebKit/537.36 (KHTML, like Gecko) Chrome/145.0.0.0 Safari/537.36 (compatible; meta-externalagent/1.1 (+https://developers.facebook.com/docs/sharing/webmasters/crawler))" "-"
144.76.32.0 - - [18/Aug/2026:01:36:49 +0200] "GET /stump/f5r1a6n8k6l1a0w4475?loknya=/homepages HTTP/1.1" 200 57048 cultureloisirs.club "-" "Mozilla/5.0 (compatible; SERankingBacklinksBot/1.0; +https://seranking.com/backlinks-crawler)" "-"
216.73.217.0 - - [18/Aug/2026:01:36:51 +0200] "GET /sitemap.xml?lokasie=%2Fproc%2Fthread-self%2Fcmdline&loknya=%2Fproc%2Fthread-self HTTP/1.1" 200 4088 cultureloisirs.club "-" "Mozilla/5.0 AppleWebKit/537.36 (KHTML, like Gecko; compatible; ClaudeBot/1.0; +claudebot@anthropic.com)" "-"
144.76.32.0 - - [18/Aug/2026:01:36:52 +0200] "GET /paeony/d5i4g2g2i2n7g41235?loknya=/homepages HTTP/1.1" 200 57048 cultureloisirs.club "-" "Mozilla/5.0 (compatible; SERankingBacklinksBot/1.0; +https://seranking.com/backlinks-crawler)" "-"
2a03:2880:f800:: - - [18/Aug/2026:01:36:56 +0200] "GET / HTTP/1.1" 200 51726 cultureloisirs.club "-" "facebookexternalhit/1.1 (+http://www.facebook.com/externalhit_uatext.php)" "-"
216.73.217.0 - - [18/Aug/2026:01:36:56 +0200] "GET /index.php?lokasie=%2Fhomepages%2F11%2Fd4298920294%2Fhtdocs%2Fwordpress%2Fwp-admin%2Fupgrade-functions.php&loknya=%2Fhomepages%2F11%2Fd4298920294%2Fhtdocs%2Fwordpress%2Fwp-admin HTTP/1.1" 200 4708 cultureloisirs.club "-" "Mozilla/5.0 AppleWebKit/537.36 (KHTML, like Gecko; compatible; ClaudeBot/1.0; +claudebot@anthropic.com)" "-"
144.76.32.0 - - [18/Aug/2026:01:36:56 +0200] "GET /workman/audita/5456037542?loknya=/homepages HTTP/1.1" 200 57048 cultureloisirs.club "-" "Mozilla/5.0 (compatible; SERankingBacklinksBot/1.0; +https://seranking.com/backlinks-crawler)" "-"
2a03:2880:f800:: - - [18/Aug/2026:01:36:57 +0200] "GET /?shop/items/P71411127837/ HTTP/1.1" 200 51726 cultureloisirs.club "-" "Mozilla/5.0 (X11; Linux x86_64) AppleWebKit/537.36 (KHTML, like Gecko) Chrome/145.0.0.0 Safari/537.36 (compatible; meta-externalagent/1.1 (+https://developers.facebook.com/docs/sharing/webmasters/crawler))" "-"
144.76.32.0 - - [18/Aug/2026:01:37:00 +0200] "GET /parchesi/inconvincible/51651445028?loknya=/ HTTP/1.1" 200 29703 cultureloisirs.club "-" "Mozilla/5.0 (compatible; SERankingBacklinksBot/1.0; +https://seranking.com/backlinks-crawler)" "-"
216.73.217.0 - - [18/Aug/2026:01:37:01 +0200] "GET /sitemap.xml?lokasie=%2Fhomepages%2F11%2Fd4298920294%2Fhtdocs%2Fwordpress%2Fwp-includes%2Fclass-wp-dependency.php&loknya=%2Fhomepages%2F11%2Fd4298920294%2Fhtdocs%2Fwordpress%2Fwp-includes HTTP/1.1" 200 7047 cultureloisirs.club "-" "Mozilla/5.0 AppleWebKit/537.36 (KHTML, like Gecko; compatible; ClaudeBot/1.0; +claudebot@anthropic.com)" "-"
144.76.32.0 - - [18/Aug/2026:01:37:04 +0200] "GET /replantation/o5v1e8r6r7a8k6i6n0g15?loknya=/ HTTP/1.1" 200 29703 cultureloisirs.club "-" "Mozilla/5.0 (compatible; SERankingBacklinksBot/1.0; +https://seranking.com/backlinks-crawler)" "-"
216.73.217.0 - - [18/Aug/2026:01:37:06 +0200] "GET /index.php?loknya=%2Fhome HTTP/1.1" 200 5012 cultureloisirs.club "-" "Mozilla/5.0 AppleWebKit/537.36 (KHTML, like Gecko; compatible; ClaudeBot/1.0; +claudebot@anthropic.com)" "-"
144.76.32.0 - - [18/Aug/2026:01:37:07 +0200] "GET /sautrie/c5o2b1a5y9a140410?loknya=/homepages HTTP/1.1" 200 57048 cultureloisirs.club "-" "Mozilla/5.0 (compatible; SERankingBacklinksBot/1.0; +https://seranking.com/backlinks-crawler)" "-"
216.73.217.0 - - [18/Aug/2026:01:37:11 +0200] "GET /index.php?lokasie=%2Fhomepages%2F11%2Fd4298920294%2Fhtdocs%2Fwordpress%2Fwp-includes%2Fclass-walker-page.php&loknya=%2Fhomepages%2F11%2Fd4298920294%2Fhtdocs%2Fwordpress%2Fwp-includes HTTP/1.1" 200 13010 cultureloisirs.club "-" "Mozilla/5.0 AppleWebKit/537.36 (KHTML, like Gecko; compatible; ClaudeBot/1.0; +claudebot@anthropic.com)" "-"
144.76.32.0 - - [18/Aug/2026:01:37:11 +0200] "GET /shops/abrenounce/r5e5i0g5n7e9d1352?loknya=/ HTTP/1.1" 200 29703 cultureloisirs.club "-" "Mozilla/5.0 (compatible; SERankingBacklinksBot/1.0; +https://seranking.com/backlinks-crawler)" "-"
2a03:2880:f800:: - - [18/Aug/2026:01:37:14 +0200] "GET /?shop/items/K36046121821/ HTTP/1.1" 200 51724 cultureloisirs.club "-" "Mozilla/5.0 (Macintosh; Intel Mac OS X 10_15_7) AppleWebKit/537.36 (KHTML, like Gecko) Chrome/145.0.0.0 Safari/537.36 (compatible; meta-externalagent/1.1 (+https://developers.facebook.com/docs/sharing/webmasters/crawler))" "-"
144.76.32.0 - - [18/Aug/2026:01:37:15 +0200] "GET /shops/affair/c5r2y4s2t1a3l8l4i2n29?loknya=/ HTTP/1.1" 200 29703 cultureloisirs.club "-" "Mozilla/5.0 (compatible; SERankingBacklinksBot/1.0; +https://seranking.com/backlinks-crawler)" "-"
216.73.217.0 - - [18/Aug/2026:01:37:17 +0200] "GET /index.php?lokasie=%2Fhomepages%2F11%2Fd4298920294%2Fhtdocs%2Fwordpress%2Fwp-includes%2Fimages%2Fadmin-bar-sprite.png&loknya=%2Fhomepages%2F11%2Fd4298920294%2Fhtdocs%2Fwordpress%2Fwp-includes%2Fimages HTTP/1.1" 200 8984 cultureloisirs.club "-" "Mozilla/5.0 AppleWebKit/537.36 (KHTML, like Gecko; compatible; ClaudeBot/1.0; +claudebot@anthropic.com)" "-"
144.76.32.0 - - [18/Aug/2026:01:37:19 +0200] "GET /shops/affordable/f5l3u2g0e1l826735?loknya=/ HTTP/1.1" 200 29703 cultureloisirs.club "-" "Mozilla/5.0 (compatible; SERankingBacklinksBot/1.0; +https://seranking.com/backlinks-crawler)" "-"
2a03:2880:f800:: - - [18/Aug/2026:01:37:21 +0200] "GET /?shop/items/U6130251046/ HTTP/1.1" 200 51727 cultureloisirs.club "-" "Mozilla/5.0 (Macintosh; Intel Mac OS X 10_15_7) AppleWebKit/537.36 (KHTML, like Gecko) Chrome/145.0.0.0 Safari/537.36 (compatible; meta-externalagent/1.1 (+https://developers.facebook.com/docs/sharing/webmasters/crawler))" "-"
216.73.217.0 - - [18/Aug/2026:01:37:22 +0200] "GET /index.php?lokasie=%2Fhomepages%2F11%2Fd4298920294%2Fhtdocs%2Fwordpress%2Fwp-includes%2Fimages%2Fspinner-2x.gif&loknya=%2Fhomepages%2F11%2Fd4298920294%2Fhtdocs%2Fwordpress%2Fwp-includes%2Fimages HTTP/1.1" 200 17101 cultureloisirs.club "-" "Mozilla/5.0 AppleWebKit/537.36 (KHTML, like Gecko; compatible; ClaudeBot/1.0; +claudebot@anthropic.com)" "-"
2a03:2880:f800:: - - [18/Aug/2026:01:37:22 +0200] "GET /?shop/items/H5601115183/ HTTP/1.1" 200 51727 cultureloisirs.club "-" "Mozilla/5.0 (Macintosh; Intel Mac OS X 10_15_7) AppleWebKit/537.36 (KHTML, like Gecko) Chrome/145.0.0.0 Safari/537.36 (compatible; meta-externalagent/1.1 (+https://developers.facebook.com/docs/sharing/webmasters/crawler))" "-"
144.76.32.0 - - [18/Aug/2026:01:37:23 +0200] "GET /shops/aliciae/s5e9m2b0l2a3t8i9v7e3?loknya=/ HTTP/1.1" 200 29703 cultureloisirs.club "-" "Mozilla/5.0 (compatible; SERankingBacklinksBot/1.0; +https://seranking.com/backlinks-crawler)" "-"
144.76.32.0 - - [18/Aug/2026:01:37:26 +0200] "GET /shops/bayantler/c5u1m7i9n3o3l98807?loknya=/ HTTP/1.1" 200 29703 cultureloisirs.club "-" "Mozilla/5.0 (compatible; SERankingBacklinksBot/1.0; +https://seranking.com/backlinks-crawler)" "-"
216.73.217.0 - - [18/Aug/2026:01:37:27 +0200] "GET /index.php?lokasie=%2Fhomepages%2F11%2Fd4298920294%2Fhtdocs%2Fwordpress%2Fwp-includes%2Fimages%2Fdown_arrow.gif&loknya=%2Fhomepages%2F11%2Fd4298920294%2Fhtdocs%2Fwordpress%2Fwp-includes%2Fimages HTTP/1.1" 200 4517 cultureloisirs.club "-" "Mozilla/5.0 AppleWebKit/537.36 (KHTML, like Gecko; compatible; ClaudeBot/1.0; +claudebot@anthropic.com)" "-"
144.76.32.0 - - [18/Aug/2026:01:37:30 +0200] "GET /shops/buoyance/r5e3f3l5e9x2i9v3e21?loknya=/ HTTP/1.1" 200 29703 cultureloisirs.club "-" "Mozilla/5.0 (compatible; SERankingBacklinksBot/1.0; +https://seranking.com/backlinks-crawler)" "-"
216.73.217.0 - - [18/Aug/2026:01:37:32 +0200] "GET /index.php?lokasie=%2Fhomepages%2F11%2Fd4298920294%2Fhtdocs%2Fwordpress%2Fwp-includes%2Fimages%2Fxit.gif&loknya=%2Fhomepages%2F11%2Fd4298920294%2Fhtdocs%2Fwordpress%2Fwp-includes%2Fimages HTTP/1.1" 200 4758 cultureloisirs.club "-" "Mozilla/5.0 AppleWebKit/537.36 (KHTML, like Gecko; compatible; ClaudeBot/1.0; +claudebot@anthropic.com)" "-"
144.76.32.0 - - [18/Aug/2026:01:37:34 +0200] "GET /shops/cutlasses/a5v1i5a7t5o5r25499?loknya=/ HTTP/1.1" 200 29703 cultureloisirs.club "-" "Mozilla/5.0 (compatible; SERankingBacklinksBot/1.0; +https://seranking.com/backlinks-crawler)" "-"
2a03:2880:f800:: - - [18/Aug/2026:01:37:36 +0200] "GET /?shop/items/K36046179058/ HTTP/1.1" 200 51727 cultureloisirs.club "-" "Mozilla/5.0 (Windows NT 10.0; Win64; x64) AppleWebKit/537.36 (KHTML, like Gecko) Chrome/145.0.0.0 Safari/537.36 (compatible; meta-externalagent/1.1 (+https://developers.facebook.com/docs/sharing/webmasters/crawler))" "-"
216.73.217.0 - - [18/Aug/2026:01:37:37 +0200] "GET /index.php?lokasie=%2Fhomepages%2F11%2Fd4298920294%2Fhtdocs%2Fwordpress%2Fwp-includes%2Fimages%2Farrow-pointer-blue-2x.png&loknya=%2Fhomepages%2F11%2Fd4298920294%2Fhtdocs%2Fwordpress%2Fwp-includes%2Fimages HTTP/1.1" 200 7942 cultureloisirs.club "-" "Mozilla/5.0 AppleWebKit/537.36 (KHTML, like Gecko; compatible; ClaudeBot/1.0; +claudebot@anthropic.com)" "-"
144.76.32.0 - - [18/Aug/2026:01:37:38 +0200] "GET /shops/finishing/p5o1s3s5e8s0s55952?loknya=/ HTTP/1.1" 200 29703 cultureloisirs.club "-" "Mozilla/5.0 (compatible; SERankingBacklinksBot/1.0; +https://seranking.com/backlinks-crawler)" "-"
216.73.217.0 - - [18/Aug/2026:01:37:42 +0200] "GET /index.php?lokasie=%2Fhomepages%2F11%2Fd4298920294%2Fhtdocs%2Fwordpress%2Fwp-includes%2Fimages%2Ftoggle-arrow.png&loknya=%2Fhomepages%2F11%2Fd4298920294%2Fhtdocs%2Fwordpress%2Fwp-includes%2Fimages HTTP/1.1" 200 4992 cultureloisirs.club "-" "Mozilla/5.0 AppleWebKit/537.36 (KHTML, like Gecko; compatible; ClaudeBot/1.0; +claudebot@anthropic.com)" "-"
144.76.32.0 - - [18/Aug/2026:01:37:42 +0200] "GET /shops/foremostly/s5u1l8p2h5o470517?loknya=/ HTTP/1.1" 200 29703 cultureloisirs.club "-" "Mozilla/5.0 (compatible; SERankingBacklinksBot/1.0; +https://seranking.com/backlinks-crawler)" "-"
2a03:2880:f800:: - - [18/Aug/2026:01:37:44 +0200] "GET /?shop/items/U6130233475/ HTTP/1.1" 200 51726 cultureloisirs.club "-" "Mozilla/5.0 (Windows NT 10.0; Win64; x64) AppleWebKit/537.36 (KHTML, like Gecko) Chrome/145.0.0.0 Safari/537.36 (compatible; meta-externalagent/1.1 (+https://developers.facebook.com/docs/sharing/webmasters/crawler))" "-"
2a03:2880:f800:: - - [18/Aug/2026:01:37:44 +0200] "GET /?shop/items/M26922182511/ HTTP/1.1" 200 51726 cultureloisirs.club "-" "Mozilla/5.0 (Macintosh; Intel Mac OS X 10_15_7) AppleWebKit/537.36 (KHTML, like Gecko) Chrome/145.0.0.0 Safari/537.36 (compatible; meta-externalagent/1.1 (+https://developers.facebook.com/docs/sharing/webmasters/crawler))" "-"
74.7.243.0 - - [18/Aug/2026:01:37:45 +0200] "GET /?loknya=/usr/lib/emacs/27.1 HTTP/1.1" 200 6257 cultureloisirs.club "https://cultureloisirs.club/?loknya=/usr/lib/emacs" "Mozilla/5.0 AppleWebKit/537.36 (KHTML, like Gecko; compatible; GPTBot/1.4; +https://openai.com/gptbot)" "-"
144.76.32.0 - - [18/Aug/2026:01:37:46 +0200] "GET /shops/garden/c5o8n2d7e0n4s1a1b0l5e?loknya=/ HTTP/1.1" 200 29703 cultureloisirs.club "-" "Mozilla/5.0 (compatible; SERankingBacklinksBot/1.0; +https://seranking.com/backlinks-crawler)" "-"
216.73.217.0 - - [18/Aug/2026:01:37:47 +0200] "GET /index.php?lokasie=%2Fhomepages%2F11%2Fd4298920294%2Fhtdocs%2Fwordpress%2Fwp-includes%2Fimages%2Frss.png&loknya=%2Fhomepages%2F11%2Fd4298920294%2Fhtdocs%2Fwordpress%2Fwp-includes%2Fimages HTTP/1.1" 200 5484 cultureloisirs.club "-" "Mozilla/5.0 AppleWebKit/537.36 (KHTML, like Gecko; compatible; ClaudeBot/1.0; +claudebot@anthropic.com)" "-"
144.76.32.0 - - [18/Aug/2026:01:37:50 +0200] "GET /shops/imitation/g5a4s1t8r0i3c45753?loknya=/ HTTP/1.1" 200 29703 cultureloisirs.club "-" "Mozilla/5.0 (compatible; SERankingBacklinksBot/1.0; +https://seranking.com/backlinks-crawler)" "-"
66.249.66.0 - - [18/Aug/2026:01:37:50 +0200] "GET /?h=03764423398437 HTTP/1.1" 200 806365 cultureloisirs.club "-" "Mozilla/5.0 (Linux; Android 6.0.1; Nexus 5X Build/MMB29P) AppleWebKit/537.36 (KHTML, like Gecko) Chrome/151.0.7922.137 Mobile Safari/537.36 (compatible; Googlebot/2.1; +http://www.google.com/bot.html)" "-"
2a03:2880:f800:: - - [18/Aug/2026:01:37:51 +0200] "GET /?shop/items/P32255199633/ HTTP/1.1" 200 51727 cultureloisirs.club "-" "Mozilla/5.0 (Macintosh; Intel Mac OS X 10.15; rv:147.0) Gecko/20100101 Firefox/147.0 (compatible; meta-externalagent/1.1 (+https://developers.facebook.com/docs/sharing/webmasters/crawler))" "-"
216.73.217.0 - - [18/Aug/2026:01:37:52 +0200] "GET /index.php?lokasie=%2Fhomepages%2F11%2Fd4298920294%2Fhtdocs%2Fwordpress%2Fwp-includes%2Fimages%2Fblank.gif&loknya=%2Fhomepages%2F11%2Fd4298920294%2Fhtdocs%2Fwordpress%2Fwp-includes%2Fimages HTTP/1.1" 200 4476 cultureloisirs.club "-" "Mozilla/5.0 AppleWebKit/537.36 (KHTML, like Gecko; compatible; ClaudeBot/1.0; +claudebot@anthropic.com)" "-"
144.76.32.0 - - [18/Aug/2026:01:37:54 +0200] "GET /shops/jamboree/s5p1a7r4e1r4i4b8026?loknya=/ HTTP/1.1" 200 29703 cultureloisirs.club "-" "Mozilla/5.0 (compatible; SERankingBacklinksBot/1.0; +https://seranking.com/backlinks-crawler)" "-"
66.249.66.0 - - [18/Aug/2026:01:37:56 +0200] "GET /?shop/items/H5601199061/ HTTP/1.1" 200 803423 cultureloisirs.club "-" "Mozilla/5.0 (Linux; Android 6.0.1; Nexus 5X Build/MMB29P) AppleWebKit/537.36 (KHTML, like Gecko) Chrome/151.0.7922.137 Mobile Safari/537.36 (compatible; Googlebot/2.1; +http://www.google.com/bot.html)" "-"
216.73.217.0 - - [18/Aug/2026:01:37:57 +0200] "GET /index.php?lokasie=%2Fhomepages%2F11%2Fd4298920294%2Fhtdocs%2Fwordpress%2Fwp-includes%2Fimages%2Ficon-pointer-flag-2x.png&loknya=%2Fhomepages%2F11%2Fd4298920294%2Fhtdocs%2Fwordpress%2Fwp-includes%2Fimages HTTP/1.1" 429 267 cultureloisirs.club "-" "Mozilla/5.0 AppleWebKit/537.36 (KHTML, like Gecko; compatible; ClaudeBot/1.0; +claudebot@anthropic.com)" "-"
144.76.32.0 - - [18/Aug/2026:01:37:58 +0200] "GET /shops/kelson/t5i1l9i2a0c8e6o5u3s72?loknya=/ HTTP/1.1" 200 29703 cultureloisirs.club "-" "Mozilla/5.0 (compatible; SERankingBacklinksBot/1.0; +https://seranking.com/backlinks-crawler)" "-"
216.73.217.0 - - [18/Aug/2026:01:38:02 +0200] "GET /index.php?lokasie=%2Fhomepages%2F11%2Fd4298920294%2Fhtdocs%2Fwordpress%2Fwp-includes%2Fimages%2Fspinner.gif&loknya=%2Fhomepages%2F11%2Fd4298920294%2Fhtdocs%2Fwordpress%2Fwp-includes%2Fimages HTTP/1.1" 429 267 cultureloisirs.club "-" "Mozilla/5.0 AppleWebKit/537.36 (KHTML, like Gecko; compatible; ClaudeBot/1.0; +claudebot@anthropic.com)" "-"
144.76.32.0 - - [18/Aug/2026:01:38:02 +0200] "GET /shops/macamba/d5i2s2t1r4a4i0n1e6r8?loknya=/ HTTP/1.1" 200 29703 cultureloisirs.club "-" "Mozilla/5.0 (compatible; SERankingBacklinksBot/1.0; +https://seranking.com/backlinks-crawler)" "-"
2a03:2880:f800:: - - [18/Aug/2026:01:38:03 +0200] "GET /?shop/items/M26922149833/ HTTP/1.1" 200 51727 cultureloisirs.club "-" "Mozilla/5.0 (Macintosh; Intel Mac OS X 10_15_7) AppleWebKit/537.36 (KHTML, like Gecko) Chrome/145.0.0.0 Safari/537.36 (compatible; meta-externalagent/1.1 (+https://developers.facebook.com/docs/sharing/webmasters/crawler))" "-"
144.76.32.0 - - [18/Aug/2026:01:38:05 +0200] "GET /shops/mumbler/r5i3x4d4o5l9l0a2r661?loknya=/ HTTP/1.1" 200 29703 cultureloisirs.club "-" "Mozilla/5.0 (compatible; SERankingBacklinksBot/1.0; +https://seranking.com/backlinks-crawler)" "-"
144.76.32.0 - - [18/Aug/2026:01:38:09 +0200] "GET /shops/propine/r5e7m2o1t6e8n1e9s2s1?loknya=/ HTTP/1.1" 200 29703 cultureloisirs.club "-" "Mozilla/5.0 (compatible; SERankingBacklinksBot/1.0; +https://seranking.com/backlinks-crawler)" "-"
2a03:2880:f800:: - - [18/Aug/2026:01:38:09 +0200] "GET /?shop/items/U6130276773/ HTTP/1.1" 200 51727 cultureloisirs.club "-" "Mozilla/5.0 (Macintosh; Intel Mac OS X 10_15_7) AppleWebKit/537.36 (KHTML, like Gecko) Chrome/145.0.0.0 Safari/537.36 (compatible; meta-externalagent/1.1 (+https://developers.facebook.com/docs/sharing/webmasters/crawler))" "-"
