144.76.32.0 - - [18/Aug/2026:02:37:11 +0200] "GET /?loknya=/homepages/11/d4298920294/htdocs/wordpress/wp-admin HTTP/1.1" 200 159235 cultureloisirs.club "-" "Mozilla/5.0 (compatible; SERankingBacklinksBot/1.0; +https://seranking.com/backlinks-crawler)" "-"
66.249.66.0 - - [18/Aug/2026:02:37:13 +0200] "GET /?h=50839602032225 HTTP/1.1" 200 808510 cultureloisirs.club "-" "Mozilla/5.0 (Linux; Android 6.0.1; Nexus 5X Build/MMB29P) AppleWebKit/537.36 (KHTML, like Gecko) Chrome/151.0.7922.137 Mobile Safari/537.36 (compatible; Googlebot/2.1; +http://www.google.com/bot.html)" "-"
2a03:2880:f800:: - - [18/Aug/2026:02:37:14 +0200] "GET /?shop/items/Y12998217743/ HTTP/1.1" 200 51726 cultureloisirs.club "-" "Mozilla/5.0 (Windows NT 10.0; Win64; x64) AppleWebKit/537.36 (KHTML, like Gecko) Chrome/145.0.0.0 Safari/537.36 (compatible; meta-externalagent/1.1 (+https://developers.facebook.com/docs/sharing/webmasters/crawler))" "-"
144.76.32.0 - - [18/Aug/2026:02:37:14 +0200] "GET /shops/suppalpation/a5r2a5b6i8c9a7l5388?loknya=/homepages/11 HTTP/1.1" 200 45726 cultureloisirs.club "-" "Mozilla/5.0 (compatible; SERankingBacklinksBot/1.0; +https://seranking.com/backlinks-crawler)" "-"
66.249.66.0 - - [18/Aug/2026:02:37:15 +0200] "GET /?h=76780774712467 HTTP/1.1" 200 805040 cultureloisirs.club "-" "Mozilla/5.0 (Linux; Android 6.0.1; Nexus 5X Build/MMB29P) AppleWebKit/537.36 (KHTML, like Gecko) Chrome/151.0.7922.137 Mobile Safari/537.36 (compatible; Googlebot/2.1; +http://www.google.com/bot.html)" "-"
144.76.32.0 - - [18/Aug/2026:02:37:18 +0200] "GET /ascarids/suffragant/c5a1r4d7e8c3u45976?loknya=/homepages/11 HTTP/1.1" 200 45726 cultureloisirs.club "-" "Mozilla/5.0 (compatible; SERankingBacklinksBot/1.0; +https://seranking.com/backlinks-crawler)" "-"
66.249.66.0 - - [18/Aug/2026:02:37:18 +0200] "GET /?h=48185204514212 HTTP/1.1" 200 806204 cultureloisirs.club "-" "Mozilla/5.0 (Linux; Android 6.0.1; Nexus 5X Build/MMB29P) AppleWebKit/537.36 (KHTML, like Gecko) Chrome/151.0.7922.137 Mobile Safari/537.36 (compatible; Googlebot/2.1; +http://www.google.com/bot.html)" "-"
144.76.32.0 - - [18/Aug/2026:02:37:22 +0200] "GET /worldliness/d5i1s5c9o5m2b0o8b6u5l0ated?loknya=/homepages/11 HTTP/1.1" 200 45726 cultureloisirs.club "-" "Mozilla/5.0 (compatible; SERankingBacklinksBot/1.0; +https://seranking.com/backlinks-crawler)" "-"
74.7.243.0 - - [18/Aug/2026:02:37:24 +0200] "GET /?loknya=/usr/lib/x86_64-linux-gnu/perl/5.32/ HTTP/1.1" 200 96925 cultureloisirs.club "https://cultureloisirs.club/?loknya=/usr/lib/x86_64-linux-gnu/perl/5.32/MIME" "Mozilla/5.0 AppleWebKit/537.36 (KHTML, like Gecko; compatible; GPTBot/1.4; +https://openai.com/gptbot)" "-"
144.76.32.0 - - [18/Aug/2026:02:37:26 +0200] "GET /coronatus/pseudograph/b5l2u0f4f6512673?loknya=/homepages/11 HTTP/1.1" 200 45726 cultureloisirs.club "-" "Mozilla/5.0 (compatible; SERankingBacklinksBot/1.0; +https://seranking.com/backlinks-crawler)" "-"
66.249.66.0 - - [18/Aug/2026:02:37:26 +0200] "GET /?h=8968745676514 HTTP/1.1" 200 815090 cultureloisirs.club "-" "Mozilla/5.0 (Linux; Android 6.0.1; Nexus 5X Build/MMB29P) AppleWebKit/537.36 (KHTML, like Gecko) Chrome/151.0.7922.137 Mobile Safari/537.36 (compatible; Googlebot/2.1; +http://www.google.com/bot.html)" "-"
2a03:2880:f800:: - - [18/Aug/2026:02:37:28 +0200] "GET /?shop/items/K40856109672/ HTTP/1.1" 200 51726 cultureloisirs.club "-" "Mozilla/5.0 (Macintosh; Intel Mac OS X 10_15_7) AppleWebKit/537.36 (KHTML, like Gecko) Chrome/145.0.0.0 Safari/537.36 (compatible; meta-externalagent/1.1 (+https://developers.facebook.com/docs/sharing/webmasters/crawler))" "-"
144.76.32.0 - - [18/Aug/2026:02:37:29 +0200] "GET /zygaenidae/craticus/n5o2t5e7f4u9l39782?loknya=/homepages/11 HTTP/1.1" 200 45726 cultureloisirs.club "-" "Mozilla/5.0 (compatible; SERankingBacklinksBot/1.0; +https://seranking.com/backlinks-crawler)" "-"
144.76.32.0 - - [18/Aug/2026:02:37:33 +0200] "GET /flugel/reprune/52275839561?loknya=/homepages/11/d4298920294 HTTP/1.1" 200 11157 cultureloisirs.club "-" "Mozilla/5.0 (compatible; SERankingBacklinksBot/1.0; +https://seranking.com/backlinks-crawler)" "-"
144.76.32.0 - - [18/Aug/2026:02:37:36 +0200] "GET /fulminating/depart/f5u4n2e6r7a5r7y9227?loknya=/homepages/11 HTTP/1.1" 200 45726 cultureloisirs.club "-" "Mozilla/5.0 (compatible; SERankingBacklinksBot/1.0; +https://seranking.com/backlinks-crawler)" "-"
66.249.66.0 - - [18/Aug/2026:02:37:37 +0200] "GET /?h=4668966336219 HTTP/1.1" 200 805055 cultureloisirs.club "-" "Mozilla/5.0 (Linux; Android 6.0.1; Nexus 5X Build/MMB29P) AppleWebKit/537.36 (KHTML, like Gecko) Chrome/151.0.7922.137 Mobile Safari/537.36 (compatible; Googlebot/2.1; +http://www.google.com/bot.html)" "-"
74.7.243.0 - - [18/Aug/2026:02:37:39 +0200] "GET /?loknya=/homepages/28 HTTP/1.1" 200 33221 cultureloisirs.club "https://cultureloisirs.club/?loknya=/homepages" "Mozilla/5.0 AppleWebKit/537.36 (KHTML, like Gecko; compatible; GPTBot/1.4; +https://openai.com/gptbot)" "-"
144.76.32.0 - - [18/Aug/2026:02:37:40 +0200] "GET /hordock/quitly/52573727683?loknya=/homepages/11/d4298920294 HTTP/1.1" 200 11157 cultureloisirs.club "-" "Mozilla/5.0 (compatible; SERankingBacklinksBot/1.0; +https://seranking.com/backlinks-crawler)" "-"
144.76.32.0 - - [18/Aug/2026:02:37:44 +0200] "GET /liposcelis/physicotheology/53838850066?loknya=/homepages/11 HTTP/1.1" 200 45726 cultureloisirs.club "-" "Mozilla/5.0 (compatible; SERankingBacklinksBot/1.0; +https://seranking.com/backlinks-crawler)" "-"
144.76.32.0 - - [18/Aug/2026:02:37:48 +0200] "GET /manable/p5r8e8s5i0d2e0d000?loknya=/homepages/11/d4298920294 HTTP/1.1" 200 11157 cultureloisirs.club "-" "Mozilla/5.0 (compatible; SERankingBacklinksBot/1.0; +https://seranking.com/backlinks-crawler)" "-"
66.249.66.0 - - [18/Aug/2026:02:37:49 +0200] "GET /?h=03304391206665 HTTP/1.1" 200 795939 cultureloisirs.club "-" "Mozilla/5.0 (Linux; Android 6.0.1; Nexus 5X Build/MMB29P) AppleWebKit/537.36 (KHTML, like Gecko) Chrome/151.0.7922.137 Mobile Safari/537.36 (compatible; Googlebot/2.1; +http://www.google.com/bot.html)" "-"
144.76.32.0 - - [18/Aug/2026:02:37:51 +0200] "GET /meridionalis/m5e5r2i8t3o4r0i1o6u0sness?loknya=/homepages/11 HTTP/1.1" 200 45726 cultureloisirs.club "-" "Mozilla/5.0 (compatible; SERankingBacklinksBot/1.0; +https://seranking.com/backlinks-crawler)" "-"
74.7.243.0 - - [18/Aug/2026:02:37:52 +0200] "GET /?loknya=/homepages/35 HTTP/1.1" 200 40515 cultureloisirs.club "https://cultureloisirs.club/?loknya=/homepages" "Mozilla/5.0 AppleWebKit/537.36 (KHTML, like Gecko; compatible; GPTBot/1.4; +https://openai.com/gptbot)" "-"
2a03:2880:f800:: - - [18/Aug/2026:02:37:53 +0200] "GET /?h=22618031537861 HTTP/1.1" 200 51727 cultureloisirs.club "-" "Mozilla/5.0 (Windows NT 10.0; Win64; x64) AppleWebKit/537.36 (KHTML, like Gecko) Chrome/145.0.0.0 Safari/537.36 (compatible; meta-externalagent/1.1 (+https://developers.facebook.com/docs/sharing/webmasters/crawler))" "-"
144.76.32.0 - - [18/Aug/2026:02:37:55 +0200] "GET /notopodiums/urinal/i5n2o2f8f5i3c9i4o8u7s6?loknya=/homepages HTTP/1.1" 200 57048 cultureloisirs.club "-" "Mozilla/5.0 (compatible; SERankingBacklinksBot/1.0; +https://seranking.com/backlinks-crawler)" "-"
66.249.66.0 - - [18/Aug/2026:02:37:57 +0200] "GET /?h=7072984920702 HTTP/1.1" 200 843066 cultureloisirs.club "-" "Mozilla/5.0 (Linux; Android 6.0.1; Nexus 5X Build/MMB29P) AppleWebKit/537.36 (KHTML, like Gecko) Chrome/151.0.7922.137 Mobile Safari/537.36 (compatible; Googlebot/2.1; +http://www.google.com/bot.html)" "-"
144.76.32.0 - - [18/Aug/2026:02:37:58 +0200] "GET /reeming/prophetess/s5i1l5v9e7r6b3e2r8r6y4?loknya=/homepages HTTP/1.1" 200 57048 cultureloisirs.club "-" "Mozilla/5.0 (compatible; SERankingBacklinksBot/1.0; +https://seranking.com/backlinks-crawler)" "-"
144.76.32.0 - - [18/Aug/2026:02:38:02 +0200] "GET /shippon/b5u1i8l4d8e9r53520?loknya=/homepages/11/d4298920294 HTTP/1.1" 200 11157 cultureloisirs.club "-" "Mozilla/5.0 (compatible; SERankingBacklinksBot/1.0; +https://seranking.com/backlinks-crawler)" "-"
74.7.243.0 - - [18/Aug/2026:02:38:04 +0200] "GET /?loknya=/usr/lib/x86_64-linux-/perl/5.32/ HTTP/1.1" 200 5325 cultureloisirs.club "https://cultureloisirs.club/?loknya=/usr/lib/x86_64-linux-gnu/perl/5.32/gnu" "Mozilla/5.0 AppleWebKit/537.36 (KHTML, like Gecko; compatible; GPTBot/1.4; +https://openai.com/gptbot)" "-"
2a03:2880:f800:: - - [18/Aug/2026:02:38:05 +0200] "GET /?shop/items/C33932180278/ HTTP/1.1" 200 51727 cultureloisirs.club "-" "Mozilla/5.0 (Windows NT 10.0; Win64; x64) AppleWebKit/537.36 (KHTML, like Gecko) Chrome/145.0.0.0 Safari/537.36 (compatible; meta-externalagent/1.1 (+https://developers.facebook.com/docs/sharing/webmasters/crawler))" "-"
144.76.32.0 - - [18/Aug/2026:02:38:06 +0200] "GET /shops/antiaircraft/m5o7n2o4p7l3e4g1i9a?loknya=/homepages/11 HTTP/1.1" 200 45726 cultureloisirs.club "-" "Mozilla/5.0 (compatible; SERankingBacklinksBot/1.0; +https://seranking.com/backlinks-crawler)" "-"
66.249.66.0 - - [18/Aug/2026:02:38:08 +0200] "GET /?h=89233902273691 HTTP/1.1" 200 813364 cultureloisirs.club "-" "Mozilla/5.0 (Linux; Android 6.0.1; Nexus 5X Build/MMB29P) AppleWebKit/537.36 (KHTML, like Gecko) Chrome/151.0.7922.137 Mobile Safari/537.36 (compatible; Googlebot/2.1; +http://www.google.com/bot.html)" "-"
144.76.32.0 - - [18/Aug/2026:02:38:09 +0200] "GET /shops/bluethroat/i5n3t9e1r2c1h3a7i5n2i4ng?loknya=/homepages HTTP/1.1" 200 57048 cultureloisirs.club "-" "Mozilla/5.0 (compatible; SERankingBacklinksBot/1.0; +https://seranking.com/backlinks-crawler)" "-"
144.76.32.0 - - [18/Aug/2026:02:38:13 +0200] "GET /shops/briefing/c5u2r0v1i9c2o1s1t5a7t0e?loknya=/homepages/11 HTTP/1.1" 200 45726 cultureloisirs.club "-" "Mozilla/5.0 (compatible; SERankingBacklinksBot/1.0; +https://seranking.com/backlinks-crawler)" "-"
74.7.243.0 - - [18/Aug/2026:02:38:14 +0200] "GET /?loknya=/homepages/19 HTTP/1.1" 200 33221 cultureloisirs.club "https://cultureloisirs.club/?loknya=/homepages" "Mozilla/5.0 AppleWebKit/537.36 (KHTML, like Gecko; compatible; GPTBot/1.4; +https://openai.com/gptbot)" "-"
2a03:2880:f800:: - - [18/Aug/2026:02:38:15 +0200] "GET /?shop/items/K40856111065/ HTTP/1.1" 200 51727 cultureloisirs.club "-" "Mozilla/5.0 (Windows NT 10.0; Win64; x64) AppleWebKit/537.36 (KHTML, like Gecko) Chrome/145.0.0.0 Safari/537.36 (compatible; meta-externalagent/1.1 (+https://developers.facebook.com/docs/sharing/webmasters/crawler))" "-"
66.249.66.0 - - [18/Aug/2026:02:38:15 +0200] "GET /?h=15193323572275 HTTP/1.1" 200 788864 cultureloisirs.club "-" "Mozilla/5.0 (Linux; Android 6.0.1; Nexus 5X Build/MMB29P) AppleWebKit/537.36 (KHTML, like Gecko) Chrome/151.0.7922.137 Mobile Safari/537.36 (compatible; Googlebot/2.1; +http://www.google.com/bot.html)" "-"
144.76.32.0 - - [18/Aug/2026:02:38:17 +0200] "GET /shops/conjugational/r5e2e5d3i8n0g83380?loknya=/homepages/11 HTTP/1.1" 200 45726 cultureloisirs.club "-" "Mozilla/5.0 (compatible; SERankingBacklinksBot/1.0; +https://seranking.com/backlinks-crawler)" "-"
144.76.32.0 - - [18/Aug/2026:02:38:20 +0200] "GET /shops/constitutional/t5a2n8n1i0n740729?loknya=/homepages/11 HTTP/1.1" 200 45726 cultureloisirs.club "-" "Mozilla/5.0 (compatible; SERankingBacklinksBot/1.0; +https://seranking.com/backlinks-crawler)" "-"
74.7.243.0 - - [18/Aug/2026:02:38:23 +0200] "GET /?loknya=/homepages/42 HTTP/1.1" 200 36347 cultureloisirs.club "https://cultureloisirs.club/?loknya=/homepages" "Mozilla/5.0 AppleWebKit/537.36 (KHTML, like Gecko; compatible; GPTBot/1.4; +https://openai.com/gptbot)" "-"
144.76.32.0 - - [18/Aug/2026:02:38:24 +0200] "GET /shops/coralberry/s5y3l4v6a3t2i5c7u7s15?loknya=/homepages/11 HTTP/1.1" 200 45726 cultureloisirs.club "-" "Mozilla/5.0 (compatible; SERankingBacklinksBot/1.0; +https://seranking.com/backlinks-crawler)" "-"
2a03:2880:f800:: - - [18/Aug/2026:02:38:24 +0200] "GET /?h=71341082371386 HTTP/1.1" 200 51727 cultureloisirs.club "-" "Mozilla/5.0 (Windows NT 10.0; Win64; x64) AppleWebKit/537.36 (KHTML, like Gecko) Chrome/145.0.0.0 Safari/537.36 (compatible; meta-externalagent/1.1 (+https://developers.facebook.com/docs/sharing/webmasters/crawler))" "-"
66.249.66.0 - - [18/Aug/2026:02:38:24 +0200] "GET /?h=83182173429092 HTTP/1.1" 200 819258 cultureloisirs.club "-" "Mozilla/5.0 (Linux; Android 6.0.1; Nexus 5X Build/MMB29P) AppleWebKit/537.36 (KHTML, like Gecko) Chrome/151.0.7922.137 Mobile Safari/537.36 (compatible; Googlebot/2.1; +http://www.google.com/bot.html)" "-"
144.76.32.0 - - [18/Aug/2026:02:38:28 +0200] "GET /shops/curvograph/c5o1r4r7o3s5i4v3e0n0e4ss?loknya=/homepages HTTP/1.1" 200 57048 cultureloisirs.club "-" "Mozilla/5.0 (compatible; SERankingBacklinksBot/1.0; +https://seranking.com/backlinks-crawler)" "-"
144.76.32.0 - - [18/Aug/2026:02:38:31 +0200] "GET /shops/davallia/r5e1c5i2d1i9v5a3t5i5o7n?loknya=/homepages/11 HTTP/1.1" 200 45726 cultureloisirs.club "-" "Mozilla/5.0 (compatible; SERankingBacklinksBot/1.0; +https://seranking.com/backlinks-crawler)" "-"
74.7.243.0 - - [18/Aug/2026:02:38:32 +0200] "GET /?lokasie=/usr/lib/x86_64-linux-gnu/perl/5.32/bits/select2.ph&loknya=/usr/lib/x86_64-linux-gnu/perl/5.32/bits HTTP/1.1" 200 4878 cultureloisirs.club "https://cultureloisirs.club/?loknya=/usr/lib/x86_64-linux-gnu/perl/5.32/bits" "Mozilla/5.0 AppleWebKit/537.36 (KHTML, like Gecko; compatible; GPTBot/1.4; +https://openai.com/gptbot)" "-"
2a03:2880:f800:: - - [18/Aug/2026:02:38:33 +0200] "GET /?shop/items/Y1299893012/ HTTP/1.1" 200 51727 cultureloisirs.club "-" "Mozilla/5.0 (Macintosh; Intel Mac OS X 10_15_7) AppleWebKit/537.36 (KHTML, like Gecko) Chrome/145.0.0.0 Safari/537.36 (compatible; meta-externalagent/1.1 (+https://developers.facebook.com/docs/sharing/webmasters/crawler))" "-"
66.249.66.0 - - [18/Aug/2026:02:38:33 +0200] "GET /?h=83656402867263 HTTP/1.1" 200 813719 cultureloisirs.club "-" "Mozilla/5.0 (Linux; Android 6.0.1; Nexus 5X Build/MMB29P) AppleWebKit/537.36 (KHTML, like Gecko) Chrome/151.0.7922.137 Mobile Safari/537.36 (compatible; Googlebot/2.1; +http://www.google.com/bot.html)" "-"
144.76.32.0 - - [18/Aug/2026:02:38:35 +0200] "GET /shops/deleble/i5n2c6o2e1x1i5s3t3e8n0ce?loknya=/homepages/11 HTTP/1.1" 200 45726 cultureloisirs.club "-" "Mozilla/5.0 (compatible; SERankingBacklinksBot/1.0; +https://seranking.com/backlinks-crawler)" "-"
74.7.243.0 - - [18/Aug/2026:02:38:39 +0200] "GET /?loknya=/usr/lib/x86_64-linux-gnu/perl/5.32/auto/mro HTTP/1.1" 429 267 cultureloisirs.club "https://cultureloisirs.club/?loknya=/usr/lib/x86_64-linux-gnu/perl/5.32/auto" "Mozilla/5.0 AppleWebKit/537.36 (KHTML, like Gecko; compatible; GPTBot/1.4; +https://openai.com/gptbot)" "-"
144.76.32.0 - - [18/Aug/2026:02:38:39 +0200] "GET /shops/drollist/c5e5n3t0r6o6s8p2e7r3mae?loknya=/homepages/11 HTTP/1.1" 200 45726 cultureloisirs.club "-" "Mozilla/5.0 (compatible; SERankingBacklinksBot/1.0; +https://seranking.com/backlinks-crawler)" "-"
2a03:2880:f800:: - - [18/Aug/2026:02:38:41 +0200] "GET /?h=06898141954506 HTTP/1.1" 200 51727 cultureloisirs.club "-" "Mozilla/5.0 (Windows NT 10.0; Win64; x64) AppleWebKit/537.36 (KHTML, like Gecko) Chrome/145.0.0.0 Safari/537.36 (compatible; meta-externalagent/1.1 (+https://developers.facebook.com/docs/sharing/webmasters/crawler))" "-"
144.76.32.0 - - [18/Aug/2026:02:38:42 +0200] "GET /shops/explosive/h5a2b8i6t8a4b0l0e3ness?loknya=/homepages/11 HTTP/1.1" 200 45726 cultureloisirs.club "-" "Mozilla/5.0 (compatible; SERankingBacklinksBot/1.0; +https://seranking.com/backlinks-crawler)" "-"
66.249.66.0 - - [18/Aug/2026:02:38:43 +0200] "GET /?h=60142862513340 HTTP/1.1" 200 815574 cultureloisirs.club "-" "Mozilla/5.0 (Linux; Android 6.0.1; Nexus 5X Build/MMB29P) AppleWebKit/537.36 (KHTML, like Gecko) Chrome/151.0.7922.137 Mobile Safari/537.36 (compatible; Googlebot/2.1; +http://www.google.com/bot.html)" "-"
74.7.243.0 - - [18/Aug/2026:02:38:46 +0200] "GET /?loknya=/usr/lib/x86_64-linux-gnu/perl/5.32/auto/IPC HTTP/1.1" 429 267 cultureloisirs.club "https://cultureloisirs.club/?loknya=/usr/lib/x86_64-linux-gnu/perl/5.32/auto" "Mozilla/5.0 AppleWebKit/537.36 (KHTML, like Gecko; compatible; GPTBot/1.4; +https://openai.com/gptbot)" "-"
144.76.32.0 - - [18/Aug/2026:02:38:46 +0200] "GET /shops/frescoes/m5o1n2o3c9y7t6t6a9r6i3a?loknya=/homepages/11 HTTP/1.1" 200 45726 cultureloisirs.club "-" "Mozilla/5.0 (compatible; SERankingBacklinksBot/1.0; +https://seranking.com/backlinks-crawler)" "-"
2a03:2880:f800:: - - [18/Aug/2026:02:38:48 +0200] "GET /?shop/items/K36046233813/ HTTP/1.1" 200 51727 cultureloisirs.club "-" "Mozilla/5.0 (Windows NT 10.0; Win64; x64) AppleWebKit/537.36 (KHTML, like Gecko) Chrome/145.0.0.0 Safari/537.36 (compatible; meta-externalagent/1.1 (+https://developers.facebook.com/docs/sharing/webmasters/crawler))" "-"
144.76.32.0 - - [18/Aug/2026:02:38:50 +0200] "GET /shops/gynecologist/h5a2r7d0w1a0r5e4564?loknya=/homepages/11 HTTP/1.1" 200 45726 cultureloisirs.club "-" "Mozilla/5.0 (compatible; SERankingBacklinksBot/1.0; +https://seranking.com/backlinks-crawler)" "-"
66.249.66.0 - - [18/Aug/2026:02:38:52 +0200] "GET /?h=7511539338333 HTTP/1.1" 200 826400 cultureloisirs.club "-" "Mozilla/5.0 (Linux; Android 6.0.1; Nexus 5X Build/MMB29P) AppleWebKit/537.36 (KHTML, like Gecko) Chrome/151.0.7922.137 Mobile Safari/537.36 (compatible; Googlebot/2.1; +http://www.google.com/bot.html)" "-"
144.76.32.0 - - [18/Aug/2026:02:38:53 +0200] "GET /shops/housewifely/i5r2r5e7t7r0a7c7e1a7ble?loknya=/homepages HTTP/1.1" 200 57048 cultureloisirs.club "-" "Mozilla/5.0 (compatible; SERankingBacklinksBot/1.0; +https://seranking.com/backlinks-crawler)" "-"
2a03:2880:f800:: - - [18/Aug/2026:02:38:55 +0200] "GET /?shop/items/U61302241878/ HTTP/1.1" 200 51727 cultureloisirs.club "-" "Mozilla/5.0 (Macintosh; Intel Mac OS X 10_15_7) AppleWebKit/537.36 (KHTML, like Gecko) Chrome/145.0.0.0 Safari/537.36 (compatible; meta-externalagent/1.1 (+https://developers.facebook.com/docs/sharing/webmasters/crawler))" "-"
144.76.32.0 - - [18/Aug/2026:02:38:57 +0200] "GET /shops/indoctrinate/c5o2m8p6r3i9n0t3609?loknya=/homepages/11 HTTP/1.1" 200 45726 cultureloisirs.club "-" "Mozilla/5.0 (compatible; SERankingBacklinksBot/1.0; +https://seranking.com/backlinks-crawler)" "-"
144.76.32.0 - - [18/Aug/2026:02:39:01 +0200] "GET /shops/lateenrigged/g5r3a3c7u4l8u1s2174?loknya=/homepages/11 HTTP/1.1" 200 45726 cultureloisirs.club "-" "Mozilla/5.0 (compatible; SERankingBacklinksBot/1.0; +https://seranking.com/backlinks-crawler)" "-"
2a03:2880:f800:: - - [18/Aug/2026:02:39:01 +0200] "GET /?shop/items/K40856210979/ HTTP/1.1" 200 51727 cultureloisirs.club "-" "Mozilla/5.0 (Windows NT 10.0; Win64; x64) AppleWebKit/537.36 (KHTML, like Gecko) Chrome/145.0.0.0 Safari/537.36 (compatible; meta-externalagent/1.1 (+https://developers.facebook.com/docs/sharing/webmasters/crawler))" "-"
66.249.66.0 - - [18/Aug/2026:02:39:02 +0200] "GET /?h=83231204616084 HTTP/1.1" 200 792544 cultureloisirs.club "-" "Mozilla/5.0 (Linux; Android 6.0.1; Nexus 5X Build/MMB29P) AppleWebKit/537.36 (KHTML, like Gecko) Chrome/151.0.7922.137 Mobile Safari/537.36 (compatible; Googlebot/2.1; +http://www.google.com/bot.html)" "-"
2a03:2880:f800:: - - [18/Aug/2026:02:39:03 +0200] "GET / HTTP/1.1" 200 51727 cultureloisirs.club "-" "facebookexternalhit/1.1 (+http://www.facebook.com/externalhit_uatext.php)" "-"
144.76.32.0 - - [18/Aug/2026:02:39:04 +0200] "GET /shops/meetinghouse/e5c6h0i0d0n1i6n2e43?loknya=/homepages/11 HTTP/1.1" 200 45726 cultureloisirs.club "-" "Mozilla/5.0 (compatible; SERankingBacklinksBot/1.0; +https://seranking.com/backlinks-crawler)" "-"
74.7.243.0 - - [18/Aug/2026:02:39:06 +0200] "GET /?loknya=/usr/lib/x86_64-linux-gnu/perl/5.32/auto/Cwd HTTP/1.1" 429 267 cultureloisirs.club "https://cultureloisirs.club/?loknya=/usr/lib/x86_64-linux-gnu/perl/5.32/auto" "Mozilla/5.0 AppleWebKit/537.36 (KHTML, like Gecko; compatible; GPTBot/1.4; +https://openai.com/gptbot)" "-"
2a03:2880:f800:: - - [18/Aug/2026:02:39:07 +0200] "GET /?shop/items/P32255245056/ HTTP/1.1" 200 51726 cultureloisirs.club "-" "Mozilla/5.0 (Macintosh; Intel Mac OS X 10_15_7) AppleWebKit/537.36 (KHTML, like Gecko) Chrome/145.0.0.0 Safari/537.36 (compatible; meta-externalagent/1.1 (+https://developers.facebook.com/docs/sharing/webmasters/crawler))" "-"
144.76.32.0 - - [18/Aug/2026:02:39:08 +0200] "GET /shops/oecology/l5e2p3i7d4o1m8e5l7a7n5e?loknya=/homepages/11 HTTP/1.1" 200 45726 cultureloisirs.club "-" "Mozilla/5.0 (compatible; SERankingBacklinksBot/1.0; +https://seranking.com/backlinks-crawler)" "-"
66.249.66.0 - - [18/Aug/2026:02:39:11 +0200] "GET /?h=10015801685639 HTTP/1.1" 200 801630 cultureloisirs.club "-" "Mozilla/5.0 (Linux; Android 6.0.1; Nexus 5X Build/MMB29P) AppleWebKit/537.36 (KHTML, like Gecko) Chrome/151.0.7922.137 Mobile Safari/537.36 (compatible; Googlebot/2.1; +http://www.google.com/bot.html)" "-"
144.76.32.0 - - [18/Aug/2026:02:39:12 +0200] "GET /shops/osteoglossum/p5r3i7m5o6g3e4n2i8a6l5?loknya=/homepages HTTP/1.1" 200 57048 cultureloisirs.club "-" "Mozilla/5.0 (compatible; SERankingBacklinksBot/1.0; +https://seranking.com/backlinks-crawler)" "-"
2a03:2880:f800:: - - [18/Aug/2026:02:39:13 +0200] "GET /?shop/items/H56011264741/ HTTP/1.1" 200 51727 cultureloisirs.club "-" "Mozilla/5.0 (Windows NT 10.0; Win64; x64) AppleWebKit/537.36 (KHTML, like Gecko) Chrome/145.0.0.0 Safari/537.36 (compatible; meta-externalagent/1.1 (+https://developers.facebook.com/docs/sharing/webmasters/crawler))" "-"
144.76.32.0 - - [18/Aug/2026:02:39:15 +0200] "GET /shops/palaeozoology/a5t2t8e9n7t1i8o7n4s18?loknya=/homepages HTTP/1.1" 200 57048 cultureloisirs.club "-" "Mozilla/5.0 (compatible; SERankingBacklinksBot/1.0; +https://seranking.com/backlinks-crawler)" "-"
2a03:2880:f800:: - - [18/Aug/2026:02:39:18 +0200] "GET /?h=62919101326700 HTTP/1.1" 200 51727 cultureloisirs.club "-" "Mozilla/5.0 (X11; Linux x86_64) AppleWebKit/537.36 (KHTML, like Gecko) Chrome/145.0.0.0 Safari/537.36 (compatible; meta-externalagent/1.1 (+https://developers.facebook.com/docs/sharing/webmasters/crawler))" "-"
66.249.66.0 - - [18/Aug/2026:02:39:18 +0200] "GET /?h=79896443664564 HTTP/1.1" 200 818760 cultureloisirs.club "-" "Mozilla/5.0 (Linux; Android 6.0.1; Nexus 5X Build/MMB29P) AppleWebKit/537.36 (KHTML, like Gecko) Chrome/151.0.7922.137 Mobile Safari/537.36 (compatible; Googlebot/2.1; +http://www.google.com/bot.html)" "-"
144.76.32.0 - - [18/Aug/2026:02:39:19 +0200] "GET /shops/plaintless/r5e2s1e5r7v7a6b4l7e88?loknya=/homepages/11 HTTP/1.1" 200 45726 cultureloisirs.club "-" "Mozilla/5.0 (compatible; SERankingBacklinksBot/1.0; +https://seranking.com/backlinks-crawler)" "-"
2a03:2880:f800:: - - [18/Aug/2026:02:39:23 +0200] "GET /?shop/items/K36046260452/ HTTP/1.1" 200 51727 cultureloisirs.club "-" "Mozilla/5.0 (Windows NT 10.0; Win64; x64) AppleWebKit/537.36 (KHTML, like Gecko) Chrome/145.0.0.0 Safari/537.36 (compatible; meta-externalagent/1.1 (+https://developers.facebook.com/docs/sharing/webmasters/crawler))" "-"
144.76.32.0 - - [18/Aug/2026:02:39:23 +0200] "GET /shops/plashing/o5v4e0r0l1o6r9d9s0h9i5p?loknya=/homepages/11 HTTP/1.1" 200 45726 cultureloisirs.club "-" "Mozilla/5.0 (compatible; SERankingBacklinksBot/1.0; +https://seranking.com/backlinks-crawler)" "-"
66.249.66.0 - - [18/Aug/2026:02:39:26 +0200] "GET /?h=23610713782402 HTTP/1.1" 200 822840 cultureloisirs.club "-" "Mozilla/5.0 (Linux; Android 6.0.1; Nexus 5X Build/MMB29P) AppleWebKit/537.36 (KHTML, like Gecko) Chrome/151.0.7922.137 Mobile Safari/537.36 (compatible; Googlebot/2.1; +http://www.google.com/bot.html)" "-"
144.76.32.0 - - [18/Aug/2026:02:39:27 +0200] "GET /shops/pneumomelanosis/a5l2e5h4o4u0s4e7806?loknya=/homepages HTTP/1.1" 200 57048 cultureloisirs.club "-" "Mozilla/5.0 (compatible; SERankingBacklinksBot/1.0; +https://seranking.com/backlinks-crawler)" "-"
2a03:2880:f800:: - - [18/Aug/2026:02:39:28 +0200] "GET /?shop/items/M26922111136/ HTTP/1.1" 200 51727 cultureloisirs.club "-" "Mozilla/5.0 (Windows NT 10.0; Win64; x64) AppleWebKit/537.36 (KHTML, like Gecko) Chrome/145.0.0.0 Safari/537.36 (compatible; meta-externalagent/1.1 (+https://developers.facebook.com/docs/sharing/webmasters/crawler))" "-"
66.249.66.0 - - [18/Aug/2026:02:39:29 +0200] "GET /?shop/items/Y12998244561/ HTTP/1.1" 200 825869 cultureloisirs.club "-" "Mozilla/5.0 (Linux; Android 6.0.1; Nexus 5X Build/MMB29P) AppleWebKit/537.36 (KHTML, like Gecko) Chrome/151.0.7922.137 Mobile Safari/537.36 (compatible; Googlebot/2.1; +http://www.google.com/bot.html)" "-"
144.76.32.0 - - [18/Aug/2026:02:39:30 +0200] "GET /shops/protosilicate/a5s8t0r6o9l1o6g5y11?loknya=/homepages/11 HTTP/1.1" 200 45726 cultureloisirs.club "-" "Mozilla/5.0 (compatible; SERankingBacklinksBot/1.0; +https://seranking.com/backlinks-crawler)" "-"
2a03:2880:f800:: - - [18/Aug/2026:02:39:33 +0200] "GET /?h=23171211952646 HTTP/1.1" 200 51727 cultureloisirs.club "-" "Mozilla/5.0 (Windows NT 10.0; Win64; x64) AppleWebKit/537.36 (KHTML, like Gecko) Chrome/145.0.0.0 Safari/537.36 (compatible; meta-externalagent/1.1 (+https://developers.facebook.com/docs/sharing/webmasters/crawler))" "-"
144.76.32.0 - - [18/Aug/2026:02:39:34 +0200] "GET /alcove/draughts/54215564726?loknya=/homepages/11/d4298920294 HTTP/1.1" 200 11157 cultureloisirs.club "-" "Mozilla/5.0 (compatible; SERankingBacklinksBot/1.0; +https://seranking.com/backlinks-crawler)" "-"
66.249.66.0 - - [18/Aug/2026:02:39:34 +0200] "GET /?h=68939951681445 HTTP/1.1" 200 824089 cultureloisirs.club "-" "Mozilla/5.0 (Linux; Android 6.0.1; Nexus 5X Build/MMB29P) AppleWebKit/537.36 (KHTML, like Gecko) Chrome/151.0.7922.137 Mobile Safari/537.36 (compatible; Googlebot/2.1; +http://www.google.com/bot.html)" "-"
2a03:2880:f800:: - - [18/Aug/2026:02:39:38 +0200] "GET /?shop/items/F7394958287/ HTTP/1.1" 200 51727 cultureloisirs.club "-" "Mozilla/5.0 (Windows NT 10.0; Win64; x64) AppleWebKit/537.36 (KHTML, like Gecko) Chrome/145.0.0.0 Safari/537.36 (compatible; meta-externalagent/1.1 (+https://developers.facebook.com/docs/sharing/webmasters/crawler))" "-"
144.76.32.0 - - [18/Aug/2026:02:39:38 +0200] "GET /shops/sandemanian/i5n3t3r7i0g0a5n9t8e47?loknya=/homepages/11 HTTP/1.1" 200 45726 cultureloisirs.club "-" "Mozilla/5.0 (compatible; SERankingBacklinksBot/1.0; +https://seranking.com/backlinks-crawler)" "-"
144.76.32.0 - - [18/Aug/2026:02:39:41 +0200] "GET /avarous/millenarianism/f5u1n0g4i4328833?loknya=/homepages/11 HTTP/1.1" 200 45726 cultureloisirs.club "-" "Mozilla/5.0 (compatible; SERankingBacklinksBot/1.0; +https://seranking.com/backlinks-crawler)" "-"
2a03:2880:f800:: - - [18/Aug/2026:02:39:42 +0200] "GET /?shop/items/K40856280706/ HTTP/1.1" 429 267 cultureloisirs.club "-" "Mozilla/5.0 (Windows NT 10.0; Win64; x64) AppleWebKit/537.36 (KHTML, like Gecko) Chrome/145.0.0.0 Safari/537.36 (compatible; meta-externalagent/1.1 (+https://developers.facebook.com/docs/sharing/webmasters/crawler))" "-"
66.249.66.0 - - [18/Aug/2026:02:39:44 +0200] "GET /?h=65974274309204 HTTP/1.1" 200 801602 cultureloisirs.club "-" "Mozilla/5.0 (Linux; Android 6.0.1; Nexus 5X Build/MMB29P) AppleWebKit/537.36 (KHTML, like Gecko) Chrome/151.0.7922.137 Mobile Safari/537.36 (compatible; Googlebot/2.1; +http://www.google.com/bot.html)" "-"
2a03:2880:f800:: - - [18/Aug/2026:02:39:45 +0200] "GET /?shop/items/F73949194348/ HTTP/1.1" 429 267 cultureloisirs.club "-" "Mozilla/5.0 (Windows NT 10.0; Win64; x64) AppleWebKit/537.36 (KHTML, like Gecko) Chrome/145.0.0.0 Safari/537.36 (compatible; meta-externalagent/1.1 (+https://developers.facebook.com/docs/sharing/webmasters/crawler))" "-"
144.76.32.0 - - [18/Aug/2026:02:39:45 +0200] "GET /shops/scabredity/f5o2r6i4s6f0a3m0i3l0i1ate?loknya=/homepages HTTP/1.1" 200 57048 cultureloisirs.club "-" "Mozilla/5.0 (compatible; SERankingBacklinksBot/1.0; +https://seranking.com/backlinks-crawler)" "-"
2a03:2880:f800:: - - [18/Aug/2026:02:39:46 +0200] "GET /?shop/items/U61302235702/ HTTP/1.1" 429 267 cultureloisirs.club "-" "Mozilla/5.0 (Windows NT 10.0; Win64; x64) AppleWebKit/537.36 (KHTML, like Gecko) Chrome/145.0.0.0 Safari/537.36 (compatible; meta-externalagent/1.1 (+https://developers.facebook.com/docs/sharing/webmasters/crawler))" "-"
144.76.32.0 - - [18/Aug/2026:02:39:49 +0200] "GET /bladefish/y5e4n1d2o5t9s3500?loknya=/homepages/11/d4298920294 HTTP/1.1" 200 11157 cultureloisirs.club "-" "Mozilla/5.0 (compatible; SERankingBacklinksBot/1.0; +https://seranking.com/backlinks-crawler)" "-"
2a03:2880:f800:: - - [18/Aug/2026:02:39:51 +0200] "GET /?shop/items/C33932126513/ HTTP/1.1" 429 267 cultureloisirs.club "-" "Mozilla/5.0 (Windows NT 10.0; Win64; x64) AppleWebKit/537.36 (KHTML, like Gecko) Chrome/145.0.0.0 Safari/537.36 (compatible; meta-externalagent/1.1 (+https://developers.facebook.com/docs/sharing/webmasters/crawler))" "-"
2a03:2880:f800:: - - [18/Aug/2026:02:39:51 +0200] "GET /?shop/items/K4085697048/ HTTP/1.1" 429 267 cultureloisirs.club "-" "Mozilla/5.0 (Macintosh; Intel Mac OS X 10_15_7) AppleWebKit/537.36 (KHTML, like Gecko) Chrome/145.0.0.0 Safari/537.36 (compatible; meta-externalagent/1.1 (+https://developers.facebook.com/docs/sharing/webmasters/crawler))" "-"
144.76.32.0 - - [18/Aug/2026:02:39:52 +0200] "GET /shops/sloke/p5r3e4s2u5m7p7t8u0o6u7sness?loknya=/homepages/11 HTTP/1.1" 200 45726 cultureloisirs.club "-" "Mozilla/5.0 (compatible; SERankingBacklinksBot/1.0; +https://seranking.com/backlinks-crawler)" "-"
66.249.66.0 - - [18/Aug/2026:02:39:53 +0200] "GET /?h=48929291900919 HTTP/1.1" 200 834381 cultureloisirs.club "-" "Mozilla/5.0 (Linux; Android 6.0.1; Nexus 5X Build/MMB29P) AppleWebKit/537.36 (KHTML, like Gecko) Chrome/151.0.7922.137 Mobile Safari/537.36 (compatible; Googlebot/2.1; +http://www.google.com/bot.html)" "-"
144.76.32.0 - - [18/Aug/2026:02:39:56 +0200] "GET /boistousness/receivers/r5e5s6o3l5v8i5n1g71?loknya=/homepages HTTP/1.1" 200 57048 cultureloisirs.club "-" "Mozilla/5.0 (compatible; SERankingBacklinksBot/1.0; +https://seranking.com/backlinks-crawler)" "-"
2a03:2880:f800:: - - [18/Aug/2026:02:39:57 +0200] "GET /?h=56155702110091 HTTP/1.1" 429 267 cultureloisirs.club "-" "Mozilla/5.0 (Macintosh; Intel Mac OS X 10_15_7) AppleWebKit/537.36 (KHTML, like Gecko) Chrome/145.0.0.0 Safari/537.36 (compatible; meta-externalagent/1.1 (+https://developers.facebook.com/docs/sharing/webmasters/crawler))" "-"
66.249.66.0 - - [18/Aug/2026:02:39:58 +0200] "GET /?h=17669524095453 HTTP/1.1" 200 791481 cultureloisirs.club "-" "Mozilla/5.0 (Linux; Android 6.0.1; Nexus 5X Build/MMB29P) AppleWebKit/537.36 (KHTML, like Gecko) Chrome/151.0.7922.137 Mobile Safari/537.36 (compatible; Googlebot/2.1; +http://www.google.com/bot.html)" "-"
2a03:2880:f800:: - - [18/Aug/2026:02:39:59 +0200] "GET /?h=48312021789407 HTTP/1.1" 429 267 cultureloisirs.club "-" "Mozilla/5.0 (Windows NT 10.0; Win64; x64) AppleWebKit/537.36 (KHTML, like Gecko) Chrome/145.0.0.0 Safari/537.36 (compatible; meta-externalagent/1.1 (+https://developers.facebook.com/docs/sharing/webmasters/crawler))" "-"
144.76.32.0 - - [18/Aug/2026:02:40:00 +0200] "GET /spinachia/extorting/o5v3e9r8d2e0l1i5c9a2t8e?lokasie=/homepages/11/d4298920294/htdocs/wordpress/google8932fa28b8a191c2.html&loknya=/homepages/11/d4298920294/htdocs/wordpress HTTP/1.1" 200 4302 cultureloisirs.club "-" "Mozilla/5.0 (compatible; SERankingBacklinksBot/1.0; +https://seranking.com/backlinks-crawler)" "-"
144.76.32.0 - - [18/Aug/2026:02:40:03 +0200] "GET /shops/sulphuretted/b5l1u2e5b1e3a2r1d130?loknya=/homepages/11 HTTP/1.1" 200 45726 cultureloisirs.club "-" "Mozilla/5.0 (compatible; SERankingBacklinksBot/1.0; +https://seranking.com/backlinks-crawler)" "-"
2a03:2880:f800:: - - [18/Aug/2026:02:40:06 +0200] "GET /?h=57721641922573 HTTP/1.1" 429 267 cultureloisirs.club "-" "Mozilla/5.0 (Windows NT 10.0; Win64; x64) AppleWebKit/537.36 (KHTML, like Gecko) Chrome/145.0.0.0 Safari/537.36 (compatible; meta-externalagent/1.1 (+https://developers.facebook.com/docs/sharing/webmasters/crawler))" "-"
66.249.66.0 - - [18/Aug/2026:02:40:06 +0200] "GET /?h=26510991838680 HTTP/1.1" 200 807995 cultureloisirs.club "-" "Mozilla/5.0 (Linux; Android 6.0.1; Nexus 5X Build/MMB29P) AppleWebKit/537.36 (KHTML, like Gecko) Chrome/151.0.7922.137 Mobile Safari/537.36 (compatible; Googlebot/2.1; +http://www.google.com/bot.html)" "-"
2a03:2880:f800:: - - [18/Aug/2026:02:40:07 +0200] "GET /?shop/items/H5601197742/ HTTP/1.1" 429 267 cultureloisirs.club "-" "Mozilla/5.0 (Windows NT 10.0; Win64; x64) AppleWebKit/537.36 (KHTML, like Gecko) Chrome/145.0.0.0 Safari/537.36 (compatible; meta-externalagent/1.1 (+https://developers.facebook.com/docs/sharing/webmasters/crawler))" "-"
144.76.32.0 - - [18/Aug/2026:02:40:07 +0200] "GET /converged/t5r2e2b3l3e444095?loknya=/homepages/11/d4298920294 HTTP/1.1" 200 11157 cultureloisirs.club "-" "Mozilla/5.0 (compatible; SERankingBacklinksBot/1.0; +https://seranking.com/backlinks-crawler)" "-"
144.76.32.0 - - [18/Aug/2026:02:40:11 +0200] "GET /shops/supererogative/p5h3y7l8a1c6t1e2r9i6c?loknya=/homepages HTTP/1.1" 200 57048 cultureloisirs.club "-" "Mozilla/5.0 (compatible; SERankingBacklinksBot/1.0; +https://seranking.com/backlinks-crawler)" "-"
74.7.243.0 - - [18/Aug/2026:02:40:11 +0200] "GET /?loknya=/usr/lib/x86_64-linux-gnu/perl/5.32/auto/Sys HTTP/1.1" 200 7724 cultureloisirs.club "https://cultureloisirs.club/?loknya=/usr/lib/x86_64-linux-gnu/perl/5.32/auto" "Mozilla/5.0 AppleWebKit/537.36 (KHTML, like Gecko; compatible; GPTBot/1.4; +https://openai.com/gptbot)" "-"
144.76.32.0 - - [18/Aug/2026:02:40:14 +0200] "GET /cteniza/denunciatory/p5s4y5c4h8o2l5o4g4i3c?loknya=/homepages HTTP/1.1" 200 57048 cultureloisirs.club "-" "Mozilla/5.0 (compatible; SERankingBacklinksBot/1.0; +https://seranking.com/backlinks-crawler)" "-"
66.249.66.0 - - [18/Aug/2026:02:40:14 +0200] "GET /?h=28851302358384 HTTP/1.1" 200 820135 cultureloisirs.club "-" "Mozilla/5.0 (Linux; Android 6.0.1; Nexus 5X Build/MMB29P) AppleWebKit/537.36 (KHTML, like Gecko) Chrome/151.0.7922.137 Mobile Safari/537.36 (compatible; Googlebot/2.1; +http://www.google.com/bot.html)" "-"
2a03:2880:f800:: - - [18/Aug/2026:02:40:16 +0200] "GET /?h=12856973630115 HTTP/1.1" 429 267 cultureloisirs.club "-" "Mozilla/5.0 (Windows NT 10.0; Win64; x64) AppleWebKit/537.36 (KHTML, like Gecko) Chrome/145.0.0.0 Safari/537.36 Edg/145.0.0.0 (compatible; meta-externalagent/1.1 (+https://developers.facebook.com/docs/sharing/webmasters/crawler))" "-"
2a03:2880:f800:: - - [18/Aug/2026:02:40:18 +0200] "GET /?shop/items/Y12998257436/ HTTP/1.1" 429 267 cultureloisirs.club "-" "Mozilla/5.0 (Windows NT 10.0; Win64; x64) AppleWebKit/537.36 (KHTML, like Gecko) Chrome/145.0.0.0 Safari/537.36 (compatible; meta-externalagent/1.1 (+https://developers.facebook.com/docs/sharing/webmasters/crawler))" "-"
144.76.32.0 - - [18/Aug/2026:02:40:18 +0200] "GET /staled/millionaire/b5a3r1b8a0d9o3e1s469?loknya=/homepages/11 HTTP/1.1" 200 45726 cultureloisirs.club "-" "Mozilla/5.0 (compatible; SERankingBacklinksBot/1.0; +https://seranking.com/backlinks-crawler)" "-"
144.76.32.0 - - [18/Aug/2026:02:40:22 +0200] "GET /cuminol/measurableness/a5l1d9e4r1m1e5n3489?loknya=/homepages HTTP/1.1" 200 57048 cultureloisirs.club "-" "Mozilla/5.0 (compatible; SERankingBacklinksBot/1.0; +https://seranking.com/backlinks-crawler)" "-"
144.76.32.0 - - [18/Aug/2026:02:40:25 +0200] "GET /enlisted/h5a4u5r6i2e0n1t065?loknya=/homepages/11/d4298920294 HTTP/1.1" 200 11157 cultureloisirs.club "-" "Mozilla/5.0 (compatible; SERankingBacklinksBot/1.0; +https://seranking.com/backlinks-crawler)" "-"
66.249.66.0 - - [18/Aug/2026:02:40:25 +0200] "GET /?h=6537361104477 HTTP/1.1" 200 818263 cultureloisirs.club "-" "Mozilla/5.0 (Linux; Android 6.0.1; Nexus 5X Build/MMB29P) AppleWebKit/537.36 (KHTML, like Gecko) Chrome/151.0.7922.137 Mobile Safari/537.36 (compatible; Googlebot/2.1; +http://www.google.com/bot.html)" "-"
2a03:2880:f800:: - - [18/Aug/2026:02:40:28 +0200] "GET /?shop/items/M26922193188/ HTTP/1.1" 429 267 cultureloisirs.club "-" "Mozilla/5.0 (Macintosh; Intel Mac OS X 10_15_7) AppleWebKit/537.36 (KHTML, like Gecko) Chrome/145.0.0.0 Safari/537.36 (compatible; meta-externalagent/1.1 (+https://developers.facebook.com/docs/sharing/webmasters/crawler))" "-"
144.76.32.0 - - [18/Aug/2026:02:40:29 +0200] "GET /excretive/w5o1r8l2d5s634040?loknya=/homepages/11/d4298920294 HTTP/1.1" 200 11157 cultureloisirs.club "-" "Mozilla/5.0 (compatible; SERankingBacklinksBot/1.0; +https://seranking.com/backlinks-crawler)" "-"
2a03:2880:f800:: - - [18/Aug/2026:02:40:30 +0200] "GET /?shop/items/P32255100459/ HTTP/1.1" 429 267 cultureloisirs.club "-" "Mozilla/5.0 (Windows NT 10.0; Win64; x64) AppleWebKit/537.36 (KHTML, like Gecko) Chrome/145.0.0.0 Safari/537.36 (compatible; meta-externalagent/1.1 (+https://developers.facebook.com/docs/sharing/webmasters/crawler))" "-"
2a03:2880:f800:: - - [18/Aug/2026:02:40:32 +0200] "GET /?shop/items/K40856232973/ HTTP/1.1" 429 267 cultureloisirs.club "-" "Mozilla/5.0 (Windows NT 10.0; Win64; x64) AppleWebKit/537.36 (KHTML, like Gecko) Chrome/145.0.0.0 Safari/537.36 (compatible; meta-externalagent/1.1 (+https://developers.facebook.com/docs/sharing/webmasters/crawler))" "-"
144.76.32.0 - - [18/Aug/2026:02:40:33 +0200] "GET /faubourg/ascendingly/d5i2c8h6r3o3i9c034?loknya=/homepages/11 HTTP/1.1" 200 45726 cultureloisirs.club "-" "Mozilla/5.0 (compatible; SERankingBacklinksBot/1.0; +https://seranking.com/backlinks-crawler)" "-"
2a03:2880:f800:: - - [18/Aug/2026:02:40:33 +0200] "GET /sitemap978.xml HTTP/1.1" 429 267 cultureloisirs.club "-" "Mozilla/5.0 (Windows NT 10.0; Win64; x64) AppleWebKit/537.36 (KHTML, like Gecko) Chrome/145.0.0.0 Safari/537.36 (compatible; meta-externalagent/1.1 (+https://developers.facebook.com/docs/sharing/webmasters/crawler))" "-"
66.249.66.0 - - [18/Aug/2026:02:40:34 +0200] "GET /?h=43490832651621 HTTP/1.1" 200 816503 cultureloisirs.club "-" "Mozilla/5.0 (Linux; Android 6.0.1; Nexus 5X Build/MMB29P) AppleWebKit/537.36 (KHTML, like Gecko) Chrome/151.0.7922.137 Mobile Safari/537.36 (compatible; Googlebot/2.1; +http://www.google.com/bot.html)" "-"
144.76.32.0 - - [18/Aug/2026:02:40:36 +0200] "GET /fletcher/a5n2n9u3e3l5e2r020?loknya=/homepages/11/d4298920294 HTTP/1.1" 200 11157 cultureloisirs.club "-" "Mozilla/5.0 (compatible; SERankingBacklinksBot/1.0; +https://seranking.com/backlinks-crawler)" "-"
144.76.32.0 - - [18/Aug/2026:02:40:40 +0200] "GET /quinic/rendezvous/a5u2d3a0c6i7o3u1s5n6e9ss?loknya=/homepages HTTP/1.1" 200 57048 cultureloisirs.club "-" "Mozilla/5.0 (compatible; SERankingBacklinksBot/1.0; +https://seranking.com/backlinks-crawler)" "-"
40.77.167.0 - - [18/Aug/2026:02:40:42 +0200] "GET /?shop/items/F73949148879/ HTTP/1.1" 200 819849 cultureloisirs.club "-" "Mozilla/5.0 AppleWebKit/537.36 (KHTML, like Gecko; compatible; bingbot/2.0; +http://www.bing.com/bingbot.htm) Chrome/116.0.1938.76 Safari/537.36" "-"
144.76.32.0 - - [18/Aug/2026:02:40:44 +0200] "GET /romaunt/hething/52200160286?loknya=/homepages/11/d4298920294 HTTP/1.1" 200 11157 cultureloisirs.club "-" "Mozilla/5.0 (compatible; SERankingBacklinksBot/1.0; +https://seranking.com/backlinks-crawler)" "-"
66.249.66.0 - - [18/Aug/2026:02:40:44 +0200] "GET /?h=66305004151658 HTTP/1.1" 200 824183 cultureloisirs.club "-" "Mozilla/5.0 (Linux; Android 6.0.1; Nexus 5X Build/MMB29P) AppleWebKit/537.36 (KHTML, like Gecko) Chrome/151.0.7922.137 Mobile Safari/537.36 (compatible; Googlebot/2.1; +http://www.google.com/bot.html)" "-"
144.76.32.0 - - [18/Aug/2026:02:40:47 +0200] "GET /salvable/v5i3v6a2r0i1e8s325?loknya=/homepages/11/d4298920294 HTTP/1.1" 200 11157 cultureloisirs.club "-" "Mozilla/5.0 (compatible; SERankingBacklinksBot/1.0; +https://seranking.com/backlinks-crawler)" "-"
2a03:2880:f800:: - - [18/Aug/2026:02:40:49 +0200] "GET /?h=03076523968314 HTTP/1.1" 200 51727 cultureloisirs.club "-" "Mozilla/5.0 (Macintosh; Intel Mac OS X 10_15_7) AppleWebKit/537.36 (KHTML, like Gecko) Chrome/145.0.0.0 Safari/537.36 (compatible; meta-externalagent/1.1 (+https://developers.facebook.com/docs/sharing/webmasters/crawler))" "-"
66.249.66.0 - - [18/Aug/2026:02:40:49 +0200] "GET /?h=08709103649266 HTTP/1.1" 200 791014 cultureloisirs.club "-" "Mozilla/5.0 (Linux; Android 6.0.1; Nexus 5X Build/MMB29P) AppleWebKit/537.36 (KHTML, like Gecko) Chrome/151.0.7922.137 Mobile Safari/537.36 (compatible; Googlebot/2.1; +http://www.google.com/bot.html)" "-"
144.76.32.0 - - [18/Aug/2026:02:40:51 +0200] "GET /shops/advolution/w5i3r4e9d0r5a1w3i4n2g6?loknya=/homepages/11 HTTP/1.1" 200 45726 cultureloisirs.club "-" "Mozilla/5.0 (compatible; SERankingBacklinksBot/1.0; +https://seranking.com/backlinks-crawler)" "-"
2a03:2880:f800:: - - [18/Aug/2026:02:40:52 +0200] "GET / HTTP/1.1" 200 51727 cultureloisirs.club "-" "facebookexternalhit/1.1 (+http://www.facebook.com/externalhit_uatext.php)" "-"
2a03:2880:f800:: - - [18/Aug/2026:02:40:53 +0200] "GET /?shop/items/P71411101197/ HTTP/1.1" 200 51726 cultureloisirs.club "-" "Mozilla/5.0 (Windows NT 10.0; Win64; x64) AppleWebKit/537.36 (KHTML, like Gecko) Chrome/145.0.0.0 Safari/537.36 (compatible; meta-externalagent/1.1 (+https://developers.facebook.com/docs/sharing/webmasters/crawler))" "-"
144.76.32.0 - - [18/Aug/2026:02:40:55 +0200] "GET /shops/bakerlegged/p5i1p9e1r3i8d5i2n3e86?loknya=/homepages/11 HTTP/1.1" 200 45726 cultureloisirs.club "-" "Mozilla/5.0 (compatible; SERankingBacklinksBot/1.0; +https://seranking.com/backlinks-crawler)" "-"
144.76.32.0 - - [18/Aug/2026:02:40:58 +0200] "GET /shops/beautifying/s5a3t3i4s3f7a1c8t8o0rily?loknya=/homepages HTTP/1.1" 200 57048 cultureloisirs.club "-" "Mozilla/5.0 (compatible; SERankingBacklinksBot/1.0; +https://seranking.com/backlinks-crawler)" "-"
66.249.66.0 - - [18/Aug/2026:02:40:59 +0200] "GET /?h=87511891546486 HTTP/1.1" 200 830385 cultureloisirs.club "-" "Mozilla/5.0 (Linux; Android 6.0.1; Nexus 5X Build/MMB29P) AppleWebKit/537.36 (KHTML, like Gecko) Chrome/151.0.7922.137 Mobile Safari/537.36 (compatible; Googlebot/2.1; +http://www.google.com/bot.html)" "-"
66.249.66.0 - - [18/Aug/2026:02:41:01 +0200] "GET /?h=37627362467203 HTTP/1.1" 200 794843 cultureloisirs.club "-" "Mozilla/5.0 (Linux; Android 6.0.1; Nexus 5X Build/MMB29P) AppleWebKit/537.36 (KHTML, like Gecko) Chrome/151.0.7922.137 Mobile Safari/537.36 (compatible; Googlebot/2.1; +http://www.google.com/bot.html)" "-"
144.76.32.0 - - [18/Aug/2026:02:41:02 +0200] "GET /shops/brachyura/c5a2r1c6i3n7o2g9e2n1i4c?loknya=/homepages/11 HTTP/1.1" 200 45726 cultureloisirs.club "-" "Mozilla/5.0 (compatible; SERankingBacklinksBot/1.0; +https://seranking.com/backlinks-crawler)" "-"
144.76.32.0 - - [18/Aug/2026:02:41:06 +0200] "GET /shops/catoninetailsn/e5x4p0o2s3t8u1l7a0tor?loknya=/homepages HTTP/1.1" 200 57048 cultureloisirs.club "-" "Mozilla/5.0 (compatible; SERankingBacklinksBot/1.0; +https://seranking.com/backlinks-crawler)" "-"
66.249.66.0 - - [18/Aug/2026:02:41:09 +0200] "GET /?h=05794483133539 HTTP/1.1" 200 816181 cultureloisirs.club "-" "Mozilla/5.0 (Linux; Android 6.0.1; Nexus 5X Build/MMB29P) AppleWebKit/537.36 (KHTML, like Gecko) Chrome/151.0.7922.137 Mobile Safari/537.36 (compatible; Googlebot/2.1; +http://www.google.com/bot.html)" "-"
144.76.32.0 - - [18/Aug/2026:02:41:09 +0200] "GET /shops/collocutor/p5h2r0e8n9o0l8o9g9i5c8?loknya=/homepages/11 HTTP/1.1" 200 45726 cultureloisirs.club "-" "Mozilla/5.0 (compatible; SERankingBacklinksBot/1.0; +https://seranking.com/backlinks-crawler)" "-"
2a03:2880:f800:: - - [18/Aug/2026:02:41:10 +0200] "GET /?shop/items/Y12998185721/ HTTP/1.1" 200 51727 cultureloisirs.club "-" "Mozilla/5.0 (Macintosh; Intel Mac OS X 10_15_7) AppleWebKit/537.36 (KHTML, like Gecko) Chrome/145.0.0.0 Safari/537.36 (compatible; meta-externalagent/1.1 (+https://developers.facebook.com/docs/sharing/webmasters/crawler))" "-"
74.7.243.0 - - [18/Aug/2026:02:41:11 +0200] "GET /?lokasie=/usr/lib/x86_64-linux-gnu/perl/5.32//wait.ph&loknya=/usr/lib/x86_64-linux-gnu/perl/5.32/ HTTP/1.1" 200 4296 cultureloisirs.club "https://cultureloisirs.club/?loknya=/usr/lib/x86_64-linux-gnu/perl/5.32/" "Mozilla/5.0 AppleWebKit/537.36 (KHTML, like Gecko; compatible; GPTBot/1.4; +https://openai.com/gptbot)" "-"
144.76.32.0 - - [18/Aug/2026:02:41:13 +0200] "GET /shops/conflicting/b5a3r6o0m3e8t3r5i8c88?loknya=/homepages/11 HTTP/1.1" 200 45726 cultureloisirs.club "-" "Mozilla/5.0 (compatible; SERankingBacklinksBot/1.0; +https://seranking.com/backlinks-crawler)" "-"
66.249.66.0 - - [18/Aug/2026:02:41:14 +0200] "GET /?h=3470906747407 HTTP/1.1" 200 841084 cultureloisirs.club "-" "Mozilla/5.0 (Linux; Android 6.0.1; Nexus 5X Build/MMB29P) AppleWebKit/537.36 (KHTML, like Gecko) Chrome/151.0.7922.137 Mobile Safari/537.36 (compatible; Googlebot/2.1; +http://www.google.com/bot.html)" "-"
144.76.32.0 - - [18/Aug/2026:02:41:17 +0200] "GET /shops/constellate/m5a1c4u4l8a6t6u6r0e83?loknya=/homepages/11 HTTP/1.1" 200 45726 cultureloisirs.club "-" "Mozilla/5.0 (compatible; SERankingBacklinksBot/1.0; +https://seranking.com/backlinks-crawler)" "-"
144.76.32.0 - - [18/Aug/2026:02:41:20 +0200] "GET /shops/coshering/q5u2i3n7t5u3p9l7e8r7i4bbed?loknya=/homepages HTTP/1.1" 200 57048 cultureloisirs.club "-" "Mozilla/5.0 (compatible; SERankingBacklinksBot/1.0; +https://seranking.com/backlinks-crawler)" "-"
2a03:2880:f800:: - - [18/Aug/2026:02:41:24 +0200] "GET /?shop/items/P7141143092/ HTTP/1.1" 200 51726 cultureloisirs.club "-" "Mozilla/5.0 (Windows NT 10.0; Win64; x64) AppleWebKit/537.36 (KHTML, like Gecko) Chrome/145.0.0.0 Safari/537.36 (compatible; meta-externalagent/1.1 (+https://developers.facebook.com/docs/sharing/webmasters/crawler))" "-"
144.76.32.0 - - [18/Aug/2026:02:41:24 +0200] "GET /shops/countermovement/r5e3s5e8n6t4f8u0l834?loknya=/homepages HTTP/1.1" 200 57048 cultureloisirs.club "-" "Mozilla/5.0 (compatible; SERankingBacklinksBot/1.0; +https://seranking.com/backlinks-crawler)" "-"
66.249.66.0 - - [18/Aug/2026:02:41:25 +0200] "GET /?h=90229101870511 HTTP/1.1" 200 783877 cultureloisirs.club "-" "Mozilla/5.0 (Linux; Android 6.0.1; Nexus 5X Build/MMB29P) AppleWebKit/537.36 (KHTML, like Gecko) Chrome/151.0.7922.137 Mobile Safari/537.36 (compatible; Googlebot/2.1; +http://www.google.com/bot.html)" "-"
144.76.32.0 - - [18/Aug/2026:02:41:28 +0200] "GET /shops/countless/e5x1i8s5t4e0n5t1i3a1lly?loknya=/homepages/11 HTTP/1.1" 200 45726 cultureloisirs.club "-" "Mozilla/5.0 (compatible; SERankingBacklinksBot/1.0; +https://seranking.com/backlinks-crawler)" "-"
144.76.32.0 - - [18/Aug/2026:02:41:31 +0200] "GET /shops/crownless/p5r2a5e4m0u5n0i7t5o7r8y?loknya=/homepages/11 HTTP/1.1" 200 45726 cultureloisirs.club "-" "Mozilla/5.0 (compatible; SERankingBacklinksBot/1.0; +https://seranking.com/backlinks-crawler)" "-"
66.249.66.0 - - [18/Aug/2026:02:41:34 +0200] "GET /?h=79390931549895 HTTP/1.1" 200 798258 cultureloisirs.club "-" "Mozilla/5.0 (Linux; Android 6.0.1; Nexus 5X Build/MMB29P) AppleWebKit/537.36 (KHTML, like Gecko) Chrome/151.0.7922.137 Mobile Safari/537.36 (compatible; Googlebot/2.1; +http://www.google.com/bot.html)" "-"
144.76.32.0 - - [18/Aug/2026:02:41:35 +0200] "GET /shops/disaventurous/m5a3s2c6u8l0i7n7i3t5y2?loknya=/homepages HTTP/1.1" 200 57048 cultureloisirs.club "-" "Mozilla/5.0 (compatible; SERankingBacklinksBot/1.0; +https://seranking.com/backlinks-crawler)" "-"
2a03:2880:f800:: - - [18/Aug/2026:02:41:36 +0200] "GET /?shop/items/P71411202179/ HTTP/1.1" 200 51727 cultureloisirs.club "-" "Mozilla/5.0 (Macintosh; Intel Mac OS X 10_15_7) AppleWebKit/537.36 (KHTML, like Gecko) Chrome/145.0.0.0 Safari/537.36 (compatible; meta-externalagent/1.1 (+https://developers.facebook.com/docs/sharing/webmasters/crawler))" "-"
144.76.32.0 - - [18/Aug/2026:02:41:39 +0200] "GET /shops/diselenide/c5o1w2l0e8e9c2h5i6n6g4?loknya=/homepages/11 HTTP/1.1" 200 45726 cultureloisirs.club "-" "Mozilla/5.0 (compatible; SERankingBacklinksBot/1.0; +https://seranking.com/backlinks-crawler)" "-"
144.76.32.0 - - [18/Aug/2026:02:41:42 +0200] "GET /shops/effusus/i5n4c1o0n9g6e4n6i0a1l6ity?loknya=/homepages/11 HTTP/1.1" 200 45726 cultureloisirs.club "-" "Mozilla/5.0 (compatible; SERankingBacklinksBot/1.0; +https://seranking.com/backlinks-crawler)" "-"
66.249.66.0 - - [18/Aug/2026:02:41:43 +0200] "GET /?h=3918383370631 HTTP/1.1" 200 814929 cultureloisirs.club "-" "Mozilla/5.0 (Linux; Android 6.0.1; Nexus 5X Build/MMB29P) AppleWebKit/537.36 (KHTML, like Gecko) Chrome/151.0.7922.137 Mobile Safari/537.36 (compatible; Googlebot/2.1; +http://www.google.com/bot.html)" "-"
66.249.66.0 - - [18/Aug/2026:02:41:44 +0200] "GET /?h=9425167134214 HTTP/1.1" 200 816284 cultureloisirs.club "-" "Mozilla/5.0 (Linux; Android 6.0.1; Nexus 5X Build/MMB29P) AppleWebKit/537.36 (KHTML, like Gecko) Chrome/151.0.7922.137 Mobile Safari/537.36 (compatible; Googlebot/2.1; +http://www.google.com/bot.html)" "-"
144.76.32.0 - - [18/Aug/2026:02:41:46 +0200] "GET /shops/emblazoned/a5n4t4i9p0a2r4a5l7y2tical?loknya=/homepages HTTP/1.1" 200 57048 cultureloisirs.club "-" "Mozilla/5.0 (compatible; SERankingBacklinksBot/1.0; +https://seranking.com/backlinks-crawler)" "-"
2a03:2880:f800:: - - [18/Aug/2026:02:41:47 +0200] "GET /?shop/items/M26922132784/ HTTP/1.1" 200 51727 cultureloisirs.club "-" "Mozilla/5.0 (Windows NT 10.0; Win64; x64) AppleWebKit/537.36 (KHTML, like Gecko) Chrome/145.0.0.0 Safari/537.36 Edg/145.0.0.0 (compatible; meta-externalagent/1.1 (+https://developers.facebook.com/docs/sharing/webmasters/crawler))" "-"
144.76.32.0 - - [18/Aug/2026:02:41:50 +0200] "GET /shops/freightless/a5s2p0e9c0t3a0b2l0e57?loknya=/homepages/11 HTTP/1.1" 200 45726 cultureloisirs.club "-" "Mozilla/5.0 (compatible; SERankingBacklinksBot/1.0; +https://seranking.com/backlinks-crawler)" "-"
66.249.66.0 - - [18/Aug/2026:02:41:51 +0200] "GET /?h=991205019014 HTTP/1.1" 200 834852 cultureloisirs.club "-" "Mozilla/5.0 (Linux; Android 6.0.1; Nexus 5X Build/MMB29P) AppleWebKit/537.36 (KHTML, like Gecko) Chrome/151.0.7922.137 Mobile Safari/537.36 (compatible; Googlebot/2.1; +http://www.google.com/bot.html)" "-"
216.73.217.0 - - [18/Aug/2026:02:41:52 +0200] "GET /robots.txt HTTP/1.1" 200 84 cultureloisirs.club "-" "Mozilla/5.0 AppleWebKit/537.36 (KHTML, like Gecko; compatible; ClaudeBot/1.0; +claudebot@anthropic.com)" "-"
