144.76.32.0 - - [18/Aug/2026:01:50:22 +0200] "GET /manable/p5r8e8s5i0d2e0d000?loknya=/homepages/11 HTTP/1.1" 200 45726 cultureloisirs.club "-" "Mozilla/5.0 (compatible; SERankingBacklinksBot/1.0; +https://seranking.com/backlinks-crawler)" "-"
2a03:2880:f800:: - - [18/Aug/2026:01:50:23 +0200] "GET /?shop/items/F73949257552/ HTTP/1.1" 429 267 cultureloisirs.club "-" "Mozilla/5.0 (Windows NT 10.0; Win64; x64) AppleWebKit/537.36 (KHTML, like Gecko) Chrome/145.0.0.0 Safari/537.36 (compatible; meta-externalagent/1.1 (+https://developers.facebook.com/docs/sharing/webmasters/crawler))" "-"
216.73.217.0 - - [18/Aug/2026:01:50:23 +0200] "GET /sitemap.xml?lokasie=%2Fhomepages%2F11%2Fd4298920294%2Fhtdocs%2Fwordpress%2Fwp-includes%2Fcategory-template.php&loknya=%2Fhomepages%2F11%2Fd4298920294%2Fhtdocs%2Fwordpress%2Fwp-includes HTTP/1.1" 200 68095 cultureloisirs.club "-" "Mozilla/5.0 AppleWebKit/537.36 (KHTML, like Gecko; compatible; ClaudeBot/1.0; +claudebot@anthropic.com)" "-"
144.76.32.0 - - [18/Aug/2026:01:50:26 +0200] "GET /meridionalis/m5e5r2i8t3o4r0i1o6u0sness?loknya=/ HTTP/1.1" 200 29703 cultureloisirs.club "-" "Mozilla/5.0 (compatible; SERankingBacklinksBot/1.0; +https://seranking.com/backlinks-crawler)" "-"
2a03:2880:f800:: - - [18/Aug/2026:01:50:28 +0200] "GET /?shop/items/M2692283424/ HTTP/1.1" 429 267 cultureloisirs.club "-" "Mozilla/5.0 (Windows NT 10.0; Win64; x64) AppleWebKit/537.36 (KHTML, like Gecko) Chrome/145.0.0.0 Safari/537.36 (compatible; meta-externalagent/1.1 (+https://developers.facebook.com/docs/sharing/webmasters/crawler))" "-"
2a03:2880:f800:: - - [18/Aug/2026:01:50:29 +0200] "GET /?h=69275853449555 HTTP/1.1" 429 267 cultureloisirs.club "-" "Mozilla/5.0 (Macintosh; Intel Mac OS X 10_15_7) AppleWebKit/537.36 (KHTML, like Gecko) Chrome/145.0.0.0 Safari/537.36 (compatible; meta-externalagent/1.1 (+https://developers.facebook.com/docs/sharing/webmasters/crawler))" "-"
216.73.217.0 - - [18/Aug/2026:01:50:30 +0200] "GET /sitemap.xml?lokasie=%2Fhomepages%2F11%2Fd4298920294%2Fhtdocs%2Fwordpress%2Fwp-includes%2FID3%2Fgetid3.php&loknya=%2Fhomepages%2F11%2Fd4298920294%2Fhtdocs%2Fwordpress%2Fwp-includes%2FID3 HTTP/1.1" 200 104109 cultureloisirs.club "-" "Mozilla/5.0 AppleWebKit/537.36 (KHTML, like Gecko; compatible; ClaudeBot/1.0; +claudebot@anthropic.com)" "-"
144.76.32.0 - - [18/Aug/2026:01:50:31 +0200] "GET /outwhore/p5l8e0n4t5e3v7o7u0s5?loknya=/homepages HTTP/1.1" 200 57048 cultureloisirs.club "-" "Mozilla/5.0 (compatible; SERankingBacklinksBot/1.0; +https://seranking.com/backlinks-crawler)" "-"
66.249.66.0 - - [18/Aug/2026:01:50:32 +0200] "GET /?h=86873343805468 HTTP/1.1" 200 820041 cultureloisirs.club "-" "Mozilla/5.0 (Linux; Android 6.0.1; Nexus 5X Build/MMB29P) AppleWebKit/537.36 (KHTML, like Gecko) Chrome/151.0.7922.137 Mobile Safari/537.36 (compatible; Googlebot/2.1; +http://www.google.com/bot.html)" "-"
2a03:2880:f800:: - - [18/Aug/2026:01:50:35 +0200] "GET /?shop/items/U61302104879/ HTTP/1.1" 429 267 cultureloisirs.club "-" "Mozilla/5.0 (Windows NT 10.0; Win64; x64) AppleWebKit/537.36 (KHTML, like Gecko) Chrome/145.0.0.0 Safari/537.36 (compatible; meta-externalagent/1.1 (+https://developers.facebook.com/docs/sharing/webmasters/crawler))" "-"
216.73.217.0 - - [18/Aug/2026:01:50:35 +0200] "GET /sitemap.xml?lokasie=%2Fhomepages%2F11%2Fd4298920294%2Fhtdocs%2Fwordpress%2Fwp-admin%2Foptions-head.php&loknya=%2Fhomepages%2F11%2Fd4298920294%2Fhtdocs%2Fwordpress%2Fwp-admin HTTP/1.1" 200 5081 cultureloisirs.club "-" "Mozilla/5.0 AppleWebKit/537.36 (KHTML, like Gecko; compatible; ClaudeBot/1.0; +claudebot@anthropic.com)" "-"
144.76.32.0 - - [18/Aug/2026:01:50:35 +0200] "GET /shippon/b5u1i8l4d8e9r53520?loknya=/homepages/11 HTTP/1.1" 200 45726 cultureloisirs.club "-" "Mozilla/5.0 (compatible; SERankingBacklinksBot/1.0; +https://seranking.com/backlinks-crawler)" "-"
2a03:2880:f800:: - - [18/Aug/2026:01:50:36 +0200] "GET /?shop/items/K4085645847/ HTTP/1.1" 429 267 cultureloisirs.club "-" "Mozilla/5.0 (Windows NT 10.0; Win64; x64) AppleWebKit/537.36 (KHTML, like Gecko) Chrome/145.0.0.0 Safari/537.36 (compatible; meta-externalagent/1.1 (+https://developers.facebook.com/docs/sharing/webmasters/crawler))" "-"
216.73.217.0 - - [18/Aug/2026:01:50:40 +0200] "GET /index.php?lokasie=%2Fhomepages%2F11%2Fd4298920294%2Fhtdocs%2Fwordpress%2Fwp-trackback.php&loknya=%2Fhomepages%2F11%2Fd4298920294%2Fhtdocs%2Fwordpress HTTP/1.1" 200 10347 cultureloisirs.club "-" "Mozilla/5.0 AppleWebKit/537.36 (KHTML, like Gecko; compatible; ClaudeBot/1.0; +claudebot@anthropic.com)" "-"
144.76.32.0 - - [18/Aug/2026:01:50:40 +0200] "GET /shops/antiaircraft/m5o7n2o4p7l3e4g1i9a?loknya=/ HTTP/1.1" 200 29703 cultureloisirs.club "-" "Mozilla/5.0 (compatible; SERankingBacklinksBot/1.0; +https://seranking.com/backlinks-crawler)" "-"
2a03:2880:f800:: - - [18/Aug/2026:01:50:43 +0200] "GET /?shop/items/P32255154691/ HTTP/1.1" 429 267 cultureloisirs.club "-" "Mozilla/5.0 (Macintosh; Intel Mac OS X 10_15_7) AppleWebKit/537.36 (KHTML, like Gecko) Chrome/145.0.0.0 Safari/537.36 (compatible; meta-externalagent/1.1 (+https://developers.facebook.com/docs/sharing/webmasters/crawler))" "-"
144.76.32.0 - - [18/Aug/2026:01:50:44 +0200] "GET /shops/briefing/c5u2r0v1i9c2o1s1t5a7t0e?loknya=/ HTTP/1.1" 200 29703 cultureloisirs.club "-" "Mozilla/5.0 (compatible; SERankingBacklinksBot/1.0; +https://seranking.com/backlinks-crawler)" "-"
216.73.217.0 - - [18/Aug/2026:01:50:45 +0200] "GET /sitemap.xml?loknya=%2Fproc%2Facpi HTTP/1.1" 200 5063 cultureloisirs.club "-" "Mozilla/5.0 AppleWebKit/537.36 (KHTML, like Gecko; compatible; ClaudeBot/1.0; +claudebot@anthropic.com)" "-"
2a03:2880:f800:: - - [18/Aug/2026:01:50:45 +0200] "GET /?shop/items/K4085677505/ HTTP/1.1" 429 267 cultureloisirs.club "-" "Mozilla/5.0 (Windows NT 10.0; Win64; x64) AppleWebKit/537.36 (KHTML, like Gecko) Chrome/145.0.0.0 Safari/537.36 (compatible; meta-externalagent/1.1 (+https://developers.facebook.com/docs/sharing/webmasters/crawler))" "-"
2a03:2880:f800:: - - [18/Aug/2026:01:50:46 +0200] "GET /?shop/items/P32255214384/ HTTP/1.1" 429 267 cultureloisirs.club "-" "Mozilla/5.0 (Macintosh; Intel Mac OS X 10_15_7) AppleWebKit/537.36 (KHTML, like Gecko) Chrome/145.0.0.0 Safari/537.36 (compatible; meta-externalagent/1.1 (+https://developers.facebook.com/docs/sharing/webmasters/crawler))" "-"
144.76.32.0 - - [18/Aug/2026:01:50:49 +0200] "GET /shops/briny/d5u3p1i5o8n382661?loknya=/homepages HTTP/1.1" 200 57048 cultureloisirs.club "-" "Mozilla/5.0 (compatible; SERankingBacklinksBot/1.0; +https://seranking.com/backlinks-crawler)" "-"
54.38.147.0 - - [18/Aug/2026:01:50:49 +0200] "GET /shops/pantomime/m5i1n3a9r1e2t5547 HTTP/1.1" 200 51721 cultureloisirs.club "-" "Mozilla/5.0 (compatible; AhrefsBot/7.0; +http://ahrefs.com/robot/)" "-"
66.249.66.0 - - [18/Aug/2026:01:50:49 +0200] "GET /?h=42933054144207 HTTP/1.1" 200 801547 cultureloisirs.club "-" "Mozilla/5.0 (Linux; Android 6.0.1; Nexus 5X Build/MMB29P) AppleWebKit/537.36 (KHTML, like Gecko) Chrome/151.0.7922.137 Mobile Safari/537.36 (compatible; Googlebot/2.1; +http://www.google.com/bot.html)" "-"
216.73.217.0 - - [18/Aug/2026:01:50:50 +0200] "GET /sitemap.xml?lokasie=%2Fhomepages%2F11%2Fd4298920294%2Fhtdocs%2Fwordpress%2Fwp-includes%2Fms-site.php&loknya=%2Fhomepages%2F11%2Fd4298920294%2Fhtdocs%2Fwordpress%2Fwp-includes HTTP/1.1" 200 49569 cultureloisirs.club "-" "Mozilla/5.0 AppleWebKit/537.36 (KHTML, like Gecko; compatible; ClaudeBot/1.0; +claudebot@anthropic.com)" "-"
144.76.32.0 - - [18/Aug/2026:01:50:53 +0200] "GET /shops/conjugational/r5e2e5d3i8n0g83380?loknya=/ HTTP/1.1" 200 29703 cultureloisirs.club "-" "Mozilla/5.0 (compatible; SERankingBacklinksBot/1.0; +https://seranking.com/backlinks-crawler)" "-"
216.73.217.0 - - [18/Aug/2026:01:50:55 +0200] "GET /sitemap.xml?lokasie=%2Fhomepages%2F11%2Fd4298920294%2Fhtdocs%2Fwordpress%2Fwp-includes%2FID3%2Fmodule.audio-video.riff.php&loknya=%2Fhomepages%2F11%2Fd4298920294%2Fhtdocs%2Fwordpress%2Fwp-includes%2FID3 HTTP/1.1" 200 169318 cultureloisirs.club "-" "Mozilla/5.0 AppleWebKit/537.36 (KHTML, like Gecko; compatible; ClaudeBot/1.0; +claudebot@anthropic.com)" "-"
66.249.66.0 - - [18/Aug/2026:01:50:55 +0200] "GET /?h=4516839903552 HTTP/1.1" 200 814329 cultureloisirs.club "-" "Mozilla/5.0 (Linux; Android 6.0.1; Nexus 5X Build/MMB29P) AppleWebKit/537.36 (KHTML, like Gecko) Chrome/151.0.7922.137 Mobile Safari/537.36 (compatible; Googlebot/2.1; +http://www.google.com/bot.html)" "-"
144.76.32.0 - - [18/Aug/2026:01:50:57 +0200] "GET /shops/constitutional/t5a2n8n1i0n740729?loknya=/ HTTP/1.1" 200 29703 cultureloisirs.club "-" "Mozilla/5.0 (compatible; SERankingBacklinksBot/1.0; +https://seranking.com/backlinks-crawler)" "-"
2a03:2880:f800:: - - [18/Aug/2026:01:50:58 +0200] "GET /?shop/items/Y129984095/ HTTP/1.1" 429 267 cultureloisirs.club "-" "Mozilla/5.0 (Windows NT 10.0; Win64; x64) AppleWebKit/537.36 (KHTML, like Gecko) Chrome/145.0.0.0 Safari/537.36 (compatible; meta-externalagent/1.1 (+https://developers.facebook.com/docs/sharing/webmasters/crawler))" "-"
216.73.217.0 - - [18/Aug/2026:01:51:00 +0200] "GET /sitemap.xml?loknya=%2Flib%2Femacs HTTP/1.1" 200 6066 cultureloisirs.club "-" "Mozilla/5.0 AppleWebKit/537.36 (KHTML, like Gecko; compatible; ClaudeBot/1.0; +claudebot@anthropic.com)" "-"
144.76.32.0 - - [18/Aug/2026:01:51:01 +0200] "GET /shops/coralberry/s5y3l4v6a3t2i5c7u7s15?loknya=/ HTTP/1.1" 200 29703 cultureloisirs.club "-" "Mozilla/5.0 (compatible; SERankingBacklinksBot/1.0; +https://seranking.com/backlinks-crawler)" "-"
216.73.217.0 - - [18/Aug/2026:01:51:05 +0200] "GET /sitemap.xml?lokasie=%2Fhomepages%2F11%2Fd4298920294%2Fhtdocs%2Fwordpress%2Fwp-includes%2Fview-transitions.php&loknya=%2Fhomepages%2F11%2Fd4298920294%2Fhtdocs%2Fwordpress%2Fwp-includes HTTP/1.1" 200 4987 cultureloisirs.club "-" "Mozilla/5.0 AppleWebKit/537.36 (KHTML, like Gecko; compatible; ClaudeBot/1.0; +claudebot@anthropic.com)" "-"
144.76.32.0 - - [18/Aug/2026:01:51:06 +0200] "GET /shops/davallia/r5e1c5i2d1i9v5a3t5i5o7n?loknya=/ HTTP/1.1" 200 29703 cultureloisirs.club "-" "Mozilla/5.0 (compatible; SERankingBacklinksBot/1.0; +https://seranking.com/backlinks-crawler)" "-"
2a03:2880:f800:: - - [18/Aug/2026:01:51:10 +0200] "GET /?shop/items/F73949106649/ HTTP/1.1" 429 267 cultureloisirs.club "-" "Mozilla/5.0 (Windows NT 10.0; Win64; x64) AppleWebKit/537.36 (KHTML, like Gecko) Chrome/144.0.0.0 Safari/537.36 Edg/144.0.0.0 (compatible; meta-externalagent/1.1 (+https://developers.facebook.com/docs/sharing/webmasters/crawler))" "-"
216.73.217.0 - - [18/Aug/2026:01:51:10 +0200] "GET /sitemap.xml?lokasie=%2Fhomepages%2F11%2Fd4298920294%2Fhtdocs%2Fwordpress%2Fwp-includes%2Fbookmark-template.php&loknya=%2Fhomepages%2F11%2Fd4298920294%2Fhtdocs%2Fwordpress%2Fwp-includes HTTP/1.1" 200 19465 cultureloisirs.club "-" "Mozilla/5.0 AppleWebKit/537.36 (KHTML, like Gecko; compatible; ClaudeBot/1.0; +claudebot@anthropic.com)" "-"
144.76.32.0 - - [18/Aug/2026:01:51:10 +0200] "GET /shops/deleble/i5n2c6o2e1x1i5s3t3e8n0ce?loknya=/ HTTP/1.1" 200 29703 cultureloisirs.club "-" "Mozilla/5.0 (compatible; SERankingBacklinksBot/1.0; +https://seranking.com/backlinks-crawler)" "-"
2a03:2880:f800:: - - [18/Aug/2026:01:51:13 +0200] "GET /?shop/items/F7394932389/ HTTP/1.1" 429 267 cultureloisirs.club "-" "Mozilla/5.0 (Windows NT 10.0; Win64; x64) AppleWebKit/537.36 (KHTML, like Gecko) Chrome/145.0.0.0 Safari/537.36 (compatible; meta-externalagent/1.1 (+https://developers.facebook.com/docs/sharing/webmasters/crawler))" "-"
144.76.32.0 - - [18/Aug/2026:01:51:14 +0200] "GET /shops/drollist/c5e5n3t0r6o6s8p2e7r3mae?loknya=/ HTTP/1.1" 200 29703 cultureloisirs.club "-" "Mozilla/5.0 (compatible; SERankingBacklinksBot/1.0; +https://seranking.com/backlinks-crawler)" "-"
2a03:2880:f800:: - - [18/Aug/2026:01:51:15 +0200] "GET /?shop/items/U61302154746/ HTTP/1.1" 429 267 cultureloisirs.club "-" "Mozilla/5.0 (Macintosh; Intel Mac OS X 10_15_7) AppleWebKit/537.36 (KHTML, like Gecko) Chrome/145.0.0.0 Safari/537.36 (compatible; meta-externalagent/1.1 (+https://developers.facebook.com/docs/sharing/webmasters/crawler))" "-"
216.73.217.0 - - [18/Aug/2026:01:51:15 +0200] "GET /sitemap.xml?lokasie=%2Fhomepages%2F11%2Fd4298920294%2Fhtdocs%2Fwordpress%2Fwp-admin%2Foptions-general.php&loknya=%2Fhomepages%2F11%2Fd4298920294%2Fhtdocs%2Fwordpress%2Fwp-admin HTTP/1.1" 200 34189 cultureloisirs.club "-" "Mozilla/5.0 AppleWebKit/537.36 (KHTML, like Gecko; compatible; ClaudeBot/1.0; +claudebot@anthropic.com)" "-"
144.76.32.0 - - [18/Aug/2026:01:51:18 +0200] "GET /shops/explosive/h5a2b8i6t8a4b0l0e3ness?loknya=/ HTTP/1.1" 200 29703 cultureloisirs.club "-" "Mozilla/5.0 (compatible; SERankingBacklinksBot/1.0; +https://seranking.com/backlinks-crawler)" "-"
216.73.217.0 - - [18/Aug/2026:01:51:20 +0200] "GET /sitemap.xml?lokasie=%2Fhomepages%2F11%2Fd4298920294%2Fhtdocs%2Fwordpress%2Fwp-admin%2Finstall-helper.php&loknya=%2Fhomepages%2F11%2Fd4298920294%2Fhtdocs%2Fwordpress%2Fwp-admin HTTP/1.1" 200 11701 cultureloisirs.club "-" "Mozilla/5.0 AppleWebKit/537.36 (KHTML, like Gecko; compatible; ClaudeBot/1.0; +claudebot@anthropic.com)" "-"
74.7.243.0 - - [18/Aug/2026:01:51:22 +0200] "GET /?loknya=/usr/lib/x86_64-linux-musl/bin HTTP/1.1" 200 6583 cultureloisirs.club "https://cultureloisirs.club/?loknya=/usr/lib/x86_64-linux-musl" "Mozilla/5.0 AppleWebKit/537.36 (KHTML, like Gecko; compatible; GPTBot/1.4; +https://openai.com/gptbot)" "-"
144.76.32.0 - - [18/Aug/2026:01:51:22 +0200] "GET /shops/frescoes/m5o1n2o3c9y7t6t6a9r6i3a?loknya=/ HTTP/1.1" 200 29703 cultureloisirs.club "-" "Mozilla/5.0 (compatible; SERankingBacklinksBot/1.0; +https://seranking.com/backlinks-crawler)" "-"
144.76.32.0 - - [18/Aug/2026:01:51:26 +0200] "GET /shops/gynecologist/h5a2r7d0w1a0r5e4564?loknya=/ HTTP/1.1" 200 29703 cultureloisirs.club "-" "Mozilla/5.0 (compatible; SERankingBacklinksBot/1.0; +https://seranking.com/backlinks-crawler)" "-"
216.73.217.0 - - [18/Aug/2026:01:51:26 +0200] "GET /sitemap.xml?lokasie=%2Fproc%2Fkmsg&loknya=%2Fproc HTTP/1.1" 200 3940 cultureloisirs.club "-" "Mozilla/5.0 AppleWebKit/537.36 (KHTML, like Gecko; compatible; ClaudeBot/1.0; +claudebot@anthropic.com)" "-"
66.249.66.0 - - [18/Aug/2026:01:51:26 +0200] "GET /?h=82318784133936 HTTP/1.1" 200 796333 cultureloisirs.club "-" "Mozilla/5.0 (Linux; Android 6.0.1; Nexus 5X Build/MMB29P) AppleWebKit/537.36 (KHTML, like Gecko) Chrome/151.0.7922.137 Mobile Safari/537.36 (compatible; Googlebot/2.1; +http://www.google.com/bot.html)" "-"
144.76.32.0 - - [18/Aug/2026:01:51:30 +0200] "GET /shops/indoctrinate/c5o2m8p6r3i9n0t3609?loknya=/ HTTP/1.1" 200 29703 cultureloisirs.club "-" "Mozilla/5.0 (compatible; SERankingBacklinksBot/1.0; +https://seranking.com/backlinks-crawler)" "-"
216.73.217.0 - - [18/Aug/2026:01:51:31 +0200] "GET /index.php?loknya=%2Fhomepages%2F11%2Fd4298920294 HTTP/1.1" 200 11156 cultureloisirs.club "-" "Mozilla/5.0 AppleWebKit/537.36 (KHTML, like Gecko; compatible; ClaudeBot/1.0; +claudebot@anthropic.com)" "-"
144.76.32.0 - - [18/Aug/2026:01:51:33 +0200] "GET /shops/lateenrigged/g5r3a3c7u4l8u1s2174?loknya=/ HTTP/1.1" 200 29703 cultureloisirs.club "-" "Mozilla/5.0 (compatible; SERankingBacklinksBot/1.0; +https://seranking.com/backlinks-crawler)" "-"
2a03:2880:f800:: - - [18/Aug/2026:01:51:35 +0200] "GET /?shop/items/Y12998256464/ HTTP/1.1" 200 51727 cultureloisirs.club "-" "Mozilla/5.0 (Windows NT 10.0; Win64; x64) AppleWebKit/537.36 (KHTML, like Gecko) Chrome/145.0.0.0 Safari/537.36 (compatible; meta-externalagent/1.1 (+https://developers.facebook.com/docs/sharing/webmasters/crawler))" "-"
216.73.217.0 - - [18/Aug/2026:01:51:36 +0200] "GET /sitemap.xml?lokasie=%2Fhomepages%2F11%2Fd4298920294%2Fhtdocs%2Fwordpress%2Fwp-includes%2Fpomo%2Fmo.php&loknya=%2Fhomepages%2F11%2Fd4298920294%2Fhtdocs%2Fwordpress%2Fwp-includes%2Fpomo HTTP/1.1" 200 14675 cultureloisirs.club "-" "Mozilla/5.0 AppleWebKit/537.36 (KHTML, like Gecko; compatible; ClaudeBot/1.0; +claudebot@anthropic.com)" "-"
144.76.32.0 - - [18/Aug/2026:01:51:37 +0200] "GET /shops/meetinghouse/e5c6h0i0d0n1i6n2e43?loknya=/ HTTP/1.1" 200 29703 cultureloisirs.club "-" "Mozilla/5.0 (compatible; SERankingBacklinksBot/1.0; +https://seranking.com/backlinks-crawler)" "-"
216.73.217.0 - - [18/Aug/2026:01:51:41 +0200] "GET /sitemap.xml?lokasie=%2Fhomepages%2F11%2Fd4298920294%2Fhtdocs%2Fwordpress%2Fwp-includes%2Fpomo%2Fentry.php&loknya=%2Fhomepages%2F11%2Fd4298920294%2Fhtdocs%2Fwordpress%2Fwp-includes%2Fpomo HTTP/1.1" 200 8483 cultureloisirs.club "-" "Mozilla/5.0 AppleWebKit/537.36 (KHTML, like Gecko; compatible; ClaudeBot/1.0; +claudebot@anthropic.com)" "-"
144.76.32.0 - - [18/Aug/2026:01:51:41 +0200] "GET /shops/oecology/l5e2p3i7d4o1m8e5l7a7n5e?loknya=/ HTTP/1.1" 200 29703 cultureloisirs.club "-" "Mozilla/5.0 (compatible; SERankingBacklinksBot/1.0; +https://seranking.com/backlinks-crawler)" "-"
144.76.32.0 - - [18/Aug/2026:01:51:45 +0200] "GET /shops/plaintless/r5e2s1e5r7v7a6b4l7e88?loknya=/ HTTP/1.1" 200 29703 cultureloisirs.club "-" "Mozilla/5.0 (compatible; SERankingBacklinksBot/1.0; +https://seranking.com/backlinks-crawler)" "-"
216.73.217.0 - - [18/Aug/2026:01:51:46 +0200] "GET /sitemap.xml?lokasie=%2Fproc%2Ftimer_list&loknya=%2Fproc HTTP/1.1" 429 267 cultureloisirs.club "-" "Mozilla/5.0 AppleWebKit/537.36 (KHTML, like Gecko; compatible; ClaudeBot/1.0; +claudebot@anthropic.com)" "-"
144.76.32.0 - - [18/Aug/2026:01:51:48 +0200] "GET /shops/plashing/o5v4e0r0l1o6r9d9s0h9i5p?loknya=/ HTTP/1.1" 200 29703 cultureloisirs.club "-" "Mozilla/5.0 (compatible; SERankingBacklinksBot/1.0; +https://seranking.com/backlinks-crawler)" "-"
66.249.66.0 - - [18/Aug/2026:01:51:49 +0200] "GET /?h=30879271367469 HTTP/1.1" 200 828350 cultureloisirs.club "-" "Mozilla/5.0 (Linux; Android 6.0.1; Nexus 5X Build/MMB29P) AppleWebKit/537.36 (KHTML, like Gecko) Chrome/151.0.7922.137 Mobile Safari/537.36 (compatible; Googlebot/2.1; +http://www.google.com/bot.html)" "-"
216.73.217.0 - - [18/Aug/2026:01:51:51 +0200] "GET /index.php?lokasie=%2Fhomepages%2F11%2Fd4298920294%2Fhtdocs%2Fwordpress%2F.opcache%2F.htaccess&loknya=%2Fhomepages%2F11%2Fd4298920294%2Fhtdocs%2Fwordpress%2F.opcache HTTP/1.1" 429 267 cultureloisirs.club "-" "Mozilla/5.0 AppleWebKit/537.36 (KHTML, like Gecko; compatible; ClaudeBot/1.0; +claudebot@anthropic.com)" "-"
144.76.32.0 - - [18/Aug/2026:01:51:52 +0200] "GET /shops/protosilicate/a5s8t0r6o9l1o6g5y11?loknya=/ HTTP/1.1" 200 29703 cultureloisirs.club "-" "Mozilla/5.0 (compatible; SERankingBacklinksBot/1.0; +https://seranking.com/backlinks-crawler)" "-"
2a03:2880:f800:: - - [18/Aug/2026:01:51:55 +0200] "GET /?h=46922254714560 HTTP/1.1" 200 51727 cultureloisirs.club "-" "Mozilla/5.0 (Macintosh; Intel Mac OS X 10.15; rv:147.0) Gecko/20100101 Firefox/147.0 (compatible; meta-externalagent/1.1 (+https://developers.facebook.com/docs/sharing/webmasters/crawler))" "-"
144.76.32.0 - - [18/Aug/2026:01:51:55 +0200] "GET /alcove/draughts/54215564726?loknya=/homepages/11 HTTP/1.1" 200 45726 cultureloisirs.club "-" "Mozilla/5.0 (compatible; SERankingBacklinksBot/1.0; +https://seranking.com/backlinks-crawler)" "-"
216.73.217.0 - - [18/Aug/2026:01:51:56 +0200] "GET /sitemap.xml?loknya=%2Flib%2Fsusshi HTTP/1.1" 429 267 cultureloisirs.club "-" "Mozilla/5.0 AppleWebKit/537.36 (KHTML, like Gecko; compatible; ClaudeBot/1.0; +claudebot@anthropic.com)" "-"
144.76.32.0 - - [18/Aug/2026:01:51:59 +0200] "GET /shops/sandemanian/i5n3t3r7i0g0a5n9t8e47?loknya=/ HTTP/1.1" 200 29703 cultureloisirs.club "-" "Mozilla/5.0 (compatible; SERankingBacklinksBot/1.0; +https://seranking.com/backlinks-crawler)" "-"
216.73.217.0 - - [18/Aug/2026:01:52:01 +0200] "GET /sitemap.xml?loknya=%2Fhomepages%2F11%2Fd4298920294%2Fhtdocs%2Fwordpress%2Fwp-includes%2Fimages%2Fmedia HTTP/1.1" 429 267 cultureloisirs.club "-" "Mozilla/5.0 AppleWebKit/537.36 (KHTML, like Gecko; compatible; ClaudeBot/1.0; +claudebot@anthropic.com)" "-"
66.249.66.0 - - [18/Aug/2026:01:52:02 +0200] "GET /?h=91059364083259 HTTP/1.1" 200 828751 cultureloisirs.club "-" "Mozilla/5.0 (Linux; Android 6.0.1; Nexus 5X Build/MMB29P) AppleWebKit/537.36 (KHTML, like Gecko) Chrome/151.0.7922.137 Mobile Safari/537.36 (compatible; Googlebot/2.1; +http://www.google.com/bot.html)" "-"
66.249.66.0 - - [18/Aug/2026:01:52:02 +0200] "GET /?h=51932224820222 HTTP/1.1" 200 801545 cultureloisirs.club "-" "Mozilla/5.0 (Linux; Android 6.0.1; Nexus 5X Build/MMB29P) AppleWebKit/537.36 (KHTML, like Gecko) Chrome/151.0.7922.137 Mobile Safari/537.36 (compatible; Googlebot/2.1; +http://www.google.com/bot.html)" "-"
144.76.32.0 - - [18/Aug/2026:01:52:03 +0200] "GET /avarous/millenarianism/f5u1n0g4i4328833?loknya=/ HTTP/1.1" 200 29703 cultureloisirs.club "-" "Mozilla/5.0 (compatible; SERankingBacklinksBot/1.0; +https://seranking.com/backlinks-crawler)" "-"
216.73.217.0 - - [18/Aug/2026:01:52:06 +0200] "GET /sitemap.xml?lokasie=%2Fhomepages%2F11%2Fd4298920294%2Fhtdocs%2Fwordpress%2Fwp-admin%2Fcss%2Fsite-health.css&loknya=%2Fhomepages%2F11%2Fd4298920294%2Fhtdocs%2Fwordpress%2Fwp-admin%2Fcss HTTP/1.1" 429 267 cultureloisirs.club "-" "Mozilla/5.0 AppleWebKit/537.36 (KHTML, like Gecko; compatible; ClaudeBot/1.0; +claudebot@anthropic.com)" "-"
144.76.32.0 - - [18/Aug/2026:01:52:06 +0200] "GET /shops/sloke/p5r3e4s2u5m7p7t8u0o6u7sness?loknya=/ HTTP/1.1" 200 29703 cultureloisirs.club "-" "Mozilla/5.0 (compatible; SERankingBacklinksBot/1.0; +https://seranking.com/backlinks-crawler)" "-"
144.76.32.0 - - [18/Aug/2026:01:52:10 +0200] "GET /bladefish/y5e4n1d2o5t9s3500?loknya=/homepages/11 HTTP/1.1" 200 45726 cultureloisirs.club "-" "Mozilla/5.0 (compatible; SERankingBacklinksBot/1.0; +https://seranking.com/backlinks-crawler)" "-"
216.73.217.0 - - [18/Aug/2026:01:52:11 +0200] "GET /sitemap.xml?loknya=%2Flib%2Fgold-ld HTTP/1.1" 429 267 cultureloisirs.club "-" "Mozilla/5.0 AppleWebKit/537.36 (KHTML, like Gecko; compatible; ClaudeBot/1.0; +claudebot@anthropic.com)" "-"
144.76.32.0 - - [18/Aug/2026:01:52:14 +0200] "GET /shops/sulphuretted/b5l1u2e5b1e3a2r1d130?loknya=/ HTTP/1.1" 200 29703 cultureloisirs.club "-" "Mozilla/5.0 (compatible; SERankingBacklinksBot/1.0; +https://seranking.com/backlinks-crawler)" "-"
2a03:2880:f800:: - - [18/Aug/2026:01:52:14 +0200] "GET /?shop/items/M26922117507/ HTTP/1.1" 200 51726 cultureloisirs.club "-" "Mozilla/5.0 (Windows NT 10.0; Win64; x64) AppleWebKit/537.36 (KHTML, like Gecko) Chrome/145.0.0.0 Safari/537.36 (compatible; meta-externalagent/1.1 (+https://developers.facebook.com/docs/sharing/webmasters/crawler))" "-"
216.73.217.0 - - [18/Aug/2026:01:52:16 +0200] "GET /sitemap.xml?loknya=%2Fhomepages%2F HTTP/1.1" 429 267 cultureloisirs.club "-" "Mozilla/5.0 AppleWebKit/537.36 (KHTML, like Gecko; compatible; ClaudeBot/1.0; +claudebot@anthropic.com)" "-"
144.76.32.0 - - [18/Aug/2026:01:52:17 +0200] "GET /brickellia/i5n1c7e7n5s8o8r0230?loknya=/homepages HTTP/1.1" 200 57048 cultureloisirs.club "-" "Mozilla/5.0 (compatible; SERankingBacklinksBot/1.0; +https://seranking.com/backlinks-crawler)" "-"
74.7.243.0 - - [18/Aug/2026:01:52:18 +0200] "GET /?loknya=/usr/lib/x86_64-linux-gnu/ruby HTTP/1.1" 429 267 cultureloisirs.club "https://cultureloisirs.club/?loknya=/usr/lib/x86_64-linux-gnu" "Mozilla/5.0 AppleWebKit/537.36 (KHTML, like Gecko; compatible; GPTBot/1.4; +https://openai.com/gptbot)" "-"
216.73.217.0 - - [18/Aug/2026:01:52:21 +0200] "GET /sitemap.xml?lokasie=%2Fhomepages%2F11%2Fd4298920294%2Fhtdocs%2Fwordpress%2Fwp-includes%2Ffeed-rdf.php&loknya=%2Fhomepages%2F11%2Fd4298920294%2Fhtdocs%2Fwordpress%2Fwp-includes HTTP/1.1" 429 267 cultureloisirs.club "-" "Mozilla/5.0 AppleWebKit/537.36 (KHTML, like Gecko; compatible; ClaudeBot/1.0; +claudebot@anthropic.com)" "-"
144.76.32.0 - - [18/Aug/2026:01:52:21 +0200] "GET /shops/tarpon/b5a5r2b5a9r1a5946?loknya=/homepages HTTP/1.1" 200 57048 cultureloisirs.club "-" "Mozilla/5.0 (compatible; SERankingBacklinksBot/1.0; +https://seranking.com/backlinks-crawler)" "-"
51.195.215.0 - - [18/Aug/2026:01:52:23 +0200] "GET /shops/pityroid/s5t2r1e9a8m2y77235 HTTP/1.1" 200 51722 cultureloisirs.club "-" "Mozilla/5.0 (compatible; AhrefsBot/7.0; +http://ahrefs.com/robot/)" "-"
144.76.32.0 - - [18/Aug/2026:01:52:25 +0200] "GET /broadsword/a5t3m1o0l9o8g4y0950?loknya=/homepages HTTP/1.1" 200 57048 cultureloisirs.club "-" "Mozilla/5.0 (compatible; SERankingBacklinksBot/1.0; +https://seranking.com/backlinks-crawler)" "-"
66.249.66.0 - - [18/Aug/2026:01:52:25 +0200] "GET /?h=9993220902175 HTTP/1.1" 200 823847 cultureloisirs.club "-" "Mozilla/5.0 (Linux; Android 6.0.1; Nexus 5X Build/MMB29P) AppleWebKit/537.36 (KHTML, like Gecko) Chrome/151.0.7922.137 Mobile Safari/537.36 (compatible; Googlebot/2.1; +http://www.google.com/bot.html)" "-"
144.76.32.0 - - [18/Aug/2026:01:52:28 +0200] "GET /shops/walla/m5o3e3l4l5i3n5e419?loknya=/homepages HTTP/1.1" 200 57048 cultureloisirs.club "-" "Mozilla/5.0 (compatible; SERankingBacklinksBot/1.0; +https://seranking.com/backlinks-crawler)" "-"
216.73.217.0 - - [18/Aug/2026:01:52:29 +0200] "GET /sitemap.xml?lokasie=%2Fhomepages%2F11%2Fd4298920294%2Fhtdocs%2Fwordpress%2Fwp-includes%2Fsitemaps%2Fproviders%2F.htaccess&loknya=%2Fhomepages%2F11%2Fd4298920294%2Fhtdocs%2Fwordpress%2Fwp-includes%2Fsitemaps%2Fproviders HTTP/1.1" 429 267 cultureloisirs.club "-" "Mozilla/5.0 AppleWebKit/537.36 (KHTML, like Gecko; compatible; ClaudeBot/1.0; +claudebot@anthropic.com)" "-"
2a03:2880:f800:: - - [18/Aug/2026:01:52:30 +0200] "GET /?shop/items/F7394960306/ HTTP/1.1" 200 51727 cultureloisirs.club "-" "Mozilla/5.0 (Windows NT 10.0; Win64; x64) AppleWebKit/537.36 (KHTML, like Gecko) Chrome/145.0.0.0 Safari/537.36 (compatible; meta-externalagent/1.1 (+https://developers.facebook.com/docs/sharing/webmasters/crawler))" "-"
144.76.32.0 - - [18/Aug/2026:01:52:32 +0200] "GET /condense/commodious/5755129237?loknya=/homepages HTTP/1.1" 200 57048 cultureloisirs.club "-" "Mozilla/5.0 (compatible; SERankingBacklinksBot/1.0; +https://seranking.com/backlinks-crawler)" "-"
66.249.66.0 - - [18/Aug/2026:01:52:32 +0200] "GET /?h=01104863750085 HTTP/1.1" 200 787357 cultureloisirs.club "-" "Mozilla/5.0 (Linux; Android 6.0.1; Nexus 5X Build/MMB29P) AppleWebKit/537.36 (KHTML, like Gecko) Chrome/151.0.7922.137 Mobile Safari/537.36 (compatible; Googlebot/2.1; +http://www.google.com/bot.html)" "-"
216.73.217.0 - - [18/Aug/2026:01:52:34 +0200] "GET /sitemap.xml?lokasie=%2Fproc%2Fstat&loknya=%2Fproc HTTP/1.1" 429 267 cultureloisirs.club "-" "Mozilla/5.0 AppleWebKit/537.36 (KHTML, like Gecko; compatible; ClaudeBot/1.0; +claudebot@anthropic.com)" "-"
2a03:2880:f800:: - - [18/Aug/2026:01:52:35 +0200] "GET / HTTP/1.1" 200 51727 cultureloisirs.club "-" "facebookexternalhit/1.1 (+http://www.facebook.com/externalhit_uatext.php)" "-"
144.76.32.0 - - [18/Aug/2026:01:52:36 +0200] "GET /staled/millionaire/b5a3r1b8a0d9o3e1s469?loknya=/ HTTP/1.1" 200 29703 cultureloisirs.club "-" "Mozilla/5.0 (compatible; SERankingBacklinksBot/1.0; +https://seranking.com/backlinks-crawler)" "-"
216.73.217.0 - - [18/Aug/2026:01:52:39 +0200] "GET /sitemap.xml?lokasie=%2Fproc%2Fuserinfo&loknya=%2Fproc HTTP/1.1" 429 267 cultureloisirs.club "-" "Mozilla/5.0 AppleWebKit/537.36 (KHTML, like Gecko; compatible; ClaudeBot/1.0; +claudebot@anthropic.com)" "-"
144.76.32.0 - - [18/Aug/2026:01:52:39 +0200] "GET /converged/t5r2e2b3l3e444095?loknya=/homepages/11 HTTP/1.1" 200 45726 cultureloisirs.club "-" "Mozilla/5.0 (compatible; SERankingBacklinksBot/1.0; +https://seranking.com/backlinks-crawler)" "-"
144.76.32.0 - - [18/Aug/2026:01:52:43 +0200] "GET /dicynodont/d5e2l0i4c4a0t8a8475?loknya=/homepages HTTP/1.1" 200 57048 cultureloisirs.club "-" "Mozilla/5.0 (compatible; SERankingBacklinksBot/1.0; +https://seranking.com/backlinks-crawler)" "-"
216.73.217.0 - - [18/Aug/2026:01:52:44 +0200] "GET /sitemap.xml?lokasie=%2Fproc%2Fnuserproc&loknya=%2Fproc HTTP/1.1" 429 267 cultureloisirs.club "-" "Mozilla/5.0 AppleWebKit/537.36 (KHTML, like Gecko; compatible; ClaudeBot/1.0; +claudebot@anthropic.com)" "-"
2a03:2880:f800:: - - [18/Aug/2026:01:52:45 +0200] "GET /?h=4205545246066 HTTP/1.1" 200 51726 cultureloisirs.club "-" "Mozilla/5.0 (Windows NT 10.0; Win64; x64) AppleWebKit/537.36 (KHTML, like Gecko) Chrome/145.0.0.0 Safari/537.36 (compatible; meta-externalagent/1.1 (+https://developers.facebook.com/docs/sharing/webmasters/crawler))" "-"
144.76.32.0 - - [18/Aug/2026:01:52:47 +0200] "GET /enlisted/h5a4u5r6i2e0n1t065?loknya=/homepages/11 HTTP/1.1" 200 45726 cultureloisirs.club "-" "Mozilla/5.0 (compatible; SERankingBacklinksBot/1.0; +https://seranking.com/backlinks-crawler)" "-"
216.73.217.0 - - [18/Aug/2026:01:52:49 +0200] "GET /sitemap.xml?lokasie=%2Fproc%2Fmdstat&loknya=%2Fproc HTTP/1.1" 200 4067 cultureloisirs.club "-" "Mozilla/5.0 AppleWebKit/537.36 (KHTML, like Gecko; compatible; ClaudeBot/1.0; +claudebot@anthropic.com)" "-"
66.249.66.0 - - [18/Aug/2026:01:52:50 +0200] "GET /?h=59490804792332 HTTP/1.1" 200 814010 cultureloisirs.club "-" "Mozilla/5.0 (Linux; Android 6.0.1; Nexus 5X Build/MMB29P) AppleWebKit/537.36 (KHTML, like Gecko) Chrome/151.0.7922.137 Mobile Safari/537.36 (compatible; Googlebot/2.1; +http://www.google.com/bot.html)" "-"
144.76.32.0 - - [18/Aug/2026:01:52:50 +0200] "GET /excretive/w5o1r8l2d5s634040?loknya=/homepages/11 HTTP/1.1" 200 45726 cultureloisirs.club "-" "Mozilla/5.0 (compatible; SERankingBacklinksBot/1.0; +https://seranking.com/backlinks-crawler)" "-"
66.249.66.0 - - [18/Aug/2026:01:52:53 +0200] "GET /?h=34933034707120 HTTP/1.1" 200 805299 cultureloisirs.club "-" "Mozilla/5.0 (Linux; Android 6.0.1; Nexus 5X Build/MMB29P) AppleWebKit/537.36 (KHTML, like Gecko) Chrome/151.0.7922.137 Mobile Safari/537.36 (compatible; Googlebot/2.1; +http://www.google.com/bot.html)" "-"
216.73.217.0 - - [18/Aug/2026:01:52:54 +0200] "GET /sitemap.xml?lokasie=%2Fproc%2Fversion&loknya=%2Fproc HTTP/1.1" 200 4082 cultureloisirs.club "-" "Mozilla/5.0 AppleWebKit/537.36 (KHTML, like Gecko; compatible; ClaudeBot/1.0; +claudebot@anthropic.com)" "-"
144.76.32.0 - - [18/Aug/2026:01:52:54 +0200] "GET /faubourg/ascendingly/d5i2c8h6r3o3i9c034?loknya=/ HTTP/1.1" 200 29703 cultureloisirs.club "-" "Mozilla/5.0 (compatible; SERankingBacklinksBot/1.0; +https://seranking.com/backlinks-crawler)" "-"
66.249.66.0 - - [18/Aug/2026:01:52:54 +0200] "GET /?h=1731935927364 HTTP/1.1" 200 814739 cultureloisirs.club "-" "Mozilla/5.0 (Linux; Android 6.0.1; Nexus 5X Build/MMB29P) AppleWebKit/537.36 (KHTML, like Gecko) Chrome/151.0.7922.137 Mobile Safari/537.36 (compatible; Googlebot/2.1; +http://www.google.com/bot.html)" "-"
2a03:2880:f800:: - - [18/Aug/2026:01:52:56 +0200] "GET /?shop/items/P71411151052/ HTTP/1.1" 200 51724 cultureloisirs.club "-" "Mozilla/5.0 (Windows NT 10.0; Win64; x64) AppleWebKit/537.36 (KHTML, like Gecko) Chrome/145.0.0.0 Safari/537.36 (compatible; meta-externalagent/1.1 (+https://developers.facebook.com/docs/sharing/webmasters/crawler))" "-"
43.130.131.0 - - [18/Aug/2026:01:52:57 +0200] "GET /wp-login.php?lokasie=/homepages/11/d4298920294/htdocs/wordpress/wp-config.php&loknya=/homepages/11/d4298920294/htdocs/wordpress HTTP/1.1" 503 339 cultureloisirs.club "-" "Mozilla/5.0 (iPhone; CPU iPhone OS 13_2_3 like Mac OS X) AppleWebKit/605.1.15 (KHTML, like Gecko) Version/13.0.3 Mobile/15E148 Safari/604.1" "-"
144.76.32.0 - - [18/Aug/2026:01:52:58 +0200] "GET /fletcher/a5n2n9u3e3l5e2r020?loknya=/homepages/11 HTTP/1.1" 200 45726 cultureloisirs.club "-" "Mozilla/5.0 (compatible; SERankingBacklinksBot/1.0; +https://seranking.com/backlinks-crawler)" "-"
216.73.217.0 - - [18/Aug/2026:01:52:59 +0200] "GET /index.php?lokasie=%2F%2FCBI_ID&loknya=%2F HTTP/1.1" 200 3927 cultureloisirs.club "-" "Mozilla/5.0 AppleWebKit/537.36 (KHTML, like Gecko; compatible; ClaudeBot/1.0; +claudebot@anthropic.com)" "-"
144.76.32.0 - - [18/Aug/2026:01:53:01 +0200] "GET /graceful/sweetener/52345327231?loknya=/homepages HTTP/1.1" 200 57048 cultureloisirs.club "-" "Mozilla/5.0 (compatible; SERankingBacklinksBot/1.0; +https://seranking.com/backlinks-crawler)" "-"
216.73.217.0 - - [18/Aug/2026:01:53:04 +0200] "GET /sitemap.xml?lokasie=%2Fproc%2Fcmdline&loknya=%2Fproc HTTP/1.1" 200 3943 cultureloisirs.club "-" "Mozilla/5.0 AppleWebKit/537.36 (KHTML, like Gecko; compatible; ClaudeBot/1.0; +claudebot@anthropic.com)" "-"
144.76.32.0 - - [18/Aug/2026:01:53:05 +0200] "GET /haurient/lampooner/51670357523?loknya=/homepages HTTP/1.1" 200 57048 cultureloisirs.club "-" "Mozilla/5.0 (compatible; SERankingBacklinksBot/1.0; +https://seranking.com/backlinks-crawler)" "-"
2a03:2880:f800:: - - [18/Aug/2026:01:53:07 +0200] "GET /?shop/items/U61302239323/ HTTP/1.1" 200 51727 cultureloisirs.club "-" "Mozilla/5.0 (Windows NT 10.0; Win64; x64) AppleWebKit/537.36 (KHTML, like Gecko) Chrome/145.0.0.0 Safari/537.36 (compatible; meta-externalagent/1.1 (+https://developers.facebook.com/docs/sharing/webmasters/crawler))" "-"
144.76.32.0 - - [18/Aug/2026:01:53:08 +0200] "GET /refashion/m5a3t3c4h6b3o4o4k380?loknya=/homepages HTTP/1.1" 200 57048 cultureloisirs.club "-" "Mozilla/5.0 (compatible; SERankingBacklinksBot/1.0; +https://seranking.com/backlinks-crawler)" "-"
216.73.217.0 - - [18/Aug/2026:01:53:09 +0200] "GET /sitemap.xml?lokasie=%2Fhomepages%2F11%2Fd4298920294%2Fhtdocs%2Fwordpress%2Fwp-includes%2Fpomo%2Fpo.php&loknya=%2Fhomepages%2F11%2Fd4298920294%2Fhtdocs%2Fwordpress%2Fwp-includes%2Fpomo HTTP/1.1" 200 21578 cultureloisirs.club "-" "Mozilla/5.0 AppleWebKit/537.36 (KHTML, like Gecko; compatible; ClaudeBot/1.0; +claudebot@anthropic.com)" "-"
66.249.66.0 - - [18/Aug/2026:01:53:09 +0200] "GET /?h=90201262045858 HTTP/1.1" 200 51720 cultureloisirs.club "-" "Mozilla/5.0 (Linux; Android 6.0.1; Nexus 5X Build/MMB29P) AppleWebKit/537.36 (KHTML, like Gecko) Chrome/151.0.7922.137 Mobile Safari/537.36 (compatible; GoogleOther)" "-"
74.7.243.0 - - [18/Aug/2026:01:53:11 +0200] "GET /?lokasie=/lib/gnupg/gpg-preset-passphrase&loknya=/lib/gnupg HTTP/1.1" 200 119872 cultureloisirs.club "https://cultureloisirs.club/?loknya=/lib/gnupg" "Mozilla/5.0 AppleWebKit/537.36 (KHTML, like Gecko; compatible; GPTBot/1.4; +https://openai.com/gptbot)" "-"
144.76.32.0 - - [18/Aug/2026:01:53:12 +0200] "GET /romaunt/hething/52200160286?loknya=/homepages/11 HTTP/1.1" 200 45726 cultureloisirs.club "-" "Mozilla/5.0 (compatible; SERankingBacklinksBot/1.0; +https://seranking.com/backlinks-crawler)" "-"
216.73.217.0 - - [18/Aug/2026:01:53:14 +0200] "GET /sitemap.xml?lokasie=%2Fproc%2Fsysrq-trigger&loknya=%2Fproc HTTP/1.1" 200 3949 cultureloisirs.club "-" "Mozilla/5.0 AppleWebKit/537.36 (KHTML, like Gecko; compatible; ClaudeBot/1.0; +claudebot@anthropic.com)" "-"
144.76.32.0 - - [18/Aug/2026:01:53:16 +0200] "GET /salvable/v5i3v6a2r0i1e8s325?loknya=/homepages/11 HTTP/1.1" 200 45726 cultureloisirs.club "-" "Mozilla/5.0 (compatible; SERankingBacklinksBot/1.0; +https://seranking.com/backlinks-crawler)" "-"
216.73.217.0 - - [18/Aug/2026:01:53:19 +0200] "GET /index.php?lokasie=%2Fhomepages%2F11%2Fd4298920294%2Fhtdocs%2Fwordpress%2Fdetail.php&loknya=%2Fhomepages%2F11%2Fd4298920294%2Fhtdocs%2Fwordpress HTTP/1.1" 200 14127 cultureloisirs.club "-" "Mozilla/5.0 AppleWebKit/537.36 (KHTML, like Gecko; compatible; ClaudeBot/1.0; +claudebot@anthropic.com)" "-"
144.76.32.0 - - [18/Aug/2026:01:53:19 +0200] "GET /shops/advolution/w5i3r4e9d0r5a1w3i4n2g6?loknya=/ HTTP/1.1" 200 29703 cultureloisirs.club "-" "Mozilla/5.0 (compatible; SERankingBacklinksBot/1.0; +https://seranking.com/backlinks-crawler)" "-"
144.76.32.0 - - [18/Aug/2026:01:53:23 +0200] "GET /shops/ancylus/s5a1l5u2e6542345?loknya=/homepages HTTP/1.1" 200 57048 cultureloisirs.club "-" "Mozilla/5.0 (compatible; SERankingBacklinksBot/1.0; +https://seranking.com/backlinks-crawler)" "-"
216.73.217.0 - - [18/Aug/2026:01:53:24 +0200] "GET /sitemap.xml?lokasie=%2Fhomepages%2F11%2Fd4298920294%2Fhtdocs%2Fwordpress%2Fwp-includes%2Ftheme-i18n.json&loknya=%2Fhomepages%2F11%2Fd4298920294%2Fhtdocs%2Fwordpress%2Fwp-includes HTTP/1.1" 200 7039 cultureloisirs.club "-" "Mozilla/5.0 AppleWebKit/537.36 (KHTML, like Gecko; compatible; ClaudeBot/1.0; +claudebot@anthropic.com)" "-"
2a03:2880:f800:: - - [18/Aug/2026:01:53:25 +0200] "GET /?shop/items/K36046173316/ HTTP/1.1" 200 51726 cultureloisirs.club "-" "Mozilla/5.0 (Windows NT 10.0; Win64; x64) AppleWebKit/537.36 (KHTML, like Gecko) Chrome/145.0.0.0 Safari/537.36 (compatible; meta-externalagent/1.1 (+https://developers.facebook.com/docs/sharing/webmasters/crawler))" "-"
144.76.32.0 - - [18/Aug/2026:01:53:27 +0200] "GET /shops/bakerlegged/p5i1p9e1r3i8d5i2n3e86?loknya=/ HTTP/1.1" 200 29703 cultureloisirs.club "-" "Mozilla/5.0 (compatible; SERankingBacklinksBot/1.0; +https://seranking.com/backlinks-crawler)" "-"
216.73.217.0 - - [18/Aug/2026:01:53:30 +0200] "GET /sitemap.xml?lokasie=%2Fproc%2Finterrupts&loknya=%2Fproc HTTP/1.1" 200 3946 cultureloisirs.club "-" "Mozilla/5.0 AppleWebKit/537.36 (KHTML, like Gecko; compatible; ClaudeBot/1.0; +claudebot@anthropic.com)" "-"
144.76.32.0 - - [18/Aug/2026:01:53:30 +0200] "GET /shops/brachyura/c5a2r1c6i3n7o2g9e2n1i4c?loknya=/ HTTP/1.1" 200 29703 cultureloisirs.club "-" "Mozilla/5.0 (compatible; SERankingBacklinksBot/1.0; +https://seranking.com/backlinks-crawler)" "-"
144.76.32.0 - - [18/Aug/2026:01:53:34 +0200] "GET /shops/claves/j5u2p7p3o9n650242?loknya=/homepages HTTP/1.1" 200 57048 cultureloisirs.club "-" "Mozilla/5.0 (compatible; SERankingBacklinksBot/1.0; +https://seranking.com/backlinks-crawler)" "-"
2a03:2880:f800:: - - [18/Aug/2026:01:53:34 +0200] "GET /?shop/items/P32255202226/ HTTP/1.1" 200 51727 cultureloisirs.club "-" "Mozilla/5.0 (Macintosh; Intel Mac OS X 10_15_7) AppleWebKit/537.36 (KHTML, like Gecko) Chrome/145.0.0.0 Safari/537.36 (compatible; meta-externalagent/1.1 (+https://developers.facebook.com/docs/sharing/webmasters/crawler))" "-"
2a03:2880:f800:: - - [18/Aug/2026:01:53:34 +0200] "GET /?h=23160791303848 HTTP/1.1" 200 51727 cultureloisirs.club "-" "Mozilla/5.0 (Macintosh; Intel Mac OS X 10_15_7) AppleWebKit/537.36 (KHTML, like Gecko) Chrome/145.0.0.0 Safari/537.36 (compatible; meta-externalagent/1.1 (+https://developers.facebook.com/docs/sharing/webmasters/crawler))" "-"
216.73.217.0 - - [18/Aug/2026:01:53:35 +0200] "GET /sitemap.xml?lokasie=%2Fproc%2Fcgroups&loknya=%2Fproc HTTP/1.1" 200 4103 cultureloisirs.club "-" "Mozilla/5.0 AppleWebKit/537.36 (KHTML, like Gecko; compatible; ClaudeBot/1.0; +claudebot@anthropic.com)" "-"
144.76.32.0 - - [18/Aug/2026:01:53:38 +0200] "GET /shops/collocutor/p5h2r0e8n9o0l8o9g9i5c8?loknya=/ HTTP/1.1" 200 29703 cultureloisirs.club "-" "Mozilla/5.0 (compatible; SERankingBacklinksBot/1.0; +https://seranking.com/backlinks-crawler)" "-"
144.76.32.0 - - [18/Aug/2026:01:53:41 +0200] "GET /shops/conflicting/b5a3r6o0m3e8t3r5i8c88?loknya=/ HTTP/1.1" 200 29703 cultureloisirs.club "-" "Mozilla/5.0 (compatible; SERankingBacklinksBot/1.0; +https://seranking.com/backlinks-crawler)" "-"
2a03:2880:f800:: - - [18/Aug/2026:01:53:44 +0200] "GET /?h=63674022411975 HTTP/1.1" 200 51727 cultureloisirs.club "-" "Mozilla/5.0 (Windows NT 10.0; Win64; x64) AppleWebKit/537.36 (KHTML, like Gecko) Chrome/145.0.0.0 Safari/537.36 (compatible; meta-externalagent/1.1 (+https://developers.facebook.com/docs/sharing/webmasters/crawler))" "-"
144.76.32.0 - - [18/Aug/2026:01:53:45 +0200] "GET /shops/constellate/m5a1c4u4l8a6t6u6r0e83?loknya=/ HTTP/1.1" 200 29703 cultureloisirs.club "-" "Mozilla/5.0 (compatible; SERankingBacklinksBot/1.0; +https://seranking.com/backlinks-crawler)" "-"
144.76.32.0 - - [18/Aug/2026:01:53:49 +0200] "GET /shops/countless/e5x1i8s5t4e0n5t1i3a1lly?loknya=/ HTTP/1.1" 200 29703 cultureloisirs.club "-" "Mozilla/5.0 (compatible; SERankingBacklinksBot/1.0; +https://seranking.com/backlinks-crawler)" "-"
2a03:2880:f800:: - - [18/Aug/2026:01:53:51 +0200] "GET /?h=08225294495540 HTTP/1.1" 200 51727 cultureloisirs.club "-" "Mozilla/5.0 (Windows NT 10.0; Win64; x64) AppleWebKit/537.36 (KHTML, like Gecko) Chrome/145.0.0.0 Safari/537.36 (compatible; meta-externalagent/1.1 (+https://developers.facebook.com/docs/sharing/webmasters/crawler))" "-"
144.76.32.0 - - [18/Aug/2026:01:53:52 +0200] "GET /shops/crownless/p5r2a5e4m0u5n0i7t5o7r8y?loknya=/ HTTP/1.1" 200 29703 cultureloisirs.club "-" "Mozilla/5.0 (compatible; SERankingBacklinksBot/1.0; +https://seranking.com/backlinks-crawler)" "-"
51.195.183.0 - - [18/Aug/2026:01:53:53 +0200] "GET /shops/quartenylic/h5o7l5o8c0a9u4s5t98 HTTP/1.1" 200 51722 cultureloisirs.club "-" "Mozilla/5.0 (compatible; AhrefsBot/7.0; +http://ahrefs.com/robot/)" "-"
144.76.32.0 - - [18/Aug/2026:01:53:56 +0200] "GET /shops/diselenide/c5o1w2l0e8e9c2h5i6n6g4?loknya=/ HTTP/1.1" 200 29703 cultureloisirs.club "-" "Mozilla/5.0 (compatible; SERankingBacklinksBot/1.0; +https://seranking.com/backlinks-crawler)" "-"
2a03:2880:f800:: - - [18/Aug/2026:01:53:58 +0200] "GET /?shop/items/M2692225641/ HTTP/1.1" 200 51727 cultureloisirs.club "-" "Mozilla/5.0 (Windows NT 10.0; Win64; x64) AppleWebKit/537.36 (KHTML, like Gecko) Chrome/145.0.0.0 Safari/537.36 (compatible; meta-externalagent/1.1 (+https://developers.facebook.com/docs/sharing/webmasters/crawler))" "-"
66.249.66.0 - - [18/Aug/2026:01:53:59 +0200] "GET /?h=01331992370999 HTTP/1.1" 200 828152 cultureloisirs.club "-" "Mozilla/5.0 (Linux; Android 6.0.1; Nexus 5X Build/MMB29P) AppleWebKit/537.36 (KHTML, like Gecko) Chrome/151.0.7922.137 Mobile Safari/537.36 (compatible; Googlebot/2.1; +http://www.google.com/bot.html)" "-"
144.76.32.0 - - [18/Aug/2026:01:54:00 +0200] "GET /shops/effusus/i5n4c1o0n9g6e4n6i0a1l6ity?loknya=/ HTTP/1.1" 200 29703 cultureloisirs.club "-" "Mozilla/5.0 (compatible; SERankingBacklinksBot/1.0; +https://seranking.com/backlinks-crawler)" "-"
66.249.66.0 - - [18/Aug/2026:01:54:00 +0200] "GET /?h=08068571001154 HTTP/1.1" 200 832247 cultureloisirs.club "-" "Mozilla/5.0 (Linux; Android 6.0.1; Nexus 5X Build/MMB29P) AppleWebKit/537.36 (KHTML, like Gecko) Chrome/151.0.7922.137 Mobile Safari/537.36 (compatible; Googlebot/2.1; +http://www.google.com/bot.html)" "-"
144.76.32.0 - - [18/Aug/2026:01:54:03 +0200] "GET /shops/fehling/b5u1x6i4n5a09849?loknya=/homepages HTTP/1.1" 200 57048 cultureloisirs.club "-" "Mozilla/5.0 (compatible; SERankingBacklinksBot/1.0; +https://seranking.com/backlinks-crawler)" "-"
2a03:2880:f800:: - - [18/Aug/2026:01:54:05 +0200] "GET /?shop/items/M26922278883/ HTTP/1.1" 200 51727 cultureloisirs.club "-" "Mozilla/5.0 (Windows NT 10.0; Win64; x64) AppleWebKit/537.36 (KHTML, like Gecko) Chrome/145.0.0.0 Safari/537.36 (compatible; meta-externalagent/1.1 (+https://developers.facebook.com/docs/sharing/webmasters/crawler))" "-"
144.76.32.0 - - [18/Aug/2026:01:54:07 +0200] "GET /shops/freightless/a5s2p0e9c0t3a0b2l0e57?loknya=/ HTTP/1.1" 200 29703 cultureloisirs.club "-" "Mozilla/5.0 (compatible; SERankingBacklinksBot/1.0; +https://seranking.com/backlinks-crawler)" "-"
2a03:2880:f800:: - - [18/Aug/2026:01:54:11 +0200] "GET /?shop/items/H5601133483/ HTTP/1.1" 200 51726 cultureloisirs.club "-" "Mozilla/5.0 (Windows NT 10.0; Win64; x64) AppleWebKit/537.36 (KHTML, like Gecko) Chrome/145.0.0.0 Safari/537.36 (compatible; meta-externalagent/1.1 (+https://developers.facebook.com/docs/sharing/webmasters/crawler))" "-"
144.76.32.0 - - [18/Aug/2026:01:54:11 +0200] "GET /shops/heterogynous/p5l1a2t5o0n1i0s9m031?loknya=/ HTTP/1.1" 200 29703 cultureloisirs.club "-" "Mozilla/5.0 (compatible; SERankingBacklinksBot/1.0; +https://seranking.com/backlinks-crawler)" "-"
144.76.32.0 - - [18/Aug/2026:01:54:16 +0200] "GET /shops/howled/w5i2n9g1e7r475551?loknya=/homepages HTTP/1.1" 200 57048 cultureloisirs.club "-" "Mozilla/5.0 (compatible; SERankingBacklinksBot/1.0; +https://seranking.com/backlinks-crawler)" "-"
74.7.243.0 - - [18/Aug/2026:01:54:17 +0200] "GET /?loknya=/lib/ruby/2.7.0/psych/nodes HTTP/1.1" 200 14663 cultureloisirs.club "https://cultureloisirs.club/?loknya=/lib/ruby/2.7.0/psych" "Mozilla/5.0 AppleWebKit/537.36 (KHTML, like Gecko; compatible; GPTBot/1.4; +https://openai.com/gptbot)" "-"
2a03:2880:f800:: - - [18/Aug/2026:01:54:17 +0200] "GET /?h=4519585655218 HTTP/1.1" 200 51727 cultureloisirs.club "-" "Mozilla/5.0 (Windows NT 10.0; Win64; x64) AppleWebKit/537.36 (KHTML, like Gecko) Chrome/145.0.0.0 Safari/537.36 (compatible; meta-externalagent/1.1 (+https://developers.facebook.com/docs/sharing/webmasters/crawler))" "-"
144.76.32.0 - - [18/Aug/2026:01:54:20 +0200] "GET /shops/indivisibles/p5e7r3i6s8p5h5e1r8ic?loknya=/ HTTP/1.1" 200 29703 cultureloisirs.club "-" "Mozilla/5.0 (compatible; SERankingBacklinksBot/1.0; +https://seranking.com/backlinks-crawler)" "-"
2a03:2880:f800:: - - [18/Aug/2026:01:54:22 +0200] "GET /?shop/items/C33932208356/ HTTP/1.1" 200 51727 cultureloisirs.club "-" "Mozilla/5.0 (Windows NT 10.0; Win64; x64) AppleWebKit/537.36 (KHTML, like Gecko) Chrome/145.0.0.0 Safari/537.36 (compatible; meta-externalagent/1.1 (+https://developers.facebook.com/docs/sharing/webmasters/crawler))" "-"
144.76.32.0 - - [18/Aug/2026:01:54:24 +0200] "GET /shops/laminae/d5i1s0h4y7869029?loknya=/homepages HTTP/1.1" 200 57048 cultureloisirs.club "-" "Mozilla/5.0 (compatible; SERankingBacklinksBot/1.0; +https://seranking.com/backlinks-crawler)" "-"
2a03:2880:f800:: - - [18/Aug/2026:01:54:28 +0200] "GET /?h=1477313750308 HTTP/1.1" 200 51727 cultureloisirs.club "-" "Mozilla/5.0 (Windows NT 10.0; Win64; x64) AppleWebKit/537.36 (KHTML, like Gecko) Chrome/145.0.0.0 Safari/537.36 (compatible; meta-externalagent/1.1 (+https://developers.facebook.com/docs/sharing/webmasters/crawler))" "-"
144.76.32.0 - - [18/Aug/2026:01:54:28 +0200] "GET /shops/lucre/f5i2l6u2m460044?loknya=/homepages/11 HTTP/1.1" 200 45726 cultureloisirs.club "-" "Mozilla/5.0 (compatible; SERankingBacklinksBot/1.0; +https://seranking.com/backlinks-crawler)" "-"
2a03:2880:f800:: - - [18/Aug/2026:01:54:32 +0200] "GET /?shop/items/F73949251774/ HTTP/1.1" 200 51727 cultureloisirs.club "-" "Mozilla/5.0 (Windows NT 10.0; Win64; x64) AppleWebKit/537.36 (KHTML, like Gecko) Chrome/145.0.0.0 Safari/537.36 (compatible; meta-externalagent/1.1 (+https://developers.facebook.com/docs/sharing/webmasters/crawler))" "-"
144.76.32.0 - - [18/Aug/2026:01:54:32 +0200] "GET /shops/manfully/n5o3n2c9o8n1f4o8r0m1i1ng?loknya=/ HTTP/1.1" 200 29703 cultureloisirs.club "-" "Mozilla/5.0 (compatible; SERankingBacklinksBot/1.0; +https://seranking.com/backlinks-crawler)" "-"
144.76.32.0 - - [18/Aug/2026:01:54:36 +0200] "GET /shops/manzanilla/d5o1c0t6r7i9n9a3b6l2e3?loknya=/ HTTP/1.1" 200 29703 cultureloisirs.club "-" "Mozilla/5.0 (compatible; SERankingBacklinksBot/1.0; +https://seranking.com/backlinks-crawler)" "-"
2a03:2880:f800:: - - [18/Aug/2026:01:54:37 +0200] "GET /?shop/items/U6130280568/ HTTP/1.1" 200 51726 cultureloisirs.club "-" "Mozilla/5.0 (Windows NT 10.0; Win64; x64) AppleWebKit/537.36 (KHTML, like Gecko) Chrome/145.0.0.0 Safari/537.36 (compatible; meta-externalagent/1.1 (+https://developers.facebook.com/docs/sharing/webmasters/crawler))" "-"
52.167.144.0 - - [18/Aug/2026:01:54:39 +0200] "GET /?shop/items/Y1299870519/ HTTP/1.1" 200 834914 cultureloisirs.club "-" "Mozilla/5.0 AppleWebKit/537.36 (KHTML, like Gecko; compatible; bingbot/2.0; +http://www.bing.com/bingbot.htm) Chrome/116.0.1938.76 Safari/537.36" "-"
144.76.32.0 - - [18/Aug/2026:01:54:40 +0200] "GET /shops/morbus/p5o1p7l9i2n186708?loknya=/homepages HTTP/1.1" 200 57048 cultureloisirs.club "-" "Mozilla/5.0 (compatible; SERankingBacklinksBot/1.0; +https://seranking.com/backlinks-crawler)" "-"
66.249.66.0 - - [18/Aug/2026:01:54:41 +0200] "GET /?h=88518774011633 HTTP/1.1" 200 826149 cultureloisirs.club "-" "Mozilla/5.0 (Linux; Android 6.0.1; Nexus 5X Build/MMB29P) AppleWebKit/537.36 (KHTML, like Gecko) Chrome/151.0.7922.137 Mobile Safari/537.36 (compatible; Googlebot/2.1; +http://www.google.com/bot.html)" "-"
52.167.144.0 - - [18/Aug/2026:01:54:42 +0200] "GET /?shop/items/C33932195965/ HTTP/1.1" 200 821296 cultureloisirs.club "-" "Mozilla/5.0 AppleWebKit/537.36 (KHTML, like Gecko; compatible; bingbot/2.0; +http://www.bing.com/bingbot.htm) Chrome/116.0.1938.76 Safari/537.36" "-"
144.76.32.0 - - [18/Aug/2026:01:54:44 +0200] "GET /shops/narcissine/s5a2c8c2h0a2r9i6n0u4m4?loknya=/ HTTP/1.1" 200 29703 cultureloisirs.club "-" "Mozilla/5.0 (compatible; SERankingBacklinksBot/1.0; +https://seranking.com/backlinks-crawler)" "-"
2a03:2880:f800:: - - [18/Aug/2026:01:54:45 +0200] "GET /?shop/items/K4085657190/ HTTP/1.1" 429 267 cultureloisirs.club "-" "Mozilla/5.0 (Windows NT 10.0; Win64; x64) AppleWebKit/537.36 (KHTML, like Gecko) Chrome/145.0.0.0 Safari/537.36 (compatible; meta-externalagent/1.1 (+https://developers.facebook.com/docs/sharing/webmasters/crawler))" "-"
52.167.144.0 - - [18/Aug/2026:01:54:45 +0200] "GET /?shop/items/C33932223219/ HTTP/1.1" 200 819440 cultureloisirs.club "-" "Mozilla/5.0 AppleWebKit/537.36 (KHTML, like Gecko; compatible; bingbot/2.0; +http://www.bing.com/bingbot.htm) Chrome/116.0.1938.76 Safari/537.36" "-"
144.76.32.0 - - [18/Aug/2026:01:54:48 +0200] "GET /shops/orbitolites/c5o9n3g8l1u0t1i1n2ate?loknya=/ HTTP/1.1" 200 29703 cultureloisirs.club "-" "Mozilla/5.0 (compatible; SERankingBacklinksBot/1.0; +https://seranking.com/backlinks-crawler)" "-"
66.249.66.0 - - [18/Aug/2026:01:54:49 +0200] "GET /?h=11046872965889 HTTP/1.1" 200 832792 cultureloisirs.club "-" "Mozilla/5.0 (Linux; Android 6.0.1; Nexus 5X Build/MMB29P) AppleWebKit/537.36 (KHTML, like Gecko) Chrome/151.0.7922.137 Mobile Safari/537.36 (compatible; Googlebot/2.1; +http://www.google.com/bot.html)" "-"
2a03:2880:f800:: - - [18/Aug/2026:01:54:50 +0200] "GET /?shop/items/U6130269253/ HTTP/1.1" 429 267 cultureloisirs.club "-" "Mozilla/5.0 (Macintosh; Intel Mac OS X 10_15_7) AppleWebKit/537.36 (KHTML, like Gecko) Chrome/145.0.0.0 Safari/537.36 (compatible; meta-externalagent/1.1 (+https://developers.facebook.com/docs/sharing/webmasters/crawler))" "-"
2a03:2880:f800:: - - [18/Aug/2026:01:54:51 +0200] "GET /?shop/items/P71411101592/ HTTP/1.1" 429 267 cultureloisirs.club "-" "Mozilla/5.0 (Macintosh; Intel Mac OS X 10_15_7) AppleWebKit/537.36 (KHTML, like Gecko) Chrome/145.0.0.0 Safari/537.36 (compatible; meta-externalagent/1.1 (+https://developers.facebook.com/docs/sharing/webmasters/crawler))" "-"
