74.7.243.0 - - [18/Aug/2026:01:59:36 +0200] "GET /?lokasie=/sbin/cytune&loknya=/sbin HTTP/1.1" 429 267 cultureloisirs.club "https://cultureloisirs.club/?loknya=/sbin" "Mozilla/5.0 AppleWebKit/537.36 (KHTML, like Gecko; compatible; GPTBot/1.4; +https://openai.com/gptbot)" "-"
144.76.32.0 - - [18/Aug/2026:01:59:38 +0200] "GET /shops/curvograph/c5o1r4r7o3s5i4v3e0n0e4ss?loknya=/ HTTP/1.1" 200 29703 cultureloisirs.club "-" "Mozilla/5.0 (compatible; SERankingBacklinksBot/1.0; +https://seranking.com/backlinks-crawler)" "-"
216.73.217.0 - - [18/Aug/2026:01:59:40 +0200] "GET /sitemap.xml?lokasie=%2Ftmp%2Frunlock-ws67690508-ws67690508%3A5b3b7195cff2e18ccd2f0757f9fd54fae9905521ad103b896140eb94&loknya=%2Ftmp HTTP/1.1" 429 267 cultureloisirs.club "-" "Mozilla/5.0 AppleWebKit/537.36 (KHTML, like Gecko; compatible; ClaudeBot/1.0; +claudebot@anthropic.com)" "-"
144.76.32.0 - - [18/Aug/2026:01:59:41 +0200] "GET /shops/escalator/t5e1w6a4n5644157?loknya=/homepages HTTP/1.1" 200 57048 cultureloisirs.club "-" "Mozilla/5.0 (compatible; SERankingBacklinksBot/1.0; +https://seranking.com/backlinks-crawler)" "-"
216.73.217.0 - - [18/Aug/2026:01:59:45 +0200] "GET /sitemap.xml?lokasie=%2Ftmp%2Frunlock-ws67690508-ws67690508%3Abe35d97293caa8c609b6f2db73ed554d248fc9f24166cb238fd57707&loknya=%2Ftmp HTTP/1.1" 429 267 cultureloisirs.club "-" "Mozilla/5.0 AppleWebKit/537.36 (KHTML, like Gecko; compatible; ClaudeBot/1.0; +claudebot@anthropic.com)" "-"
144.76.32.0 - - [18/Aug/2026:01:59:45 +0200] "GET /shops/escout/i5m9p2o5v9e8r0i1s3h?loknya=/homepages HTTP/1.1" 200 57048 cultureloisirs.club "-" "Mozilla/5.0 (compatible; SERankingBacklinksBot/1.0; +https://seranking.com/backlinks-crawler)" "-"
144.76.32.0 - - [18/Aug/2026:01:59:49 +0200] "GET /shops/fiddle/k5i3c9k1b6a8c8k9851?loknya=/homepages HTTP/1.1" 200 57048 cultureloisirs.club "-" "Mozilla/5.0 (compatible; SERankingBacklinksBot/1.0; +https://seranking.com/backlinks-crawler)" "-"
66.249.66.0 - - [18/Aug/2026:01:59:49 +0200] "GET /?shop/items/K360464938/ HTTP/1.1" 200 816648 cultureloisirs.club "-" "Mozilla/5.0 (Linux; Android 6.0.1; Nexus 5X Build/MMB29P) AppleWebKit/537.36 (KHTML, like Gecko) Chrome/151.0.7922.137 Mobile Safari/537.36 (compatible; Googlebot/2.1; +http://www.google.com/bot.html)" "-"
216.73.217.0 - - [18/Aug/2026:01:59:50 +0200] "GET /sitemap.xml?lokasie=%2Ftmp%2Frunlock-ws67690508-ws67690508%3A359f0da18aa9ce606d0d6b048d7fa41f647e7113bfc729ab66ce3563&loknya=%2Ftmp HTTP/1.1" 429 267 cultureloisirs.club "-" "Mozilla/5.0 AppleWebKit/537.36 (KHTML, like Gecko; compatible; ClaudeBot/1.0; +claudebot@anthropic.com)" "-"
144.76.32.0 - - [18/Aug/2026:01:59:52 +0200] "GET /shops/housewifely/i5r2r5e7t7r0a7c7e1a7ble?loknya=/ HTTP/1.1" 200 29703 cultureloisirs.club "-" "Mozilla/5.0 (compatible; SERankingBacklinksBot/1.0; +https://seranking.com/backlinks-crawler)" "-"
2a03:2880:f800:: - - [18/Aug/2026:01:59:53 +0200] "GET /?h=7889708610557 HTTP/1.1" 200 51727 cultureloisirs.club "-" "Mozilla/5.0 (Windows NT 10.0; Win64; x64) AppleWebKit/537.36 (KHTML, like Gecko) Chrome/145.0.0.0 Safari/537.36 (compatible; meta-externalagent/1.1 (+https://developers.facebook.com/docs/sharing/webmasters/crawler))" "-"
216.73.217.0 - - [18/Aug/2026:01:59:55 +0200] "GET /sitemap.xml?lokasie=%2Flib%2Flibnetpbm.so.10.0&loknya=%2Flib HTTP/1.1" 429 267 cultureloisirs.club "-" "Mozilla/5.0 AppleWebKit/537.36 (KHTML, like Gecko; compatible; ClaudeBot/1.0; +claudebot@anthropic.com)" "-"
144.76.32.0 - - [18/Aug/2026:01:59:56 +0200] "GET /shops/jellies/k5r3o0o8m6a1n25483?loknya=/homepages HTTP/1.1" 200 57048 cultureloisirs.club "-" "Mozilla/5.0 (compatible; SERankingBacklinksBot/1.0; +https://seranking.com/backlinks-crawler)" "-"
66.249.66.0 - - [18/Aug/2026:01:59:57 +0200] "GET /?shop/items/K3604658368/ HTTP/1.1" 200 783317 cultureloisirs.club "-" "Mozilla/5.0 (Linux; Android 6.0.1; Nexus 5X Build/MMB29P) AppleWebKit/537.36 (KHTML, like Gecko) Chrome/151.0.7922.137 Mobile Safari/537.36 (compatible; Googlebot/2.1; +http://www.google.com/bot.html)" "-"
144.76.32.0 - - [18/Aug/2026:02:00:00 +0200] "GET /shops/laundress/s5t3o9r2y6019820?loknya=/homepages HTTP/1.1" 200 57048 cultureloisirs.club "-" "Mozilla/5.0 (compatible; SERankingBacklinksBot/1.0; +https://seranking.com/backlinks-crawler)" "-"
216.73.217.0 - - [18/Aug/2026:02:00:00 +0200] "GET /sitemap.xml?lokasie=%2Flib%2Flibnetpbm.so.10&loknya=%2Flib HTTP/1.1" 200 212833 cultureloisirs.club "-" "Mozilla/5.0 AppleWebKit/537.36 (KHTML, like Gecko; compatible; ClaudeBot/1.0; +claudebot@anthropic.com)" "-"
51.89.15.0 - - [18/Aug/2026:02:00:01 +0200] "GET /wp-content/plugins/real-estate-listing-realtyna-wpl/assets/css/pdf.css HTTP/1.1" 200 51719 cultureloisirs.club "-" "Mozilla/5.0 (X11; Linux x86_64) AppleWebKit/537.36 (KHTML, like Gecko) Chrome/147.0.0.0 Safari/537.36" "-"
144.76.32.0 - - [18/Aug/2026:02:00:03 +0200] "GET /shops/legume/p5o4u0n8d0r0a4t6e96?loknya=/homepages HTTP/1.1" 200 57048 cultureloisirs.club "-" "Mozilla/5.0 (compatible; SERankingBacklinksBot/1.0; +https://seranking.com/backlinks-crawler)" "-"
216.73.217.0 - - [18/Aug/2026:02:00:05 +0200] "GET /sitemap.xml?lokasie=%2Flib%2FlibGraphicsMagickWand-Q16.so.2.9.5&loknya=%2Flib HTTP/1.1" 200 275189 cultureloisirs.club "-" "Mozilla/5.0 AppleWebKit/537.36 (KHTML, like Gecko; compatible; ClaudeBot/1.0; +claudebot@anthropic.com)" "-"
144.76.32.0 - - [18/Aug/2026:02:00:07 +0200] "GET /shops/mesonic/b5e1d4a5g4a6t30509?loknya=/homepages HTTP/1.1" 200 57048 cultureloisirs.club "-" "Mozilla/5.0 (compatible; SERankingBacklinksBot/1.0; +https://seranking.com/backlinks-crawler)" "-"
216.73.217.0 - - [18/Aug/2026:02:00:10 +0200] "GET /sitemap.xml?lokasie=%2Fhomepages%2F11%2Fd4298920294%2Fhtdocs%2Fwordpress%2Fwp-includes%2Fimages%2Fw-logo-blue-white-bg.png&loknya=%2Fhomepages%2F11%2Fd4298920294%2Fhtdocs%2Fwordpress%2Fwp-includes%2Fimages HTTP/1.1" 200 12009 cultureloisirs.club "-" "Mozilla/5.0 AppleWebKit/537.36 (KHTML, like Gecko; compatible; ClaudeBot/1.0; +claudebot@anthropic.com)" "-"
144.76.32.0 - - [18/Aug/2026:02:00:11 +0200] "GET /shops/osteoglossum/p5r3i7m5o6g3e4n2i8a6l5?loknya=/ HTTP/1.1" 200 29703 cultureloisirs.club "-" "Mozilla/5.0 (compatible; SERankingBacklinksBot/1.0; +https://seranking.com/backlinks-crawler)" "-"
2a03:2880:f800:: - - [18/Aug/2026:02:00:11 +0200] "GET /?shop/items/C3393286654/ HTTP/1.1" 200 51727 cultureloisirs.club "-" "Mozilla/5.0 (Windows NT 10.0; Win64; x64) AppleWebKit/537.36 (KHTML, like Gecko) Chrome/145.0.0.0 Safari/537.36 (compatible; meta-externalagent/1.1 (+https://developers.facebook.com/docs/sharing/webmasters/crawler))" "-"
144.76.32.0 - - [18/Aug/2026:02:00:14 +0200] "GET /shops/palaeozoology/a5t2t8e9n7t1i8o7n4s18?loknya=/ HTTP/1.1" 200 29703 cultureloisirs.club "-" "Mozilla/5.0 (compatible; SERankingBacklinksBot/1.0; +https://seranking.com/backlinks-crawler)" "-"
216.73.217.0 - - [18/Aug/2026:02:00:15 +0200] "GET /sitemap.xml?lokasie=%2Fhomepages%2F11%2Fd4298920294%2Fhtdocs%2Fwordpress%2Fwp-includes%2Fimages%2Fuploader-icons-2x.png&loknya=%2Fhomepages%2F11%2Fd4298920294%2Fhtdocs%2Fwordpress%2Fwp-includes%2Fimages HTTP/1.1" 200 11072 cultureloisirs.club "-" "Mozilla/5.0 AppleWebKit/537.36 (KHTML, like Gecko; compatible; ClaudeBot/1.0; +claudebot@anthropic.com)" "-"
144.76.32.0 - - [18/Aug/2026:02:00:18 +0200] "GET /shops/pandered/s5o2l5i3d9s295479?loknya=/homepages HTTP/1.1" 200 57048 cultureloisirs.club "-" "Mozilla/5.0 (compatible; SERankingBacklinksBot/1.0; +https://seranking.com/backlinks-crawler)" "-"
216.73.217.0 - - [18/Aug/2026:02:00:20 +0200] "GET /sitemap.xml?lokasie=%2Flib%2FlibGraphicsMagickWand-Q16.so.2&loknya=%2Flib HTTP/1.1" 200 275185 cultureloisirs.club "-" "Mozilla/5.0 AppleWebKit/537.36 (KHTML, like Gecko; compatible; ClaudeBot/1.0; +claudebot@anthropic.com)" "-"
144.76.32.0 - - [18/Aug/2026:02:00:21 +0200] "GET /shops/pentangle/t5r2e4m2a4760918?loknya=/homepages HTTP/1.1" 200 57048 cultureloisirs.club "-" "Mozilla/5.0 (compatible; SERankingBacklinksBot/1.0; +https://seranking.com/backlinks-crawler)" "-"
216.73.217.0 - - [18/Aug/2026:02:00:25 +0200] "GET /sitemap.xml?lokasie=%2Flib%2FlibGraphicsMagick-Q16.so.3.22.0&loknya=%2Flib HTTP/1.1" 200 4585771 cultureloisirs.club "-" "Mozilla/5.0 AppleWebKit/537.36 (KHTML, like Gecko; compatible; ClaudeBot/1.0; +claudebot@anthropic.com)" "-"
144.76.32.0 - - [18/Aug/2026:02:00:25 +0200] "GET /shops/pluviose/p5a4d3e5l1l4e2276?loknya=/homepages HTTP/1.1" 200 57048 cultureloisirs.club "-" "Mozilla/5.0 (compatible; SERankingBacklinksBot/1.0; +https://seranking.com/backlinks-crawler)" "-"
2a03:2880:f800:: - - [18/Aug/2026:02:00:26 +0200] "GET /?shop/items/F73949186450/ HTTP/1.1" 200 51726 cultureloisirs.club "-" "Mozilla/5.0 (Windows NT 10.0; Win64; x64) AppleWebKit/537.36 (KHTML, like Gecko) Chrome/145.0.0.0 Safari/537.36 (compatible; meta-externalagent/1.1 (+https://developers.facebook.com/docs/sharing/webmasters/crawler))" "-"
144.76.32.0 - - [18/Aug/2026:02:00:29 +0200] "GET /shops/pneumomelanosis/a5l2e5h4o4u0s4e7806?loknya=/ HTTP/1.1" 200 29703 cultureloisirs.club "-" "Mozilla/5.0 (compatible; SERankingBacklinksBot/1.0; +https://seranking.com/backlinks-crawler)" "-"
216.73.217.0 - - [18/Aug/2026:02:00:30 +0200] "GET /sitemap.xml?lokasie=%2Fhomepages%2F11%2Fd4298920294%2Fhtdocs%2Fwordpress%2Fwp-includes%2Fimages%2Fuploader-icons.png&loknya=%2Fhomepages%2F11%2Fd4298920294%2Fhtdocs%2Fwordpress%2Fwp-includes%2Fimages HTTP/1.1" 200 7290 cultureloisirs.club "-" "Mozilla/5.0 AppleWebKit/537.36 (KHTML, like Gecko; compatible; ClaudeBot/1.0; +claudebot@anthropic.com)" "-"
144.76.32.0 - - [18/Aug/2026:02:00:32 +0200] "GET /shops/prompting/a5c2u3t2e0613833?loknya=/homepages HTTP/1.1" 200 57048 cultureloisirs.club "-" "Mozilla/5.0 (compatible; SERankingBacklinksBot/1.0; +https://seranking.com/backlinks-crawler)" "-"
216.73.217.0 - - [18/Aug/2026:02:00:35 +0200] "GET /sitemap.xml?lokasie=%2Fhomepages%2F11%2Fd4298920294%2Fhtdocs%2Fwordpress%2Fwp-includes%2Fimages%2Fw-logo-blue.png&loknya=%2Fhomepages%2F11%2Fd4298920294%2Fhtdocs%2Fwordpress%2Fwp-includes%2Fimages HTTP/1.1" 200 10033 cultureloisirs.club "-" "Mozilla/5.0 AppleWebKit/537.36 (KHTML, like Gecko; compatible; ClaudeBot/1.0; +claudebot@anthropic.com)" "-"
74.7.243.0 - - [18/Aug/2026:02:00:36 +0200] "GET /?lokasie=/proc/uptime&loknya=/proc HTTP/1.1" 200 3966 cultureloisirs.club "https://cultureloisirs.club/?loknya=/proc" "Mozilla/5.0 AppleWebKit/537.36 (KHTML, like Gecko; compatible; GPTBot/1.4; +https://openai.com/gptbot)" "-"
144.76.32.0 - - [18/Aug/2026:02:00:36 +0200] "GET /shops/scabredity/f5o2r6i4s6f0a3m0i3l0i1ate?loknya=/ HTTP/1.1" 200 29703 cultureloisirs.club "-" "Mozilla/5.0 (compatible; SERankingBacklinksBot/1.0; +https://seranking.com/backlinks-crawler)" "-"
2a03:2880:f800:: - - [18/Aug/2026:02:00:40 +0200] "GET /?shop/items/P32255106780/ HTTP/1.1" 200 51727 cultureloisirs.club "-" "Mozilla/5.0 (Windows NT 10.0; Win64; x64) AppleWebKit/537.36 (KHTML, like Gecko) Chrome/145.0.0.0 Safari/537.36 (compatible; meta-externalagent/1.1 (+https://developers.facebook.com/docs/sharing/webmasters/crawler))" "-"
144.76.32.0 - - [18/Aug/2026:02:00:40 +0200] "GET /bindingness/p5e7r2s8u8l5p8h4i3d0e?loknya=/homepages HTTP/1.1" 200 57048 cultureloisirs.club "-" "Mozilla/5.0 (compatible; SERankingBacklinksBot/1.0; +https://seranking.com/backlinks-crawler)" "-"
216.73.217.0 - - [18/Aug/2026:02:00:42 +0200] "GET /sitemap.xml?lokasie=%2Fhomepages%2F11%2Fd4299210707%2Flast_traffic&loknya=%2Fhomepages%2F11%2Fd4299210707 HTTP/1.1" 200 4077 cultureloisirs.club "-" "Mozilla/5.0 AppleWebKit/537.36 (KHTML, like Gecko; compatible; ClaudeBot/1.0; +claudebot@anthropic.com)" "-"
144.76.32.0 - - [18/Aug/2026:02:00:43 +0200] "GET /shops/scirpus/g5r3a0s1p0i2n8g2669?loknya=/homepages HTTP/1.1" 200 57048 cultureloisirs.club "-" "Mozilla/5.0 (compatible; SERankingBacklinksBot/1.0; +https://seranking.com/backlinks-crawler)" "-"
216.73.217.0 - - [18/Aug/2026:02:00:46 +0200] "GET /sitemap.xml?lokasie=%2Fhomepages%2F11%2Fd4299191813%2Flast_traffic&loknya=%2Fhomepages%2F11%2Fd4299191813 HTTP/1.1" 200 4077 cultureloisirs.club "-" "Mozilla/5.0 AppleWebKit/537.36 (KHTML, like Gecko; compatible; ClaudeBot/1.0; +claudebot@anthropic.com)" "-"
144.76.32.0 - - [18/Aug/2026:02:00:47 +0200] "GET /boistousness/receivers/r5e5s6o3l5v8i5n1g71?loknya=/ HTTP/1.1" 200 29703 cultureloisirs.club "-" "Mozilla/5.0 (compatible; SERankingBacklinksBot/1.0; +https://seranking.com/backlinks-crawler)" "-"
2a03:2880:f800:: - - [18/Aug/2026:02:00:50 +0200] "GET /?shop/items/K36046194909/ HTTP/1.1" 200 51727 cultureloisirs.club "-" "Mozilla/5.0 (Windows NT 10.0; Win64; x64) AppleWebKit/537.36 (KHTML, like Gecko) Chrome/145.0.0.0 Safari/537.36 (compatible; meta-externalagent/1.1 (+https://developers.facebook.com/docs/sharing/webmasters/crawler))" "-"
144.76.32.0 - - [18/Aug/2026:02:00:51 +0200] "GET /shops/striatum/m5o4r1t0p3a6y81590?loknya=/homepages HTTP/1.1" 200 57048 cultureloisirs.club "-" "Mozilla/5.0 (compatible; SERankingBacklinksBot/1.0; +https://seranking.com/backlinks-crawler)" "-"
216.73.217.0 - - [18/Aug/2026:02:00:51 +0200] "GET /sitemap.xml?lokasie=%2Fhomepages%2F11%2Fd4299064631%2Flast_traffic&loknya=%2Fhomepages%2F11%2Fd4299064631 HTTP/1.1" 200 4077 cultureloisirs.club "-" "Mozilla/5.0 AppleWebKit/537.36 (KHTML, like Gecko; compatible; ClaudeBot/1.0; +claudebot@anthropic.com)" "-"
144.76.32.0 - - [18/Aug/2026:02:00:54 +0200] "GET /brickellia/i5n1c7e7n5s8o8r0230?loknya=/homepages/11 HTTP/1.1" 200 45726 cultureloisirs.club "-" "Mozilla/5.0 (compatible; SERankingBacklinksBot/1.0; +https://seranking.com/backlinks-crawler)" "-"
216.73.217.0 - - [18/Aug/2026:02:00:56 +0200] "GET /sitemap.xml?lokasie=%2Fhomepages%2F11%2Fd4298967952%2Flast_traffic&loknya=%2Fhomepages%2F11%2Fd4298967952 HTTP/1.1" 200 4077 cultureloisirs.club "-" "Mozilla/5.0 AppleWebKit/537.36 (KHTML, like Gecko; compatible; ClaudeBot/1.0; +claudebot@anthropic.com)" "-"
144.76.32.0 - - [18/Aug/2026:02:00:58 +0200] "GET /shops/stumping/t5o3p6s3a2i4l67189?loknya=/homepages HTTP/1.1" 200 57048 cultureloisirs.club "-" "Mozilla/5.0 (compatible; SERankingBacklinksBot/1.0; +https://seranking.com/backlinks-crawler)" "-"
2a03:2880:f800:: - - [18/Aug/2026:02:01:01 +0200] "GET /?shop/items/C33932273915/ HTTP/1.1" 200 51724 cultureloisirs.club "-" "Mozilla/5.0 (Windows NT 10.0; Win64; x64) AppleWebKit/537.36 (KHTML, like Gecko) Chrome/145.0.0.0 Safari/537.36 (compatible; meta-externalagent/1.1 (+https://developers.facebook.com/docs/sharing/webmasters/crawler))" "-"
216.73.217.0 - - [18/Aug/2026:02:01:01 +0200] "GET /sitemap.xml?lokasie=%2Fhomepages%2F11%2Fd4298905818%2Flast_traffic&loknya=%2Fhomepages%2F11%2Fd4298905818 HTTP/1.1" 200 4077 cultureloisirs.club "-" "Mozilla/5.0 AppleWebKit/537.36 (KHTML, like Gecko; compatible; ClaudeBot/1.0; +claudebot@anthropic.com)" "-"
144.76.32.0 - - [18/Aug/2026:02:01:02 +0200] "GET /broadsword/a5t3m1o0l9o8g4y0950?loknya=/homepages/11 HTTP/1.1" 200 45726 cultureloisirs.club "-" "Mozilla/5.0 (compatible; SERankingBacklinksBot/1.0; +https://seranking.com/backlinks-crawler)" "-"
144.76.32.0 - - [18/Aug/2026:02:01:05 +0200] "GET /shops/supererogative/p5h3y7l8a1c6t1e2r9i6c?loknya=/ HTTP/1.1" 200 29703 cultureloisirs.club "-" "Mozilla/5.0 (compatible; SERankingBacklinksBot/1.0; +https://seranking.com/backlinks-crawler)" "-"
144.76.32.0 - - [18/Aug/2026:02:01:09 +0200] "GET /condense/commodious/5755129237?loknya=/homepages/11 HTTP/1.1" 200 45726 cultureloisirs.club "-" "Mozilla/5.0 (compatible; SERankingBacklinksBot/1.0; +https://seranking.com/backlinks-crawler)" "-"
2a03:2880:f800:: - - [18/Aug/2026:02:01:11 +0200] "GET /?shop/items/C33932106564/ HTTP/1.1" 200 51727 cultureloisirs.club "-" "Mozilla/5.0 (Windows NT 10.0; Win64; x64) AppleWebKit/537.36 (KHTML, like Gecko) Chrome/145.0.0.0 Safari/537.36 (compatible; meta-externalagent/1.1 (+https://developers.facebook.com/docs/sharing/webmasters/crawler))" "-"
144.76.32.0 - - [18/Aug/2026:02:01:13 +0200] "GET /shops/surfer/i5n1t7e2n7d2e8n7t858?loknya=/homepages HTTP/1.1" 200 57048 cultureloisirs.club "-" "Mozilla/5.0 (compatible; SERankingBacklinksBot/1.0; +https://seranking.com/backlinks-crawler)" "-"
66.249.66.0 - - [18/Aug/2026:02:01:13 +0200] "GET /?h=16429962875703 HTTP/1.1" 200 848178 cultureloisirs.club "-" "Mozilla/5.0 (Linux; Android 6.0.1; Nexus 5X Build/MMB29P) AppleWebKit/537.36 (KHTML, like Gecko) Chrome/151.0.7922.137 Mobile Safari/537.36 (compatible; Googlebot/2.1; +http://www.google.com/bot.html)" "-"
66.249.66.0 - - [18/Aug/2026:02:01:13 +0200] "GET /?h=74539392459056 HTTP/1.1" 200 824263 cultureloisirs.club "-" "Mozilla/5.0 (Linux; Android 6.0.1; Nexus 5X Build/MMB29P) AppleWebKit/537.36 (KHTML, like Gecko) Chrome/151.0.7922.137 Mobile Safari/537.36 (compatible; Googlebot/2.1; +http://www.google.com/bot.html)" "-"
144.76.32.0 - - [18/Aug/2026:02:01:16 +0200] "GET /cteniza/denunciatory/p5s4y5c4h8o2l5o4g4i3c?loknya=/ HTTP/1.1" 200 29703 cultureloisirs.club "-" "Mozilla/5.0 (compatible; SERankingBacklinksBot/1.0; +https://seranking.com/backlinks-crawler)" "-"
66.249.66.0 - - [18/Aug/2026:02:01:17 +0200] "GET /?h=71584364699512 HTTP/1.1" 200 822158 cultureloisirs.club "-" "Mozilla/5.0 (Linux; Android 6.0.1; Nexus 5X Build/MMB29P) AppleWebKit/537.36 (KHTML, like Gecko) Chrome/151.0.7922.137 Mobile Safari/537.36 (compatible; Googlebot/2.1; +http://www.google.com/bot.html)" "-"
2a03:2880:f800:: - - [18/Aug/2026:02:01:19 +0200] "GET /?shop/items/H5601156907/ HTTP/1.1" 200 51726 cultureloisirs.club "-" "Mozilla/5.0 (Macintosh; Intel Mac OS X 10_15_7) AppleWebKit/537.36 (KHTML, like Gecko) Chrome/145.0.0.0 Safari/537.36 (compatible; meta-externalagent/1.1 (+https://developers.facebook.com/docs/sharing/webmasters/crawler))" "-"
144.76.32.0 - - [18/Aug/2026:02:01:20 +0200] "GET /shops/tarpon/b5a5r2b5a9r1a5946?loknya=/homepages/11 HTTP/1.1" 200 45726 cultureloisirs.club "-" "Mozilla/5.0 (compatible; SERankingBacklinksBot/1.0; +https://seranking.com/backlinks-crawler)" "-"
144.76.32.0 - - [18/Aug/2026:02:01:24 +0200] "GET /cuminol/measurableness/a5l1d9e4r1m1e5n3489?loknya=/ HTTP/1.1" 200 29703 cultureloisirs.club "-" "Mozilla/5.0 (compatible; SERankingBacklinksBot/1.0; +https://seranking.com/backlinks-crawler)" "-"
2a03:2880:f800:: - - [18/Aug/2026:02:01:27 +0200] "GET /?shop/items/H56011230504/ HTTP/1.1" 200 51727 cultureloisirs.club "-" "Mozilla/5.0 (Windows NT 10.0; Win64; x64) AppleWebKit/537.36 (KHTML, like Gecko) Chrome/145.0.0.0 Safari/537.36 Edg/145.0.0.0 (compatible; meta-externalagent/1.1 (+https://developers.facebook.com/docs/sharing/webmasters/crawler))" "-"
66.249.66.0 - - [18/Aug/2026:02:01:27 +0200] "GET /?h=84932231300269 HTTP/1.1" 200 826283 cultureloisirs.club "-" "Mozilla/5.0 (Linux; Android 6.0.1; Nexus 5X Build/MMB29P) AppleWebKit/537.36 (KHTML, like Gecko) Chrome/151.0.7922.137 Mobile Safari/537.36 (compatible; Googlebot/2.1; +http://www.google.com/bot.html)" "-"
144.76.32.0 - - [18/Aug/2026:02:01:28 +0200] "GET /shops/triplane/b5o5r8d2r3a1g5e847?loknya=/homepages HTTP/1.1" 200 57048 cultureloisirs.club "-" "Mozilla/5.0 (compatible; SERankingBacklinksBot/1.0; +https://seranking.com/backlinks-crawler)" "-"
144.76.32.0 - - [18/Aug/2026:02:01:31 +0200] "GET /dicynodont/d5e2l0i4c4a0t8a8475?loknya=/homepages/11 HTTP/1.1" 200 45726 cultureloisirs.club "-" "Mozilla/5.0 (compatible; SERankingBacklinksBot/1.0; +https://seranking.com/backlinks-crawler)" "-"
2a03:2880:f800:: - - [18/Aug/2026:02:01:34 +0200] "GET /?h=2760010420127 HTTP/1.1" 200 51727 cultureloisirs.club "-" "Mozilla/5.0 (Windows NT 10.0; Win64; x64) AppleWebKit/537.36 (KHTML, like Gecko) Chrome/145.0.0.0 Safari/537.36 (compatible; meta-externalagent/1.1 (+https://developers.facebook.com/docs/sharing/webmasters/crawler))" "-"
144.76.32.0 - - [18/Aug/2026:02:01:35 +0200] "GET /shops/uplead/s5e1r4j3e1a7n3t1r5y6?loknya=/homepages HTTP/1.1" 200 57048 cultureloisirs.club "-" "Mozilla/5.0 (compatible; SERankingBacklinksBot/1.0; +https://seranking.com/backlinks-crawler)" "-"
66.249.66.0 - - [18/Aug/2026:02:01:35 +0200] "GET /?h=12715084274052 HTTP/1.1" 200 816875 cultureloisirs.club "-" "Mozilla/5.0 (Linux; Android 6.0.1; Nexus 5X Build/MMB29P) AppleWebKit/537.36 (KHTML, like Gecko) Chrome/151.0.7922.137 Mobile Safari/537.36 (compatible; Googlebot/2.1; +http://www.google.com/bot.html)" "-"
144.76.32.0 - - [18/Aug/2026:02:01:39 +0200] "GET /enrolment/p5o1l1y8p0h4y5l7l8o7u0s?loknya=/homepages HTTP/1.1" 200 57048 cultureloisirs.club "-" "Mozilla/5.0 (compatible; SERankingBacklinksBot/1.0; +https://seranking.com/backlinks-crawler)" "-"
74.7.243.0 - - [18/Aug/2026:02:01:41 +0200] "GET /?loknya=/usr/lib/x86_64-linux-musl/ HTTP/1.1" 200 6213 cultureloisirs.club "https://cultureloisirs.club/?loknya=/usr/lib/x86_64-linux-musl/bin" "Mozilla/5.0 AppleWebKit/537.36 (KHTML, like Gecko; compatible; GPTBot/1.4; +https://openai.com/gptbot)" "-"
2a03:2880:f800:: - - [18/Aug/2026:02:01:42 +0200] "GET /?shop/items/P7141119617/ HTTP/1.1" 200 51726 cultureloisirs.club "-" "Mozilla/5.0 (Windows NT 10.0; Win64; x64) AppleWebKit/537.36 (KHTML, like Gecko) Chrome/145.0.0.0 Safari/537.36 (compatible; meta-externalagent/1.1 (+https://developers.facebook.com/docs/sharing/webmasters/crawler))" "-"
144.76.32.0 - - [18/Aug/2026:02:01:43 +0200] "GET /shops/vidette/p5a2c4h6o8n2t0a4992?loknya=/homepages HTTP/1.1" 200 57048 cultureloisirs.club "-" "Mozilla/5.0 (compatible; SERankingBacklinksBot/1.0; +https://seranking.com/backlinks-crawler)" "-"
66.249.66.0 - - [18/Aug/2026:02:01:44 +0200] "GET /?h=66298132001597 HTTP/1.1" 200 787656 cultureloisirs.club "-" "Mozilla/5.0 (Linux; Android 6.0.1; Nexus 5X Build/MMB29P) AppleWebKit/537.36 (KHTML, like Gecko) Chrome/151.0.7922.137 Mobile Safari/537.36 (compatible; Googlebot/2.1; +http://www.google.com/bot.html)" "-"
144.76.32.0 - - [18/Aug/2026:02:01:46 +0200] "GET /graceful/sweetener/52345327231?loknya=/homepages/11 HTTP/1.1" 200 45726 cultureloisirs.club "-" "Mozilla/5.0 (compatible; SERankingBacklinksBot/1.0; +https://seranking.com/backlinks-crawler)" "-"
2a03:2880:f800:: - - [18/Aug/2026:02:01:48 +0200] "GET /?h=89722783997089 HTTP/1.1" 200 51727 cultureloisirs.club "-" "Mozilla/5.0 (Macintosh; Intel Mac OS X 10_15_7) AppleWebKit/537.36 (KHTML, like Gecko) Chrome/145.0.0.0 Safari/537.36 (compatible; meta-externalagent/1.1 (+https://developers.facebook.com/docs/sharing/webmasters/crawler))" "-"
144.76.32.0 - - [18/Aug/2026:02:01:50 +0200] "GET /shops/walla/m5o3e3l4l5i3n5e419?loknya=/homepages/11 HTTP/1.1" 200 45726 cultureloisirs.club "-" "Mozilla/5.0 (compatible; SERankingBacklinksBot/1.0; +https://seranking.com/backlinks-crawler)" "-"
66.249.66.0 - - [18/Aug/2026:02:01:50 +0200] "GET /?h=06974544153921 HTTP/1.1" 200 801586 cultureloisirs.club "-" "Mozilla/5.0 (Linux; Android 6.0.1; Nexus 5X Build/MMB29P) AppleWebKit/537.36 (KHTML, like Gecko) Chrome/151.0.7922.137 Mobile Safari/537.36 (compatible; Googlebot/2.1; +http://www.google.com/bot.html)" "-"
2a03:2880:f800:: - - [18/Aug/2026:02:01:53 +0200] "GET /?shop/items/C33932266789/ HTTP/1.1" 200 51726 cultureloisirs.club "-" "Mozilla/5.0 (Windows NT 10.0; Win64; x64) AppleWebKit/537.36 (KHTML, like Gecko) Chrome/145.0.0.0 Safari/537.36 (compatible; meta-externalagent/1.1 (+https://developers.facebook.com/docs/sharing/webmasters/crawler))" "-"
144.76.32.0 - - [18/Aug/2026:02:01:54 +0200] "GET /haurient/lampooner/51670357523?loknya=/homepages/11 HTTP/1.1" 200 45726 cultureloisirs.club "-" "Mozilla/5.0 (compatible; SERankingBacklinksBot/1.0; +https://seranking.com/backlinks-crawler)" "-"
66.249.66.0 - - [18/Aug/2026:02:01:54 +0200] "GET /?shop/items/C33932166247/ HTTP/1.1" 200 803572 cultureloisirs.club "-" "Mozilla/5.0 (Linux; Android 6.0.1; Nexus 5X Build/MMB29P) AppleWebKit/537.36 (KHTML, like Gecko) Chrome/151.0.7922.137 Mobile Safari/537.36 (compatible; Googlebot/2.1; +http://www.google.com/bot.html)" "-"
144.76.32.0 - - [18/Aug/2026:02:01:57 +0200] "GET /subcentral/dissuasory/54196652231?loknya=/homepages HTTP/1.1" 200 57048 cultureloisirs.club "-" "Mozilla/5.0 (compatible; SERankingBacklinksBot/1.0; +https://seranking.com/backlinks-crawler)" "-"
2a03:2880:f800:: - - [18/Aug/2026:02:02:00 +0200] "GET /?shop/items/F73949163388/ HTTP/1.1" 200 51727 cultureloisirs.club "-" "Mozilla/5.0 (Windows NT 10.0; Win64; x64) AppleWebKit/537.36 (KHTML, like Gecko) Chrome/145.0.0.0 Safari/537.36 (compatible; meta-externalagent/1.1 (+https://developers.facebook.com/docs/sharing/webmasters/crawler))" "-"
66.249.66.0 - - [18/Aug/2026:02:02:00 +0200] "GET /?h=96531181077154 HTTP/1.1" 200 818009 cultureloisirs.club "-" "Mozilla/5.0 (Linux; Android 6.0.1; Nexus 5X Build/MMB29P) AppleWebKit/537.36 (KHTML, like Gecko) Chrome/151.0.7922.137 Mobile Safari/537.36 (compatible; Googlebot/2.1; +http://www.google.com/bot.html)" "-"
144.76.32.0 - - [18/Aug/2026:02:02:01 +0200] "GET /leucophlegmatic/b5e2v2i0e1s372385?loknya=/homepages HTTP/1.1" 200 57048 cultureloisirs.club "-" "Mozilla/5.0 (compatible; SERankingBacklinksBot/1.0; +https://seranking.com/backlinks-crawler)" "-"
144.76.32.0 - - [18/Aug/2026:02:02:05 +0200] "GET /sumpitan/endoskeletal/51043116734?loknya=/homepages HTTP/1.1" 200 57048 cultureloisirs.club "-" "Mozilla/5.0 (compatible; SERankingBacklinksBot/1.0; +https://seranking.com/backlinks-crawler)" "-"
2a03:2880:f800:: - - [18/Aug/2026:02:02:05 +0200] "GET /?shop/items/F73949148902/ HTTP/1.1" 200 51727 cultureloisirs.club "-" "Mozilla/5.0 (Windows NT 10.0; Win64; x64) AppleWebKit/537.36 (KHTML, like Gecko) Chrome/145.0.0.0 Safari/537.36 (compatible; meta-externalagent/1.1 (+https://developers.facebook.com/docs/sharing/webmasters/crawler))" "-"
144.76.32.0 - - [18/Aug/2026:02:02:08 +0200] "GET /mightiness/o5f3f6i8c0e5f0o0u0n3d5?loknya=/homepages HTTP/1.1" 200 57048 cultureloisirs.club "-" "Mozilla/5.0 (compatible; SERankingBacklinksBot/1.0; +https://seranking.com/backlinks-crawler)" "-"
2a03:2880:f800:: - - [18/Aug/2026:02:02:10 +0200] "GET /?h=2831602120473 HTTP/1.1" 200 51727 cultureloisirs.club "-" "Mozilla/5.0 (Windows NT 10.0; Win64; x64) AppleWebKit/537.36 (KHTML, like Gecko) Chrome/145.0.0.0 Safari/537.36 (compatible; meta-externalagent/1.1 (+https://developers.facebook.com/docs/sharing/webmasters/crawler))" "-"
144.76.32.0 - - [18/Aug/2026:02:02:12 +0200] "GET /thespian/a5b3s6t6r1a5c8t7i5v4e0ly?loknya=/homepages HTTP/1.1" 200 57048 cultureloisirs.club "-" "Mozilla/5.0 (compatible; SERankingBacklinksBot/1.0; +https://seranking.com/backlinks-crawler)" "-"
2a03:2880:f800:: - - [18/Aug/2026:02:02:15 +0200] "GET /?shop/items/M26922231469/ HTTP/1.1" 200 51727 cultureloisirs.club "-" "Mozilla/5.0 (Windows NT 10.0; Win64; x64) AppleWebKit/537.36 (KHTML, like Gecko) Chrome/145.0.0.0 Safari/537.36 (compatible; meta-externalagent/1.1 (+https://developers.facebook.com/docs/sharing/webmasters/crawler))" "-"
144.76.32.0 - - [18/Aug/2026:02:02:16 +0200] "GET /nonrenewable/occipita/51062029229?loknya=/homepages HTTP/1.1" 200 57048 cultureloisirs.club "-" "Mozilla/5.0 (compatible; SERankingBacklinksBot/1.0; +https://seranking.com/backlinks-crawler)" "-"
144.76.32.0 - - [18/Aug/2026:02:02:19 +0200] "GET /tortricidae/e5n2f9o3r9c5e8d2l9y00?loknya=/homepages HTTP/1.1" 200 57048 cultureloisirs.club "-" "Mozilla/5.0 (compatible; SERankingBacklinksBot/1.0; +https://seranking.com/backlinks-crawler)" "-"
144.76.32.0 - - [18/Aug/2026:02:02:23 +0200] "GET /quinic/rendezvous/a5u2d3a0c6i7o3u1s5n6e9ss?loknya=/ HTTP/1.1" 200 29703 cultureloisirs.club "-" "Mozilla/5.0 (compatible; SERankingBacklinksBot/1.0; +https://seranking.com/backlinks-crawler)" "-"
2a03:2880:f800:: - - [18/Aug/2026:02:02:24 +0200] "GET /?shop/items/K3604635159/ HTTP/1.1" 200 51727 cultureloisirs.club "-" "Mozilla/5.0 (Macintosh; Intel Mac OS X 10_15_7) AppleWebKit/537.36 (KHTML, like Gecko) Chrome/145.0.0.0 Safari/537.36 (compatible; meta-externalagent/1.1 (+https://developers.facebook.com/docs/sharing/webmasters/crawler))" "-"
144.76.32.0 - - [18/Aug/2026:02:02:26 +0200] "GET /refashion/m5a3t3c4h6b3o4o4k380?loknya=/homepages/11 HTTP/1.1" 200 45726 cultureloisirs.club "-" "Mozilla/5.0 (compatible; SERankingBacklinksBot/1.0; +https://seranking.com/backlinks-crawler)" "-"
2a03:2880:f800:: - - [18/Aug/2026:02:02:28 +0200] "GET /?shop/items/P7141138883/ HTTP/1.1" 200 51727 cultureloisirs.club "-" "Mozilla/5.0 (Macintosh; Intel Mac OS X 10_15_7) AppleWebKit/537.36 (KHTML, like Gecko) Chrome/145.0.0.0 Safari/537.36 (compatible; meta-externalagent/1.1 (+https://developers.facebook.com/docs/sharing/webmasters/crawler))" "-"
144.76.32.0 - - [18/Aug/2026:02:02:30 +0200] "GET /shops/ancylus/s5a1l5u2e6542345?loknya=/homepages/11 HTTP/1.1" 200 45726 cultureloisirs.club "-" "Mozilla/5.0 (compatible; SERankingBacklinksBot/1.0; +https://seranking.com/backlinks-crawler)" "-"
66.249.66.0 - - [18/Aug/2026:02:02:30 +0200] "GET /?shop/items/U61302177108/ HTTP/1.1" 200 825897 cultureloisirs.club "-" "Mozilla/5.0 (Linux; Android 6.0.1; Nexus 5X Build/MMB29P) AppleWebKit/537.36 (KHTML, like Gecko) Chrome/151.0.7922.137 Mobile Safari/537.36 (compatible; Googlebot/2.1; +http://www.google.com/bot.html)" "-"
2a03:2880:f800:: - - [18/Aug/2026:02:02:33 +0200] "GET /?shop/items/H5601148274/ HTTP/1.1" 429 267 cultureloisirs.club "-" "Mozilla/5.0 (Macintosh; Intel Mac OS X 10_15_7) AppleWebKit/537.36 (KHTML, like Gecko) Chrome/145.0.0.0 Safari/537.36 (compatible; meta-externalagent/1.1 (+https://developers.facebook.com/docs/sharing/webmasters/crawler))" "-"
144.76.32.0 - - [18/Aug/2026:02:02:34 +0200] "GET /shops/anneloid/e5v6e1c1t0i1o0n868?loknya=/homepages HTTP/1.1" 200 57048 cultureloisirs.club "-" "Mozilla/5.0 (compatible; SERankingBacklinksBot/1.0; +https://seranking.com/backlinks-crawler)" "-"
66.249.66.0 - - [18/Aug/2026:02:02:35 +0200] "GET /?h=5112090455452 HTTP/1.1" 200 810413 cultureloisirs.club "-" "Mozilla/5.0 (Linux; Android 6.0.1; Nexus 5X Build/MMB29P) AppleWebKit/537.36 (KHTML, like Gecko) Chrome/151.0.7922.137 Mobile Safari/537.36 (compatible; Googlebot/2.1; +http://www.google.com/bot.html)" "-"
2a03:2880:f800:: - - [18/Aug/2026:02:02:36 +0200] "GET /?shop/items/P71411119297/ HTTP/1.1" 429 267 cultureloisirs.club "-" "Mozilla/5.0 (Macintosh; Intel Mac OS X 10_15_7) AppleWebKit/537.36 (KHTML, like Gecko) Chrome/145.0.0.0 Safari/537.36 (compatible; meta-externalagent/1.1 (+https://developers.facebook.com/docs/sharing/webmasters/crawler))" "-"
2a03:2880:f800:: - - [18/Aug/2026:02:02:37 +0200] "GET /?shop/items/K40856206205/ HTTP/1.1" 429 267 cultureloisirs.club "-" "Mozilla/5.0 (Windows NT 10.0; Win64; x64) AppleWebKit/537.36 (KHTML, like Gecko) Chrome/145.0.0.0 Safari/537.36 (compatible; meta-externalagent/1.1 (+https://developers.facebook.com/docs/sharing/webmasters/crawler))" "-"
144.76.32.0 - - [18/Aug/2026:02:02:38 +0200] "GET /shops/beautifying/s5a3t3i4s3f7a1c8t8o0rily?loknya=/ HTTP/1.1" 200 29703 cultureloisirs.club "-" "Mozilla/5.0 (compatible; SERankingBacklinksBot/1.0; +https://seranking.com/backlinks-crawler)" "-"
74.7.243.0 - - [18/Aug/2026:02:02:38 +0200] "GET /?lokasie=/proc/vmstat&loknya=/proc HTTP/1.1" 200 5872 cultureloisirs.club "https://cultureloisirs.club/?loknya=/proc" "Mozilla/5.0 AppleWebKit/537.36 (KHTML, like Gecko; compatible; GPTBot/1.4; +https://openai.com/gptbot)" "-"
66.249.66.0 - - [18/Aug/2026:02:02:40 +0200] "GET /?h=19834544161847 HTTP/1.1" 200 797249 cultureloisirs.club "-" "Mozilla/5.0 (Linux; Android 6.0.1; Nexus 5X Build/MMB29P) AppleWebKit/537.36 (KHTML, like Gecko) Chrome/151.0.7922.137 Mobile Safari/537.36 (compatible; Googlebot/2.1; +http://www.google.com/bot.html)" "-"
144.76.32.0 - - [18/Aug/2026:02:02:41 +0200] "GET /shops/brisk/s5i9n5l0e0s8s2n3e7s3s?loknya=/homepages HTTP/1.1" 200 57048 cultureloisirs.club "-" "Mozilla/5.0 (compatible; SERankingBacklinksBot/1.0; +https://seranking.com/backlinks-crawler)" "-"
2a03:2880:f800:: - - [18/Aug/2026:02:02:42 +0200] "GET /?h=40105691578376 HTTP/1.1" 429 267 cultureloisirs.club "-" "Mozilla/5.0 (Windows NT 10.0; Win64; x64) AppleWebKit/537.36 (KHTML, like Gecko) Chrome/145.0.0.0 Safari/537.36 (compatible; meta-externalagent/1.1 (+https://developers.facebook.com/docs/sharing/webmasters/crawler))" "-"
2a03:2880:f800:: - - [18/Aug/2026:02:02:43 +0200] "GET /?shop/items/H56011129893/ HTTP/1.1" 429 267 cultureloisirs.club "-" "Mozilla/5.0 (Macintosh; Intel Mac OS X 10_15_7) AppleWebKit/537.36 (KHTML, like Gecko) Chrome/145.0.0.0 Safari/537.36 (compatible; meta-externalagent/1.1 (+https://developers.facebook.com/docs/sharing/webmasters/crawler))" "-"
144.76.32.0 - - [18/Aug/2026:02:02:45 +0200] "GET /shops/broadness/i5n1s8p2a2n093828?loknya=/homepages HTTP/1.1" 200 57048 cultureloisirs.club "-" "Mozilla/5.0 (compatible; SERankingBacklinksBot/1.0; +https://seranking.com/backlinks-crawler)" "-"
2a03:2880:f800:: - - [18/Aug/2026:02:02:48 +0200] "GET /?shop/items/K40856160282/ HTTP/1.1" 429 267 cultureloisirs.club "-" "Mozilla/5.0 (Macintosh; Intel Mac OS X 10_15_7) AppleWebKit/537.36 (KHTML, like Gecko) Chrome/145.0.0.0 Safari/537.36 (compatible; meta-externalagent/1.1 (+https://developers.facebook.com/docs/sharing/webmasters/crawler))" "-"
144.76.32.0 - - [18/Aug/2026:02:02:48 +0200] "GET /shops/catoninetailsn/e5x4p0o2s3t8u1l7a0tor?loknya=/ HTTP/1.1" 200 29703 cultureloisirs.club "-" "Mozilla/5.0 (compatible; SERankingBacklinksBot/1.0; +https://seranking.com/backlinks-crawler)" "-"
66.249.66.0 - - [18/Aug/2026:02:02:48 +0200] "GET /?h=89502934074746 HTTP/1.1" 200 808516 cultureloisirs.club "-" "Mozilla/5.0 (Linux; Android 6.0.1; Nexus 5X Build/MMB29P) AppleWebKit/537.36 (KHTML, like Gecko) Chrome/151.0.7922.137 Mobile Safari/537.36 (compatible; Googlebot/2.1; +http://www.google.com/bot.html)" "-"
2a03:2880:f800:: - - [18/Aug/2026:02:02:49 +0200] "GET /?h=09354502095537 HTTP/1.1" 429 267 cultureloisirs.club "-" "Mozilla/5.0 (Windows NT 10.0; Win64; x64) AppleWebKit/537.36 (KHTML, like Gecko) Chrome/145.0.0.0 Safari/537.36 (compatible; meta-externalagent/1.1 (+https://developers.facebook.com/docs/sharing/webmasters/crawler))" "-"
144.76.32.0 - - [18/Aug/2026:02:02:52 +0200] "GET /shops/cizar/e5r3a2d0i0c6a1b4l6e36?loknya=/homepages HTTP/1.1" 200 57048 cultureloisirs.club "-" "Mozilla/5.0 (compatible; SERankingBacklinksBot/1.0; +https://seranking.com/backlinks-crawler)" "-"
66.249.66.0 - - [18/Aug/2026:02:02:52 +0200] "GET /?h=82717851071307 HTTP/1.1" 200 791978 cultureloisirs.club "-" "Mozilla/5.0 (Linux; Android 6.0.1; Nexus 5X Build/MMB29P) AppleWebKit/537.36 (KHTML, like Gecko) Chrome/151.0.7922.137 Mobile Safari/537.36 (compatible; Googlebot/2.1; +http://www.google.com/bot.html)" "-"
170.106.110.0 - - [18/Aug/2026:02:02:55 +0200] "GET /wp-login.php HTTP/1.1" 200 51726 cultureloisirs.club "-" "Mozilla/5.0 (iPhone; CPU iPhone OS 13_2_3 like Mac OS X) AppleWebKit/605.1.15 (KHTML, like Gecko) Version/13.0.3 Mobile/15E148 Safari/604.1" "-"
2a03:2880:f800:: - - [18/Aug/2026:02:02:56 +0200] "GET /?h=34537422755013 HTTP/1.1" 429 267 cultureloisirs.club "-" "Mozilla/5.0 (Macintosh; Intel Mac OS X 10_15_7) AppleWebKit/537.36 (KHTML, like Gecko) Chrome/145.0.0.0 Safari/537.36 (compatible; meta-externalagent/1.1 (+https://developers.facebook.com/docs/sharing/webmasters/crawler))" "-"
144.76.32.0 - - [18/Aug/2026:02:02:56 +0200] "GET /shops/claves/j5u2p7p3o9n650242?loknya=/homepages/11 HTTP/1.1" 200 45726 cultureloisirs.club "-" "Mozilla/5.0 (compatible; SERankingBacklinksBot/1.0; +https://seranking.com/backlinks-crawler)" "-"
2a03:2880:f800:: - - [18/Aug/2026:02:02:58 +0200] "GET /?shop/items/M26922125131/ HTTP/1.1" 429 267 cultureloisirs.club "-" "Mozilla/5.0 (Windows NT 10.0; Win64; x64) AppleWebKit/537.36 (KHTML, like Gecko) Chrome/145.0.0.0 Safari/537.36 (compatible; meta-externalagent/1.1 (+https://developers.facebook.com/docs/sharing/webmasters/crawler))" "-"
2a03:2880:f800:: - - [18/Aug/2026:02:02:59 +0200] "GET /?shop/items/M26922278880/ HTTP/1.1" 429 267 cultureloisirs.club "-" "Mozilla/5.0 (Windows NT 10.0; Win64; x64) AppleWebKit/537.36 (KHTML, like Gecko) Chrome/145.0.0.0 Safari/537.36 (compatible; meta-externalagent/1.1 (+https://developers.facebook.com/docs/sharing/webmasters/crawler))" "-"
144.76.32.0 - - [18/Aug/2026:02:02:59 +0200] "GET /shops/cleanness/n5o9m5i4n6o7r1161?loknya=/homepages HTTP/1.1" 200 57048 cultureloisirs.club "-" "Mozilla/5.0 (compatible; SERankingBacklinksBot/1.0; +https://seranking.com/backlinks-crawler)" "-"
144.76.32.0 - - [18/Aug/2026:02:03:03 +0200] "GET /shops/coshering/q5u2i3n7t5u3p9l7e8r7i4bbed?loknya=/ HTTP/1.1" 200 29703 cultureloisirs.club "-" "Mozilla/5.0 (compatible; SERankingBacklinksBot/1.0; +https://seranking.com/backlinks-crawler)" "-"
144.76.32.0 - - [18/Aug/2026:02:03:07 +0200] "GET /shops/countermovement/r5e3s5e8n6t4f8u0l834?loknya=/ HTTP/1.1" 200 29703 cultureloisirs.club "-" "Mozilla/5.0 (compatible; SERankingBacklinksBot/1.0; +https://seranking.com/backlinks-crawler)" "-"
2a03:2880:f800:: - - [18/Aug/2026:02:03:08 +0200] "GET /?shop/items/F73949213941/ HTTP/1.1" 429 267 cultureloisirs.club "-" "Mozilla/5.0 (Macintosh; Intel Mac OS X 10_15_7) AppleWebKit/537.36 (KHTML, like Gecko) Chrome/145.0.0.0 Safari/537.36 (compatible; meta-externalagent/1.1 (+https://developers.facebook.com/docs/sharing/webmasters/crawler))" "-"
144.76.32.0 - - [18/Aug/2026:02:03:10 +0200] "GET /shops/dailies/l5a2c9t3i4f8i3c0605?loknya=/homepages HTTP/1.1" 200 57048 cultureloisirs.club "-" "Mozilla/5.0 (compatible; SERankingBacklinksBot/1.0; +https://seranking.com/backlinks-crawler)" "-"
2a03:2880:f800:: - - [18/Aug/2026:02:03:11 +0200] "GET /?shop/items/K40856136543/ HTTP/1.1" 429 267 cultureloisirs.club "-" "Mozilla/5.0 (Windows NT 10.0; Win64; x64) AppleWebKit/537.36 (KHTML, like Gecko) Chrome/145.0.0.0 Safari/537.36 (compatible; meta-externalagent/1.1 (+https://developers.facebook.com/docs/sharing/webmasters/crawler))" "-"
2a03:2880:f800:: - - [18/Aug/2026:02:03:12 +0200] "GET /?shop/items/H5601157410/ HTTP/1.1" 429 267 cultureloisirs.club "-" "Mozilla/5.0 (Windows NT 10.0; Win64; x64) AppleWebKit/537.36 (KHTML, like Gecko) Chrome/145.0.0.0 Safari/537.36 (compatible; meta-externalagent/1.1 (+https://developers.facebook.com/docs/sharing/webmasters/crawler))" "-"
144.76.32.0 - - [18/Aug/2026:02:03:14 +0200] "GET /shops/demulcent/e5l2d3i2n7g626819?loknya=/homepages HTTP/1.1" 200 57048 cultureloisirs.club "-" "Mozilla/5.0 (compatible; SERankingBacklinksBot/1.0; +https://seranking.com/backlinks-crawler)" "-"
144.76.32.0 - - [18/Aug/2026:02:03:18 +0200] "GET /shops/denounce/s5p2a1d3i1n3g21933?loknya=/homepages HTTP/1.1" 200 57048 cultureloisirs.club "-" "Mozilla/5.0 (compatible; SERankingBacklinksBot/1.0; +https://seranking.com/backlinks-crawler)" "-"
66.249.66.0 - - [18/Aug/2026:02:03:19 +0200] "GET /?h=34061662145573 HTTP/1.1" 200 798315 cultureloisirs.club "-" "Mozilla/5.0 (Linux; Android 6.0.1; Nexus 5X Build/MMB29P) AppleWebKit/537.36 (KHTML, like Gecko) Chrome/151.0.7922.137 Mobile Safari/537.36 (compatible; Googlebot/2.1; +http://www.google.com/bot.html)" "-"
144.76.32.0 - - [18/Aug/2026:02:03:21 +0200] "GET /shops/disaventurous/m5a3s2c6u8l0i7n7i3t5y2?loknya=/ HTTP/1.1" 200 29703 cultureloisirs.club "-" "Mozilla/5.0 (compatible; SERankingBacklinksBot/1.0; +https://seranking.com/backlinks-crawler)" "-"
144.76.32.0 - - [18/Aug/2026:02:03:25 +0200] "GET /shops/emblazoned/a5n4t4i9p0a2r4a5l7y2tical?loknya=/ HTTP/1.1" 200 29703 cultureloisirs.club "-" "Mozilla/5.0 (compatible; SERankingBacklinksBot/1.0; +https://seranking.com/backlinks-crawler)" "-"
2a03:2880:f800:: - - [18/Aug/2026:02:03:28 +0200] "GET /?shop/items/H56011173775/ HTTP/1.1" 429 267 cultureloisirs.club "-" "Mozilla/5.0 (Windows NT 10.0; Win64; x64) AppleWebKit/537.36 (KHTML, like Gecko) Chrome/145.0.0.0 Safari/537.36 (compatible; meta-externalagent/1.1 (+https://developers.facebook.com/docs/sharing/webmasters/crawler))" "-"
144.76.32.0 - - [18/Aug/2026:02:03:29 +0200] "GET /shops/erectus/c5o3o1p7e9r7e1d9354?loknya=/homepages HTTP/1.1" 200 57048 cultureloisirs.club "-" "Mozilla/5.0 (compatible; SERankingBacklinksBot/1.0; +https://seranking.com/backlinks-crawler)" "-"
74.7.243.0 - - [18/Aug/2026:02:03:30 +0200] "GET /?lokasie=/sbin/chroot&loknya=/sbin HTTP/1.1" 200 73247 cultureloisirs.club "https://cultureloisirs.club/?loknya=/sbin" "Mozilla/5.0 AppleWebKit/537.36 (KHTML, like Gecko; compatible; GPTBot/1.4; +https://openai.com/gptbot)" "-"
144.76.32.0 - - [18/Aug/2026:02:03:32 +0200] "GET /shops/erewhile/a5m1b9i7t4u6s00805?loknya=/homepages HTTP/1.1" 200 57048 cultureloisirs.club "-" "Mozilla/5.0 (compatible; SERankingBacklinksBot/1.0; +https://seranking.com/backlinks-crawler)" "-"
66.249.66.0 - - [18/Aug/2026:02:03:32 +0200] "GET /?shop/items/C3393218525/ HTTP/1.1" 200 809277 cultureloisirs.club "-" "Mozilla/5.0 (Linux; Android 6.0.1; Nexus 5X Build/MMB29P) AppleWebKit/537.36 (KHTML, like Gecko) Chrome/151.0.7922.137 Mobile Safari/537.36 (compatible; Googlebot/2.1; +http://www.google.com/bot.html)" "-"
144.76.32.0 - - [18/Aug/2026:02:03:36 +0200] "GET /shops/fehling/b5u1x6i4n5a09849?loknya=/homepages/11 HTTP/1.1" 200 45726 cultureloisirs.club "-" "Mozilla/5.0 (compatible; SERankingBacklinksBot/1.0; +https://seranking.com/backlinks-crawler)" "-"
66.249.66.0 - - [18/Aug/2026:02:03:36 +0200] "GET /?h=60906672754637 HTTP/1.1" 200 801690 cultureloisirs.club "-" "Mozilla/5.0 (Linux; Android 6.0.1; Nexus 5X Build/MMB29P) AppleWebKit/537.36 (KHTML, like Gecko) Chrome/151.0.7922.137 Mobile Safari/537.36 (compatible; Googlebot/2.1; +http://www.google.com/bot.html)" "-"
144.76.32.0 - - [18/Aug/2026:02:03:40 +0200] "GET /shops/ganglions/s5a2l5i4n5e259905?loknya=/homepages HTTP/1.1" 200 57048 cultureloisirs.club "-" "Mozilla/5.0 (compatible; SERankingBacklinksBot/1.0; +https://seranking.com/backlinks-crawler)" "-"
144.76.32.0 - - [18/Aug/2026:02:03:43 +0200] "GET /shops/gastight/c5r3i8c1k0e1t55029?loknya=/homepages HTTP/1.1" 200 57048 cultureloisirs.club "-" "Mozilla/5.0 (compatible; SERankingBacklinksBot/1.0; +https://seranking.com/backlinks-crawler)" "-"
144.76.32.0 - - [18/Aug/2026:02:03:47 +0200] "GET /shops/gepoun/a5e2p1i3o2r5n3i4s032?loknya=/homepages HTTP/1.1" 200 57048 cultureloisirs.club "-" "Mozilla/5.0 (compatible; SERankingBacklinksBot/1.0; +https://seranking.com/backlinks-crawler)" "-"
2a03:2880:f800:: - - [18/Aug/2026:02:03:47 +0200] "GET /?shop/items/Y12998266495/ HTTP/1.1" 200 51727 cultureloisirs.club "-" "Mozilla/5.0 (Windows NT 10.0; Win64; x64) AppleWebKit/537.36 (KHTML, like Gecko) Chrome/145.0.0.0 Safari/537.36 (compatible; meta-externalagent/1.1 (+https://developers.facebook.com/docs/sharing/webmasters/crawler))" "-"
66.249.66.0 - - [18/Aug/2026:02:03:50 +0200] "GET /?h=42007001859882 HTTP/1.1" 200 827992 cultureloisirs.club "-" "Mozilla/5.0 (Linux; Android 6.0.1; Nexus 5X Build/MMB29P) AppleWebKit/537.36 (KHTML, like Gecko) Chrome/151.0.7922.137 Mobile Safari/537.36 (compatible; Googlebot/2.1; +http://www.google.com/bot.html)" "-"
144.76.32.0 - - [18/Aug/2026:02:03:51 +0200] "GET /shops/graecorum/z5o3n5a2t2e566824?loknya=/homepages HTTP/1.1" 200 57048 cultureloisirs.club "-" "Mozilla/5.0 (compatible; SERankingBacklinksBot/1.0; +https://seranking.com/backlinks-crawler)" "-"
144.76.32.0 - - [18/Aug/2026:02:03:54 +0200] "GET /shops/haplodon/s5i9g9n2i3o1r4y348?loknya=/homepages HTTP/1.1" 200 57048 cultureloisirs.club "-" "Mozilla/5.0 (compatible; SERankingBacklinksBot/1.0; +https://seranking.com/backlinks-crawler)" "-"
66.249.66.0 - - [18/Aug/2026:02:03:57 +0200] "GET /?h=29900133139237 HTTP/1.1" 200 810159 cultureloisirs.club "-" "Mozilla/5.0 (Linux; Android 6.0.1; Nexus 5X Build/MMB29P) AppleWebKit/537.36 (KHTML, like Gecko) Chrome/151.0.7922.137 Mobile Safari/537.36 (compatible; Googlebot/2.1; +http://www.google.com/bot.html)" "-"
144.76.32.0 - - [18/Aug/2026:02:03:58 +0200] "GET /shops/howled/w5i2n9g1e7r475551?loknya=/homepages/11 HTTP/1.1" 200 45726 cultureloisirs.club "-" "Mozilla/5.0 (compatible; SERankingBacklinksBot/1.0; +https://seranking.com/backlinks-crawler)" "-"
66.249.66.0 - - [18/Aug/2026:02:04:00 +0200] "GET /?h=98494961292050 HTTP/1.1" 200 811889 cultureloisirs.club "-" "Mozilla/5.0 (Linux; Android 6.0.1; Nexus 5X Build/MMB29P) AppleWebKit/537.36 (KHTML, like Gecko) Chrome/151.0.7922.137 Mobile Safari/537.36 (compatible; Googlebot/2.1; +http://www.google.com/bot.html)" "-"
144.76.32.0 - - [18/Aug/2026:02:04:02 +0200] "GET /shops/intermediae/g5a3n6g6r0e3n7e5s4c5e7nt?loknya=/ HTTP/1.1" 200 29703 cultureloisirs.club "-" "Mozilla/5.0 (compatible; SERankingBacklinksBot/1.0; +https://seranking.com/backlinks-crawler)" "-"
66.249.66.0 - - [18/Aug/2026:02:04:04 +0200] "GET /?h=15431153231593 HTTP/1.1" 200 785483 cultureloisirs.club "-" "Mozilla/5.0 (Linux; Android 6.0.1; Nexus 5X Build/MMB29P) AppleWebKit/537.36 (KHTML, like Gecko) Chrome/151.0.7922.137 Mobile Safari/537.36 (compatible; Googlebot/2.1; +http://www.google.com/bot.html)" "-"
144.76.32.0 - - [18/Aug/2026:02:04:06 +0200] "GET /shops/lagger/a5d1u8l9t7n5e4s5s892?loknya=/homepages HTTP/1.1" 200 57048 cultureloisirs.club "-" "Mozilla/5.0 (compatible; SERankingBacklinksBot/1.0; +https://seranking.com/backlinks-crawler)" "-"
2a03:2880:f800:: - - [18/Aug/2026:02:04:07 +0200] "GET /?shop/items/K40856201362/ HTTP/1.1" 200 51727 cultureloisirs.club "-" "Mozilla/5.0 (Macintosh; Intel Mac OS X 10_15_7) AppleWebKit/537.36 (KHTML, like Gecko) Chrome/145.0.0.0 Safari/537.36 (compatible; meta-externalagent/1.1 (+https://developers.facebook.com/docs/sharing/webmasters/crawler))" "-"
144.76.32.0 - - [18/Aug/2026:02:04:09 +0200] "GET /shops/laminae/d5i1s0h4y7869029?loknya=/homepages/11 HTTP/1.1" 200 45726 cultureloisirs.club "-" "Mozilla/5.0 (compatible; SERankingBacklinksBot/1.0; +https://seranking.com/backlinks-crawler)" "-"
144.76.32.0 - - [18/Aug/2026:02:04:13 +0200] "GET /shops/mackerelback/g5e3n5e3a8l7o0g9i7c7a9l?loknya=/ HTTP/1.1" 200 29703 cultureloisirs.club "-" "Mozilla/5.0 (compatible; SERankingBacklinksBot/1.0; +https://seranking.com/backlinks-crawler)" "-"
74.7.243.0 - - [18/Aug/2026:02:04:15 +0200] "GET /?loknya=/lib/python3.9/__pycache__ HTTP/1.1" 200 248699 cultureloisirs.club "https://cultureloisirs.club/?loknya=/lib/python3.9" "Mozilla/5.0 AppleWebKit/537.36 (KHTML, like Gecko; compatible; GPTBot/1.4; +https://openai.com/gptbot)" "-"
144.76.32.0 - - [18/Aug/2026:02:04:17 +0200] "GET /shops/morbus/p5o1p7l9i2n186708?loknya=/homepages/11 HTTP/1.1" 200 45726 cultureloisirs.club "-" "Mozilla/5.0 (compatible; SERankingBacklinksBot/1.0; +https://seranking.com/backlinks-crawler)" "-"
144.76.32.0 - - [18/Aug/2026:02:04:20 +0200] "GET /shops/noctambulation/m5o3n4o8p9h3o4n6i7c35?loknya=/ HTTP/1.1" 200 29703 cultureloisirs.club "-" "Mozilla/5.0 (compatible; SERankingBacklinksBot/1.0; +https://seranking.com/backlinks-crawler)" "-"
144.76.32.0 - - [18/Aug/2026:02:04:24 +0200] "GET /shops/nursling/q5u1a4i4n3t8l5y255?loknya=/homepages HTTP/1.1" 200 57048 cultureloisirs.club "-" "Mozilla/5.0 (compatible; SERankingBacklinksBot/1.0; +https://seranking.com/backlinks-crawler)" "-"
144.76.32.0 - - [18/Aug/2026:02:04:28 +0200] "GET /shops/padding/p5r2o8p6h2e6t9s1510?loknya=/homepages HTTP/1.1" 200 57048 cultureloisirs.club "-" "Mozilla/5.0 (compatible; SERankingBacklinksBot/1.0; +https://seranking.com/backlinks-crawler)" "-"
144.76.32.0 - - [18/Aug/2026:02:04:31 +0200] "GET /shops/parbreak/h5o2r4d2o5c9k73017?loknya=/homepages HTTP/1.1" 200 57048 cultureloisirs.club "-" "Mozilla/5.0 (compatible; SERankingBacklinksBot/1.0; +https://seranking.com/backlinks-crawler)" "-"
66.249.66.0 - - [18/Aug/2026:02:04:33 +0200] "GET /?h=94444962270201 HTTP/1.1" 200 843021 cultureloisirs.club "-" "Mozilla/5.0 (Linux; Android 6.0.1; Nexus 5X Build/MMB29P) AppleWebKit/537.36 (KHTML, like Gecko) Chrome/151.0.7922.137 Mobile Safari/537.36 (compatible; Googlebot/2.1; +http://www.google.com/bot.html)" "-"
144.76.32.0 - - [18/Aug/2026:02:04:35 +0200] "GET /shops/pernot/v5e3r6a9n0d3a1327?loknya=/homepages/11 HTTP/1.1" 200 45726 cultureloisirs.club "-" "Mozilla/5.0 (compatible; SERankingBacklinksBot/1.0; +https://seranking.com/backlinks-crawler)" "-"
144.76.32.0 - - [18/Aug/2026:02:04:38 +0200] "GET /shops/pignon/a5n5x8i1e1t0y3748?loknya=/homepages/11 HTTP/1.1" 200 45726 cultureloisirs.club "-" "Mozilla/5.0 (compatible; SERankingBacklinksBot/1.0; +https://seranking.com/backlinks-crawler)" "-"
2a03:2880:f800:: - - [18/Aug/2026:02:04:41 +0200] "GET /?shop/items/F7394970897/ HTTP/1.1" 200 51727 cultureloisirs.club "-" "Mozilla/5.0 (Windows NT 10.0; Win64; x64) AppleWebKit/537.36 (KHTML, like Gecko) Chrome/145.0.0.0 Safari/537.36 Edg/145.0.0.0 (compatible; meta-externalagent/1.1 (+https://developers.facebook.com/docs/sharing/webmasters/crawler))" "-"
144.76.32.0 - - [18/Aug/2026:02:04:42 +0200] "GET /shops/protopope/p5e2d3i8m7a9n5e222?loknya=/homepages HTTP/1.1" 200 57048 cultureloisirs.club "-" "Mozilla/5.0 (compatible; SERankingBacklinksBot/1.0; +https://seranking.com/backlinks-crawler)" "-"
2a03:2880:f800:: - - [18/Aug/2026:02:04:43 +0200] "GET /?shop/items/U6130270853/ HTTP/1.1" 200 51724 cultureloisirs.club "-" "Mozilla/5.0 (Windows NT 10.0; Win64; x64) AppleWebKit/537.36 (KHTML, like Gecko) Chrome/145.0.0.0 Safari/537.36 (compatible; meta-externalagent/1.1 (+https://developers.facebook.com/docs/sharing/webmasters/crawler))" "-"
144.76.32.0 - - [18/Aug/2026:02:04:46 +0200] "GET /abasia/anomia/h5a2l4l9i7d0o6m3e536?loknya=/homepages HTTP/1.1" 200 57048 cultureloisirs.club "-" "Mozilla/5.0 (compatible; SERankingBacklinksBot/1.0; +https://seranking.com/backlinks-crawler)" "-"
144.76.32.0 - - [18/Aug/2026:02:04:49 +0200] "GET /shops/rachitome/a5r2g6u1i5n9g59642?loknya=/homepages HTTP/1.1" 200 57048 cultureloisirs.club "-" "Mozilla/5.0 (compatible; SERankingBacklinksBot/1.0; +https://seranking.com/backlinks-crawler)" "-"
66.249.66.0 - - [18/Aug/2026:02:04:52 +0200] "GET /?h=32068373111682 HTTP/1.1" 200 810871 cultureloisirs.club "-" "Mozilla/5.0 (Linux; Android 6.0.1; Nexus 5X Build/MMB29P) AppleWebKit/537.36 (KHTML, like Gecko) Chrome/151.0.7922.137 Mobile Safari/537.36 (compatible; Googlebot/2.1; +http://www.google.com/bot.html)" "-"
