144.76.32.0 - - [18/Aug/2026:02:04:53 +0200] "GET /adultness/lowchurchism/52045300574?loknya=/homepages HTTP/1.1" 200 57048 cultureloisirs.club "-" "Mozilla/5.0 (compatible; SERankingBacklinksBot/1.0; +https://seranking.com/backlinks-crawler)" "-"
74.7.243.0 - - [18/Aug/2026:02:04:55 +0200] "GET /?lokasie=/proc/sys/fs/user_dmesg&loknya=/proc/sys/fs HTTP/1.1" 200 4027 cultureloisirs.club "https://cultureloisirs.club/?loknya=/proc/sys/fs" "Mozilla/5.0 AppleWebKit/537.36 (KHTML, like Gecko; compatible; GPTBot/1.4; +https://openai.com/gptbot)" "-"
144.76.32.0 - - [18/Aug/2026:02:04:57 +0200] "GET /shops/ratafee/b5r3a7i5n5l1e3s0s766?loknya=/homepages HTTP/1.1" 200 57048 cultureloisirs.club "-" "Mozilla/5.0 (compatible; SERankingBacklinksBot/1.0; +https://seranking.com/backlinks-crawler)" "-"
144.76.32.0 - - [18/Aug/2026:02:05:00 +0200] "GET /belligerently/l5a3z3a0r4l1i1k2e405?loknya=/homepages HTTP/1.1" 200 57048 cultureloisirs.club "-" "Mozilla/5.0 (compatible; SERankingBacklinksBot/1.0; +https://seranking.com/backlinks-crawler)" "-"
2a03:2880:f800:: - - [18/Aug/2026:02:05:01 +0200] "GET /?h=83150342044291 HTTP/1.1" 200 51727 cultureloisirs.club "-" "Mozilla/5.0 (Windows NT 10.0; Win64; x64) AppleWebKit/537.36 (KHTML, like Gecko) Chrome/144.0.0.0 Safari/537.36 Edg/144.0.0.0 (compatible; meta-externalagent/1.1 (+https://developers.facebook.com/docs/sharing/webmasters/crawler))" "-"
144.76.32.0 - - [18/Aug/2026:02:05:04 +0200] "GET /shops/repealed/l5a2f9t6e9262793?loknya=/homepages/11 HTTP/1.1" 200 45726 cultureloisirs.club "-" "Mozilla/5.0 (compatible; SERankingBacklinksBot/1.0; +https://seranking.com/backlinks-crawler)" "-"
144.76.32.0 - - [18/Aug/2026:02:05:08 +0200] "GET /bottler/r5e4c1e9p7t8a6c4u3l3u0m?loknya=/homepages/11 HTTP/1.1" 200 45726 cultureloisirs.club "-" "Mozilla/5.0 (compatible; SERankingBacklinksBot/1.0; +https://seranking.com/backlinks-crawler)" "-"
144.76.32.0 - - [18/Aug/2026:02:05:11 +0200] "GET /shops/shoal/s5w3a8n0s6k7i7n8340?loknya=/homepages/11 HTTP/1.1" 200 45726 cultureloisirs.club "-" "Mozilla/5.0 (compatible; SERankingBacklinksBot/1.0; +https://seranking.com/backlinks-crawler)" "-"
2a03:2880:f800:: - - [18/Aug/2026:02:05:12 +0200] "GET /?shop/items/Y12998254126/ HTTP/1.1" 200 51726 cultureloisirs.club "-" "Mozilla/5.0 (Windows NT 10.0; Win64; x64) AppleWebKit/537.36 (KHTML, like Gecko) Chrome/145.0.0.0 Safari/537.36 (compatible; meta-externalagent/1.1 (+https://developers.facebook.com/docs/sharing/webmasters/crawler))" "-"
144.76.32.0 - - [18/Aug/2026:02:05:15 +0200] "GET /definitive/parchesi/53980803829?loknya=/homepages/11 HTTP/1.1" 200 45726 cultureloisirs.club "-" "Mozilla/5.0 (compatible; SERankingBacklinksBot/1.0; +https://seranking.com/backlinks-crawler)" "-"
144.76.32.0 - - [18/Aug/2026:02:05:19 +0200] "GET /shops/slattern/t5e7l7e7s2c3o6p6y02?loknya=/homepages HTTP/1.1" 200 57048 cultureloisirs.club "-" "Mozilla/5.0 (compatible; SERankingBacklinksBot/1.0; +https://seranking.com/backlinks-crawler)" "-"
144.76.32.0 - - [18/Aug/2026:02:05:22 +0200] "GET /depredated/p5u1r0i4t1a9n0i4z6i3n5g?loknya=/homepages HTTP/1.1" 200 57048 cultureloisirs.club "-" "Mozilla/5.0 (compatible; SERankingBacklinksBot/1.0; +https://seranking.com/backlinks-crawler)" "-"
2a03:2880:f800:: - - [18/Aug/2026:02:05:25 +0200] "GET /?h=07590274256978 HTTP/1.1" 200 51727 cultureloisirs.club "-" "Mozilla/5.0 (Macintosh; Intel Mac OS X 10_15_7) AppleWebKit/537.36 (KHTML, like Gecko) Chrome/145.0.0.0 Safari/537.36 (compatible; meta-externalagent/1.1 (+https://developers.facebook.com/docs/sharing/webmasters/crawler))" "-"
144.76.32.0 - - [18/Aug/2026:02:05:26 +0200] "GET /shops/socmen/c5h2a6t5e9a7u49058?loknya=/homepages/11 HTTP/1.1" 200 45726 cultureloisirs.club "-" "Mozilla/5.0 (compatible; SERankingBacklinksBot/1.0; +https://seranking.com/backlinks-crawler)" "-"
66.249.66.0 - - [18/Aug/2026:02:05:29 +0200] "GET /?h=4363470803924 HTTP/1.1" 200 828378 cultureloisirs.club "-" "Mozilla/5.0 (Linux; Android 6.0.1; Nexus 5X Build/MMB29P) AppleWebKit/537.36 (KHTML, like Gecko) Chrome/151.0.7922.137 Mobile Safari/537.36 (compatible; Googlebot/2.1; +http://www.google.com/bot.html)" "-"
144.76.32.0 - - [18/Aug/2026:02:05:30 +0200] "GET /endorsing/o5v3e5r1s6p6r0e2a4d3i0ng?loknya=/homepages HTTP/1.1" 200 57048 cultureloisirs.club "-" "Mozilla/5.0 (compatible; SERankingBacklinksBot/1.0; +https://seranking.com/backlinks-crawler)" "-"
74.7.243.0 - - [18/Aug/2026:02:05:33 +0200] "GET /?lokasie=/usr/bin/pamstretch&loknya=/usr/bin HTTP/1.1" 200 21450 cultureloisirs.club "https://cultureloisirs.club/?loknya=/usr/bin" "Mozilla/5.0 AppleWebKit/537.36 (KHTML, like Gecko; compatible; GPTBot/1.4; +https://openai.com/gptbot)" "-"
144.76.32.0 - - [18/Aug/2026:02:05:34 +0200] "GET /shops/suscipiency/p5i6a8n6e4t62932?loknya=/homepages HTTP/1.1" 200 57048 cultureloisirs.club "-" "Mozilla/5.0 (compatible; SERankingBacklinksBot/1.0; +https://seranking.com/backlinks-crawler)" "-"
2a03:2880:f800:: - - [18/Aug/2026:02:05:34 +0200] "GET /?shop/items/U61302156363/ HTTP/1.1" 200 51727 cultureloisirs.club "-" "Mozilla/5.0 (Windows NT 10.0; Win64; x64) AppleWebKit/537.36 (KHTML, like Gecko) Chrome/145.0.0.0 Safari/537.36 (compatible; meta-externalagent/1.1 (+https://developers.facebook.com/docs/sharing/webmasters/crawler))" "-"
66.249.66.0 - - [18/Aug/2026:02:05:34 +0200] "GET /?h=821130542999 HTTP/1.1" 200 795988 cultureloisirs.club "-" "Mozilla/5.0 (Linux; Android 6.0.1; Nexus 5X Build/MMB29P) AppleWebKit/537.36 (KHTML, like Gecko) Chrome/151.0.7922.137 Mobile Safari/537.36 (compatible; Googlebot/2.1; +http://www.google.com/bot.html)" "-"
144.76.32.0 - - [18/Aug/2026:02:05:37 +0200] "GET /exoptable/defensible/e5n4d1o9d5o4n4t0i1s3t2?loknya=/ HTTP/1.1" 200 29703 cultureloisirs.club "-" "Mozilla/5.0 (compatible; SERankingBacklinksBot/1.0; +https://seranking.com/backlinks-crawler)" "-"
144.76.32.0 - - [18/Aug/2026:02:05:41 +0200] "GET /shops/sweigh/d5e1c9r8e8a3t1i9o5n62?loknya=/homepages HTTP/1.1" 200 57048 cultureloisirs.club "-" "Mozilla/5.0 (compatible; SERankingBacklinksBot/1.0; +https://seranking.com/backlinks-crawler)" "-"
2a03:2880:f800:: - - [18/Aug/2026:02:05:44 +0200] "GET /?shop/items/P71411233862/ HTTP/1.1" 200 51727 cultureloisirs.club "-" "Mozilla/5.0 (Windows NT 10.0; Win64; x64) AppleWebKit/537.36 (KHTML, like Gecko) Chrome/145.0.0.0 Safari/537.36 (compatible; meta-externalagent/1.1 (+https://developers.facebook.com/docs/sharing/webmasters/crawler))" "-"
144.76.32.0 - - [18/Aug/2026:02:05:45 +0200] "GET /extraneously/polyphaser/h5y2p4o6g9e5n8e0598?loknya=/ HTTP/1.1" 200 29703 cultureloisirs.club "-" "Mozilla/5.0 (compatible; SERankingBacklinksBot/1.0; +https://seranking.com/backlinks-crawler)" "-"
144.76.32.0 - - [18/Aug/2026:02:05:48 +0200] "GET /shops/tempers/b5y1w7i5p1e003341?loknya=/homepages/11 HTTP/1.1" 200 45726 cultureloisirs.club "-" "Mozilla/5.0 (compatible; SERankingBacklinksBot/1.0; +https://seranking.com/backlinks-crawler)" "-"
144.76.32.0 - - [18/Aug/2026:02:05:52 +0200] "GET /fruticosus/p5e3r1f3o3r1m6e0d430?loknya=/homepages/11 HTTP/1.1" 200 45726 cultureloisirs.club "-" "Mozilla/5.0 (compatible; SERankingBacklinksBot/1.0; +https://seranking.com/backlinks-crawler)" "-"
2a03:2880:f800:: - - [18/Aug/2026:02:05:53 +0200] "GET /?shop/items/K4085660936/ HTTP/1.1" 200 51727 cultureloisirs.club "-" "Mozilla/5.0 (Windows NT 10.0; Win64; x64) AppleWebKit/537.36 (KHTML, like Gecko) Chrome/145.0.0.0 Safari/537.36 (compatible; meta-externalagent/1.1 (+https://developers.facebook.com/docs/sharing/webmasters/crawler))" "-"
144.76.32.0 - - [18/Aug/2026:02:05:56 +0200] "GET /shops/tergal/e5l1e4g7i4e7s55103?loknya=/homepages/11 HTTP/1.1" 200 45726 cultureloisirs.club "-" "Mozilla/5.0 (compatible; SERankingBacklinksBot/1.0; +https://seranking.com/backlinks-crawler)" "-"
66.249.66.0 - - [18/Aug/2026:02:05:57 +0200] "GET /?h=29318021379114 HTTP/1.1" 200 833183 cultureloisirs.club "-" "Mozilla/5.0 (Linux; Android 6.0.1; Nexus 5X Build/MMB29P) AppleWebKit/537.36 (KHTML, like Gecko) Chrome/151.0.7922.137 Mobile Safari/537.36 (compatible; Googlebot/2.1; +http://www.google.com/bot.html)" "-"
2a03:2880:f800:: - - [18/Aug/2026:02:05:59 +0200] "GET /?shop/items/K40856191185/ HTTP/1.1" 200 51727 cultureloisirs.club "-" "Mozilla/5.0 (Macintosh; Intel Mac OS X 10_15_7) AppleWebKit/537.36 (KHTML, like Gecko) Chrome/145.0.0.0 Safari/537.36 (compatible; meta-externalagent/1.1 (+https://developers.facebook.com/docs/sharing/webmasters/crawler))" "-"
144.76.32.0 - - [18/Aug/2026:02:05:59 +0200] "GET /marrow/c5o2n3f6l3u7x1i0b4i0lity?loknya=/homepages/11 HTTP/1.1" 200 45726 cultureloisirs.club "-" "Mozilla/5.0 (compatible; SERankingBacklinksBot/1.0; +https://seranking.com/backlinks-crawler)" "-"
144.76.32.0 - - [18/Aug/2026:02:06:03 +0200] "GET /shops/ulmifolia/v5e3c8t8u7r2e09942?loknya=/homepages HTTP/1.1" 200 57048 cultureloisirs.club "-" "Mozilla/5.0 (compatible; SERankingBacklinksBot/1.0; +https://seranking.com/backlinks-crawler)" "-"
74.7.243.0 - - [18/Aug/2026:02:06:06 +0200] "GET /?lokasie=/usr/bin/dpkg-vendor&loknya=/usr/bin HTTP/1.1" 429 267 cultureloisirs.club "https://cultureloisirs.club/?loknya=/usr/bin" "Mozilla/5.0 AppleWebKit/537.36 (KHTML, like Gecko; compatible; GPTBot/1.4; +https://openai.com/gptbot)" "-"
144.76.32.0 - - [18/Aug/2026:02:06:07 +0200] "GET /melancorypha/l5e2r9n3a3e6i1d8a4e90?loknya=/homepages HTTP/1.1" 200 57048 cultureloisirs.club "-" "Mozilla/5.0 (compatible; SERankingBacklinksBot/1.0; +https://seranking.com/backlinks-crawler)" "-"
2a03:2880:f800:: - - [18/Aug/2026:02:06:07 +0200] "GET /?shop/items/U61302276463/ HTTP/1.1" 200 51727 cultureloisirs.club "-" "Mozilla/5.0 (Macintosh; Intel Mac OS X 10_15_7) AppleWebKit/537.36 (KHTML, like Gecko) Chrome/145.0.0.0 Safari/537.36 (compatible; meta-externalagent/1.1 (+https://developers.facebook.com/docs/sharing/webmasters/crawler))" "-"
144.76.32.0 - - [18/Aug/2026:02:06:10 +0200] "GET /shops/unpeered/m5i6s8c9o3n3c1e9i1t?loknya=/homepages HTTP/1.1" 200 57048 cultureloisirs.club "-" "Mozilla/5.0 (compatible; SERankingBacklinksBot/1.0; +https://seranking.com/backlinks-crawler)" "-"
66.249.66.0 - - [18/Aug/2026:02:06:14 +0200] "GET /?h=1359188666826 HTTP/1.1" 200 803130 cultureloisirs.club "-" "Mozilla/5.0 (Linux; Android 6.0.1; Nexus 5X Build/MMB29P) AppleWebKit/537.36 (KHTML, like Gecko) Chrome/151.0.7922.137 Mobile Safari/537.36 (compatible; Googlebot/2.1; +http://www.google.com/bot.html)" "-"
144.76.32.0 - - [18/Aug/2026:02:06:14 +0200] "GET /ochroleucous/o5u4t8d6o1i0n8g185?loknya=/homepages/11 HTTP/1.1" 200 45726 cultureloisirs.club "-" "Mozilla/5.0 (compatible; SERankingBacklinksBot/1.0; +https://seranking.com/backlinks-crawler)" "-"
144.76.32.0 - - [18/Aug/2026:02:06:18 +0200] "GET /shops/wailful/s5p3o5n3g9i9o2u1s878?loknya=/homepages HTTP/1.1" 200 57048 cultureloisirs.club "-" "Mozilla/5.0 (compatible; SERankingBacklinksBot/1.0; +https://seranking.com/backlinks-crawler)" "-"
2a03:2880:f800:: - - [18/Aug/2026:02:06:20 +0200] "GET /news-sitemap.xml HTTP/1.1" 200 51727 cultureloisirs.club "-" "Mozilla/5.0 (Windows NT 10.0; Win64; x64) AppleWebKit/537.36 (KHTML, like Gecko) Chrome/145.0.0.0 Safari/537.36 (compatible; meta-externalagent/1.1 (+https://developers.facebook.com/docs/sharing/webmasters/crawler))" "-"
144.76.32.0 - - [18/Aug/2026:02:06:21 +0200] "GET /oddities/dispraised/51477133877?loknya=/homepages/11 HTTP/1.1" 200 45726 cultureloisirs.club "-" "Mozilla/5.0 (compatible; SERankingBacklinksBot/1.0; +https://seranking.com/backlinks-crawler)" "-"
144.76.32.0 - - [18/Aug/2026:02:06:25 +0200] "GET /shops/whittle/q5u2i1n5i8c976887?loknya=/homepages/11 HTTP/1.1" 200 45726 cultureloisirs.club "-" "Mozilla/5.0 (compatible; SERankingBacklinksBot/1.0; +https://seranking.com/backlinks-crawler)" "-"
2a03:2880:f800:: - - [18/Aug/2026:02:06:26 +0200] "GET /?h=3445066101287 HTTP/1.1" 200 51727 cultureloisirs.club "-" "Mozilla/5.0 (Windows NT 10.0; Win64; x64) AppleWebKit/537.36 (KHTML, like Gecko) Chrome/145.0.0.0 Safari/537.36 (compatible; meta-externalagent/1.1 (+https://developers.facebook.com/docs/sharing/webmasters/crawler))" "-"
66.249.66.0 - - [18/Aug/2026:02:06:26 +0200] "GET /?h=31641342920505 HTTP/1.1" 200 796766 cultureloisirs.club "-" "Mozilla/5.0 (Linux; Android 6.0.1; Nexus 5X Build/MMB29P) AppleWebKit/537.36 (KHTML, like Gecko) Chrome/151.0.7922.137 Mobile Safari/537.36 (compatible; Googlebot/2.1; +http://www.google.com/bot.html)" "-"
2a03:2880:f800:: - - [18/Aug/2026:02:06:27 +0200] "GET /?h=27631482154230 HTTP/1.1" 200 51727 cultureloisirs.club "-" "Mozilla/5.0 (Windows NT 10.0; Win64; x64) AppleWebKit/537.36 (KHTML, like Gecko) Chrome/145.0.0.0 Safari/537.36 (compatible; meta-externalagent/1.1 (+https://developers.facebook.com/docs/sharing/webmasters/crawler))" "-"
144.76.32.0 - - [18/Aug/2026:02:06:29 +0200] "GET /organotrophic/pachouli/53961891334?loknya=/homepages HTTP/1.1" 200 57048 cultureloisirs.club "-" "Mozilla/5.0 (compatible; SERankingBacklinksBot/1.0; +https://seranking.com/backlinks-crawler)" "-"
144.76.32.0 - - [18/Aug/2026:02:06:32 +0200] "GET /spinachia/extorting/o5v3e9r8d2e0l1i5c9a2t8e?loknya=/ HTTP/1.1" 200 29703 cultureloisirs.club "-" "Mozilla/5.0 (compatible; SERankingBacklinksBot/1.0; +https://seranking.com/backlinks-crawler)" "-"
2a03:2880:f800:: - - [18/Aug/2026:02:06:34 +0200] "GET /?shop/items/Y12998245307/ HTTP/1.1" 200 51727 cultureloisirs.club "-" "Mozilla/5.0 (Macintosh; Intel Mac OS X 10_15_7) AppleWebKit/537.36 (KHTML, like Gecko) Chrome/145.0.0.0 Safari/537.36 (compatible; meta-externalagent/1.1 (+https://developers.facebook.com/docs/sharing/webmasters/crawler))" "-"
74.7.243.0 - - [18/Aug/2026:02:06:36 +0200] "GET /?lokasie=/usr/bin/ncftpbatch&loknya=/usr/bin HTTP/1.1" 429 267 cultureloisirs.club "https://cultureloisirs.club/?loknya=/usr/bin" "Mozilla/5.0 AppleWebKit/537.36 (KHTML, like Gecko; compatible; GPTBot/1.4; +https://openai.com/gptbot)" "-"
144.76.32.0 - - [18/Aug/2026:02:06:36 +0200] "GET /parchesi/inconvincible/51651445028?loknya=/homepages HTTP/1.1" 200 57048 cultureloisirs.club "-" "Mozilla/5.0 (compatible; SERankingBacklinksBot/1.0; +https://seranking.com/backlinks-crawler)" "-"
144.76.32.0 - - [18/Aug/2026:02:06:40 +0200] "GET /splinting/summerfallow/53491889032?loknya=/homepages HTTP/1.1" 200 57048 cultureloisirs.club "-" "Mozilla/5.0 (compatible; SERankingBacklinksBot/1.0; +https://seranking.com/backlinks-crawler)" "-"
2a03:2880:f800:: - - [18/Aug/2026:02:06:40 +0200] "GET /?shop/items/U61302134364/ HTTP/1.1" 200 51727 cultureloisirs.club "-" "Mozilla/5.0 (Windows NT 10.0; Win64; x64) AppleWebKit/537.36 (KHTML, like Gecko) Chrome/145.0.0.0 Safari/537.36 (compatible; meta-externalagent/1.1 (+https://developers.facebook.com/docs/sharing/webmasters/crawler))" "-"
66.249.66.0 - - [18/Aug/2026:02:06:40 +0200] "GET /?h=94435251962596 HTTP/1.1" 200 799590 cultureloisirs.club "-" "Mozilla/5.0 (Linux; Android 6.0.1; Nexus 5X Build/MMB29P) AppleWebKit/537.36 (KHTML, like Gecko) Chrome/151.0.7922.137 Mobile Safari/537.36 (compatible; Googlebot/2.1; +http://www.google.com/bot.html)" "-"
144.76.32.0 - - [18/Aug/2026:02:06:43 +0200] "GET /phantasmal/c5y7a5m8e7l6l5o5n5e0?loknya=/homepages/11 HTTP/1.1" 200 45726 cultureloisirs.club "-" "Mozilla/5.0 (compatible; SERankingBacklinksBot/1.0; +https://seranking.com/backlinks-crawler)" "-"
2a03:2880:f800:: - - [18/Aug/2026:02:06:44 +0200] "GET /?h=32998623366596 HTTP/1.1" 200 51726 cultureloisirs.club "-" "Mozilla/5.0 (Macintosh; Intel Mac OS X 10_15_7) AppleWebKit/537.36 (KHTML, like Gecko) Chrome/145.0.0.0 Safari/537.36 (compatible; meta-externalagent/1.1 (+https://developers.facebook.com/docs/sharing/webmasters/crawler))" "-"
66.249.66.0 - - [18/Aug/2026:02:06:45 +0200] "GET /?h=53570222115841 HTTP/1.1" 200 821072 cultureloisirs.club "-" "Mozilla/5.0 (Linux; Android 6.0.1; Nexus 5X Build/MMB29P) AppleWebKit/537.36 (KHTML, like Gecko) Chrome/151.0.7922.137 Mobile Safari/537.36 (compatible; Googlebot/2.1; +http://www.google.com/bot.html)" "-"
144.76.32.0 - - [18/Aug/2026:02:06:47 +0200] "GET /puritanizing/nerving/5115917461?loknya=/homepages/11 HTTP/1.1" 200 45726 cultureloisirs.club "-" "Mozilla/5.0 (compatible; SERankingBacklinksBot/1.0; +https://seranking.com/backlinks-crawler)" "-"
2a03:2880:f800:: - - [18/Aug/2026:02:06:50 +0200] "GET /?shop/items/H5601135319/ HTTP/1.1" 200 51727 cultureloisirs.club "-" "Mozilla/5.0 (Windows NT 10.0; Win64; x64) AppleWebKit/537.36 (KHTML, like Gecko) Chrome/145.0.0.0 Safari/537.36 (compatible; meta-externalagent/1.1 (+https://developers.facebook.com/docs/sharing/webmasters/crawler))" "-"
144.76.32.0 - - [18/Aug/2026:02:06:51 +0200] "GET /replantation/o5v1e8r6r7a8k6i6n0g15?loknya=/homepages HTTP/1.1" 200 57048 cultureloisirs.club "-" "Mozilla/5.0 (compatible; SERankingBacklinksBot/1.0; +https://seranking.com/backlinks-crawler)" "-"
144.76.32.0 - - [18/Aug/2026:02:06:54 +0200] "GET /shops/abrenounce/r5e5i0g5n7e9d1352?loknya=/homepages HTTP/1.1" 200 57048 cultureloisirs.club "-" "Mozilla/5.0 (compatible; SERankingBacklinksBot/1.0; +https://seranking.com/backlinks-crawler)" "-"
2a03:2880:f800:: - - [18/Aug/2026:02:06:55 +0200] "GET /?shop/items/P71411260042/ HTTP/1.1" 200 51727 cultureloisirs.club "-" "Mozilla/5.0 (Windows NT 10.0; Win64; x64) AppleWebKit/537.36 (KHTML, like Gecko) Chrome/145.0.0.0 Safari/537.36 Edg/145.0.0.0 (compatible; meta-externalagent/1.1 (+https://developers.facebook.com/docs/sharing/webmasters/crawler))" "-"
144.76.32.0 - - [18/Aug/2026:02:06:58 +0200] "GET /shops/affair/c5r2y4s2t1a3l8l4i2n29?loknya=/homepages HTTP/1.1" 200 57048 cultureloisirs.club "-" "Mozilla/5.0 (compatible; SERankingBacklinksBot/1.0; +https://seranking.com/backlinks-crawler)" "-"
2a03:2880:f800:: - - [18/Aug/2026:02:06:59 +0200] "GET /?shop/items/Y1299860703/ HTTP/1.1" 200 51727 cultureloisirs.club "-" "Mozilla/5.0 (Windows NT 10.0; Win64; x64) AppleWebKit/537.36 (KHTML, like Gecko) Chrome/145.0.0.0 Safari/537.36 (compatible; meta-externalagent/1.1 (+https://developers.facebook.com/docs/sharing/webmasters/crawler))" "-"
66.249.66.0 - - [18/Aug/2026:02:07:00 +0200] "GET /?h=02097064135010 HTTP/1.1" 200 800109 cultureloisirs.club "-" "Mozilla/5.0 (Linux; Android 6.0.1; Nexus 5X Build/MMB29P) AppleWebKit/537.36 (KHTML, like Gecko) Chrome/151.0.7922.137 Mobile Safari/537.36 (compatible; Googlebot/2.1; +http://www.google.com/bot.html)" "-"
144.76.32.0 - - [18/Aug/2026:02:07:02 +0200] "GET /shops/affordable/f5l3u2g0e1l826735?loknya=/homepages HTTP/1.1" 200 57048 cultureloisirs.club "-" "Mozilla/5.0 (compatible; SERankingBacklinksBot/1.0; +https://seranking.com/backlinks-crawler)" "-"
2a03:2880:f800:: - - [18/Aug/2026:02:07:04 +0200] "GET /?shop/items/P7141150836/ HTTP/1.1" 429 267 cultureloisirs.club "-" "Mozilla/5.0 (Windows NT 10.0; Win64; x64) AppleWebKit/537.36 (KHTML, like Gecko) Chrome/145.0.0.0 Safari/537.36 (compatible; meta-externalagent/1.1 (+https://developers.facebook.com/docs/sharing/webmasters/crawler))" "-"
144.76.32.0 - - [18/Aug/2026:02:07:06 +0200] "GET /shops/aliciae/s5e9m2b0l2a3t8i9v7e3?loknya=/homepages HTTP/1.1" 200 57048 cultureloisirs.club "-" "Mozilla/5.0 (compatible; SERankingBacklinksBot/1.0; +https://seranking.com/backlinks-crawler)" "-"
2a03:2880:f800:: - - [18/Aug/2026:02:07:09 +0200] "GET /?shop/items/Y1299859425/ HTTP/1.1" 429 267 cultureloisirs.club "-" "Mozilla/5.0 (Windows NT 10.0; Win64; x64) AppleWebKit/537.36 (KHTML, like Gecko) Chrome/145.0.0.0 Safari/537.36 (compatible; meta-externalagent/1.1 (+https://developers.facebook.com/docs/sharing/webmasters/crawler))" "-"
144.76.32.0 - - [18/Aug/2026:02:07:09 +0200] "GET /shops/bayantler/c5u1m7i9n3o3l98807?loknya=/homepages HTTP/1.1" 200 57048 cultureloisirs.club "-" "Mozilla/5.0 (compatible; SERankingBacklinksBot/1.0; +https://seranking.com/backlinks-crawler)" "-"
66.249.66.0 - - [18/Aug/2026:02:07:12 +0200] "GET /?h=77602461105097 HTTP/1.1" 200 788212 cultureloisirs.club "-" "Mozilla/5.0 (Linux; Android 6.0.1; Nexus 5X Build/MMB29P) AppleWebKit/537.36 (KHTML, like Gecko) Chrome/151.0.7922.137 Mobile Safari/537.36 (compatible; Googlebot/2.1; +http://www.google.com/bot.html)" "-"
144.76.32.0 - - [18/Aug/2026:02:07:13 +0200] "GET /shops/buoyance/r5e3f3l5e9x2i9v3e21?loknya=/homepages HTTP/1.1" 200 57048 cultureloisirs.club "-" "Mozilla/5.0 (compatible; SERankingBacklinksBot/1.0; +https://seranking.com/backlinks-crawler)" "-"
2a03:2880:f800:: - - [18/Aug/2026:02:07:14 +0200] "GET /?shop/items/H5601146470/ HTTP/1.1" 429 267 cultureloisirs.club "-" "Mozilla/5.0 (Windows NT 10.0; Win64; x64) AppleWebKit/537.36 (KHTML, like Gecko) Chrome/145.0.0.0 Safari/537.36 (compatible; meta-externalagent/1.1 (+https://developers.facebook.com/docs/sharing/webmasters/crawler))" "-"
2a03:2880:f800:: - - [18/Aug/2026:02:07:14 +0200] "GET /?shop/items/U61302257873/ HTTP/1.1" 429 267 cultureloisirs.club "-" "Mozilla/5.0 (Windows NT 10.0; Win64; x64) AppleWebKit/537.36 (KHTML, like Gecko) Chrome/145.0.0.0 Safari/537.36 (compatible; meta-externalagent/1.1 (+https://developers.facebook.com/docs/sharing/webmasters/crawler))" "-"
144.76.32.0 - - [18/Aug/2026:02:07:16 +0200] "GET /shops/crabber/s5t6a3m5m8e8l7789?loknya=/homepages/11 HTTP/1.1" 200 45726 cultureloisirs.club "-" "Mozilla/5.0 (compatible; SERankingBacklinksBot/1.0; +https://seranking.com/backlinks-crawler)" "-"
2a03:2880:f800:: - - [18/Aug/2026:02:07:20 +0200] "GET /?shop/items/F73949118/ HTTP/1.1" 429 267 cultureloisirs.club "-" "Mozilla/5.0 (Windows NT 10.0; Win64; x64) AppleWebKit/537.36 (KHTML, like Gecko) Chrome/145.0.0.0 Safari/537.36 (compatible; meta-externalagent/1.1 (+https://developers.facebook.com/docs/sharing/webmasters/crawler))" "-"
144.76.32.0 - - [18/Aug/2026:02:07:20 +0200] "GET /shops/cutlasses/a5v1i5a7t5o5r25499?loknya=/homepages HTTP/1.1" 200 57048 cultureloisirs.club "-" "Mozilla/5.0 (compatible; SERankingBacklinksBot/1.0; +https://seranking.com/backlinks-crawler)" "-"
2a03:2880:f800:: - - [18/Aug/2026:02:07:21 +0200] "GET /?shop/items/P71411217041/ HTTP/1.1" 429 267 cultureloisirs.club "-" "Mozilla/5.0 (Macintosh; Intel Mac OS X 10_15_7) AppleWebKit/537.36 (KHTML, like Gecko) Chrome/145.0.0.0 Safari/537.36 (compatible; meta-externalagent/1.1 (+https://developers.facebook.com/docs/sharing/webmasters/crawler))" "-"
66.249.66.0 - - [18/Aug/2026:02:07:22 +0200] "GET /?h=51006501574891 HTTP/1.1" 200 813731 cultureloisirs.club "-" "Mozilla/5.0 (Linux; Android 6.0.1; Nexus 5X Build/MMB29P) AppleWebKit/537.36 (KHTML, like Gecko) Chrome/151.0.7922.137 Mobile Safari/537.36 (compatible; Googlebot/2.1; +http://www.google.com/bot.html)" "-"
2a03:2880:f800:: - - [18/Aug/2026:02:07:23 +0200] "GET /?shop/items/P3225564855/ HTTP/1.1" 429 267 cultureloisirs.club "-" "Mozilla/5.0 (Windows NT 10.0; Win64; x64) AppleWebKit/537.36 (KHTML, like Gecko) Chrome/145.0.0.0 Safari/537.36 (compatible; meta-externalagent/1.1 (+https://developers.facebook.com/docs/sharing/webmasters/crawler))" "-"
144.76.32.0 - - [18/Aug/2026:02:07:24 +0200] "GET /shops/dauber/g5u3l2l2e2r3y05197?loknya=/homepages/11 HTTP/1.1" 200 45726 cultureloisirs.club "-" "Mozilla/5.0 (compatible; SERankingBacklinksBot/1.0; +https://seranking.com/backlinks-crawler)" "-"
144.76.32.0 - - [18/Aug/2026:02:07:27 +0200] "GET /shops/dividual/h5a2b8i4a1632737?loknya=/homepages/11 HTTP/1.1" 200 45726 cultureloisirs.club "-" "Mozilla/5.0 (compatible; SERankingBacklinksBot/1.0; +https://seranking.com/backlinks-crawler)" "-"
2a03:2880:f800:: - - [18/Aug/2026:02:07:31 +0200] "GET /?h=98270212812122 HTTP/1.1" 429 267 cultureloisirs.club "-" "Mozilla/5.0 (Windows NT 10.0; Win64; x64) AppleWebKit/537.36 (KHTML, like Gecko) Chrome/145.0.0.0 Safari/537.36 (compatible; meta-externalagent/1.1 (+https://developers.facebook.com/docs/sharing/webmasters/crawler))" "-"
144.76.32.0 - - [18/Aug/2026:02:07:31 +0200] "GET /shops/finishing/p5o1s3s5e8s0s55952?loknya=/homepages HTTP/1.1" 200 57048 cultureloisirs.club "-" "Mozilla/5.0 (compatible; SERankingBacklinksBot/1.0; +https://seranking.com/backlinks-crawler)" "-"
2a03:2880:f800:: - - [18/Aug/2026:02:07:33 +0200] "GET /?shop/items/M26922220154/ HTTP/1.1" 429 267 cultureloisirs.club "-" "Mozilla/5.0 (Windows NT 10.0; Win64; x64) AppleWebKit/537.36 (KHTML, like Gecko) Chrome/145.0.0.0 Safari/537.36 (compatible; meta-externalagent/1.1 (+https://developers.facebook.com/docs/sharing/webmasters/crawler))" "-"
2a03:2880:f800:: - - [18/Aug/2026:02:07:34 +0200] "GET /?shop/items/K36046225433/ HTTP/1.1" 429 267 cultureloisirs.club "-" "Mozilla/5.0 (Windows NT 10.0; Win64; x64) AppleWebKit/537.36 (KHTML, like Gecko) Chrome/145.0.0.0 Safari/537.36 (compatible; meta-externalagent/1.1 (+https://developers.facebook.com/docs/sharing/webmasters/crawler))" "-"
144.76.32.0 - - [18/Aug/2026:02:07:35 +0200] "GET /shops/foremostly/s5u1l8p2h5o470517?loknya=/homepages HTTP/1.1" 200 57048 cultureloisirs.club "-" "Mozilla/5.0 (compatible; SERankingBacklinksBot/1.0; +https://seranking.com/backlinks-crawler)" "-"
144.76.32.0 - - [18/Aug/2026:02:07:39 +0200] "GET /shops/garden/c5o8n2d7e0n4s1a1b0l5e?loknya=/homepages HTTP/1.1" 200 57048 cultureloisirs.club "-" "Mozilla/5.0 (compatible; SERankingBacklinksBot/1.0; +https://seranking.com/backlinks-crawler)" "-"
74.7.243.0 - - [18/Aug/2026:02:07:40 +0200] "GET /?loknya=/lib/ruby/2.7.0/optparse HTTP/1.1" 200 14486 cultureloisirs.club "https://cultureloisirs.club/?loknya=/lib/ruby/2.7.0" "Mozilla/5.0 AppleWebKit/537.36 (KHTML, like Gecko; compatible; GPTBot/1.4; +https://openai.com/gptbot)" "-"
144.76.32.0 - - [18/Aug/2026:02:07:42 +0200] "GET /shops/idria/h5o1r8n9t9a9i7l0090?loknya=/homepages/11 HTTP/1.1" 200 45726 cultureloisirs.club "-" "Mozilla/5.0 (compatible; SERankingBacklinksBot/1.0; +https://seranking.com/backlinks-crawler)" "-"
66.249.66.0 - - [18/Aug/2026:02:07:43 +0200] "GET /?h=91254823753101 HTTP/1.1" 200 826302 cultureloisirs.club "-" "Mozilla/5.0 (Linux; Android 6.0.1; Nexus 5X Build/MMB29P) AppleWebKit/537.36 (KHTML, like Gecko) Chrome/151.0.7922.137 Mobile Safari/537.36 (compatible; Googlebot/2.1; +http://www.google.com/bot.html)" "-"
2a03:2880:f800:: - - [18/Aug/2026:02:07:45 +0200] "GET /?shop/items/P3225561198/ HTTP/1.1" 429 267 cultureloisirs.club "-" "Mozilla/5.0 (Windows NT 10.0; Win64; x64) AppleWebKit/537.36 (KHTML, like Gecko) Chrome/145.0.0.0 Safari/537.36 (compatible; meta-externalagent/1.1 (+https://developers.facebook.com/docs/sharing/webmasters/crawler))" "-"
144.76.32.0 - - [18/Aug/2026:02:07:46 +0200] "GET /shops/imitation/g5a4s1t8r0i3c45753?loknya=/homepages HTTP/1.1" 200 57048 cultureloisirs.club "-" "Mozilla/5.0 (compatible; SERankingBacklinksBot/1.0; +https://seranking.com/backlinks-crawler)" "-"
2a03:2880:f800:: - - [18/Aug/2026:02:07:47 +0200] "GET /?shop/items/P3225551204/ HTTP/1.1" 429 267 cultureloisirs.club "-" "Mozilla/5.0 (Macintosh; Intel Mac OS X 10_15_7) AppleWebKit/537.36 (KHTML, like Gecko) Chrome/145.0.0.0 Safari/537.36 (compatible; meta-externalagent/1.1 (+https://developers.facebook.com/docs/sharing/webmasters/crawler))" "-"
2a03:2880:f800:: - - [18/Aug/2026:02:07:48 +0200] "GET /?shop/items/F73949157855/ HTTP/1.1" 429 267 cultureloisirs.club "-" "Mozilla/5.0 (Windows NT 10.0; Win64; x64) AppleWebKit/537.36 (KHTML, like Gecko) Chrome/145.0.0.0 Safari/537.36 (compatible; meta-externalagent/1.1 (+https://developers.facebook.com/docs/sharing/webmasters/crawler))" "-"
144.76.32.0 - - [18/Aug/2026:02:07:50 +0200] "GET /shops/immense/g5a1n0g6u9e205722?loknya=/homepages/11 HTTP/1.1" 200 45726 cultureloisirs.club "-" "Mozilla/5.0 (compatible; SERankingBacklinksBot/1.0; +https://seranking.com/backlinks-crawler)" "-"
2a03:2880:f800:: - - [18/Aug/2026:02:07:51 +0200] "GET /?shop/items/F73949212671/ HTTP/1.1" 429 267 cultureloisirs.club "-" "Mozilla/5.0 (Macintosh; Intel Mac OS X 10_15_7) AppleWebKit/537.36 (KHTML, like Gecko) Chrome/145.0.0.0 Safari/537.36 (compatible; meta-externalagent/1.1 (+https://developers.facebook.com/docs/sharing/webmasters/crawler))" "-"
2a03:2880:f800:: - - [18/Aug/2026:02:07:53 +0200] "GET /?shop/items/P32255244307/ HTTP/1.1" 429 267 cultureloisirs.club "-" "Mozilla/5.0 (Macintosh; Intel Mac OS X 10.15; rv:147.0) Gecko/20100101 Firefox/147.0 (compatible; meta-externalagent/1.1 (+https://developers.facebook.com/docs/sharing/webmasters/crawler))" "-"
144.76.32.0 - - [18/Aug/2026:02:07:53 +0200] "GET /shops/jamboree/s5p1a7r4e1r4i4b8026?loknya=/homepages HTTP/1.1" 200 57048 cultureloisirs.club "-" "Mozilla/5.0 (compatible; SERankingBacklinksBot/1.0; +https://seranking.com/backlinks-crawler)" "-"
144.76.32.0 - - [18/Aug/2026:02:07:57 +0200] "GET /shops/kelson/t5i1l9i2a0c8e6o5u3s72?loknya=/homepages HTTP/1.1" 200 57048 cultureloisirs.club "-" "Mozilla/5.0 (compatible; SERankingBacklinksBot/1.0; +https://seranking.com/backlinks-crawler)" "-"
144.76.32.0 - - [18/Aug/2026:02:08:01 +0200] "GET /shops/macamba/d5i2s2t1r4a4i0n1e6r8?loknya=/homepages HTTP/1.1" 200 57048 cultureloisirs.club "-" "Mozilla/5.0 (compatible; SERankingBacklinksBot/1.0; +https://seranking.com/backlinks-crawler)" "-"
144.76.32.0 - - [18/Aug/2026:02:08:04 +0200] "GET /shops/meute/w5a7v4e8r9i7n6g1l7y?loknya=/homepages/11 HTTP/1.1" 200 45726 cultureloisirs.club "-" "Mozilla/5.0 (compatible; SERankingBacklinksBot/1.0; +https://seranking.com/backlinks-crawler)" "-"
144.76.32.0 - - [18/Aug/2026:02:08:08 +0200] "GET /shops/mumbler/r5i3x4d4o5l9l0a2r661?loknya=/homepages HTTP/1.1" 200 57048 cultureloisirs.club "-" "Mozilla/5.0 (compatible; SERankingBacklinksBot/1.0; +https://seranking.com/backlinks-crawler)" "-"
144.76.32.0 - - [18/Aug/2026:02:08:12 +0200] "GET /shops/nauheim/m5u3t7a3n0t253845?loknya=/homepages/11 HTTP/1.1" 200 45726 cultureloisirs.club "-" "Mozilla/5.0 (compatible; SERankingBacklinksBot/1.0; +https://seranking.com/backlinks-crawler)" "-"
2a03:2880:f800:: - - [18/Aug/2026:02:08:12 +0200] "GET /?shop/items/P322554730/ HTTP/1.1" 200 51726 cultureloisirs.club "-" "Mozilla/5.0 (Windows NT 10.0; Win64; x64) AppleWebKit/537.36 (KHTML, like Gecko) Chrome/145.0.0.0 Safari/537.36 (compatible; meta-externalagent/1.1 (+https://developers.facebook.com/docs/sharing/webmasters/crawler))" "-"
66.249.66.0 - - [18/Aug/2026:02:08:13 +0200] "GET /?h=10783993503606 HTTP/1.1" 200 828549 cultureloisirs.club "-" "Mozilla/5.0 (Linux; Android 6.0.1; Nexus 5X Build/MMB29P) AppleWebKit/537.36 (KHTML, like Gecko) Chrome/151.0.7922.137 Mobile Safari/537.36 (compatible; Googlebot/2.1; +http://www.google.com/bot.html)" "-"
144.76.32.0 - - [18/Aug/2026:02:08:16 +0200] "GET /shops/propine/r5e7m2o1t6e8n1e9s2s1?loknya=/homepages HTTP/1.1" 200 57048 cultureloisirs.club "-" "Mozilla/5.0 (compatible; SERankingBacklinksBot/1.0; +https://seranking.com/backlinks-crawler)" "-"
2a03:2880:f800:: - - [18/Aug/2026:02:08:16 +0200] "GET /?h=8596110222009 HTTP/1.1" 200 51727 cultureloisirs.club "-" "Mozilla/5.0 (Windows NT 10.0; Win64; x64) AppleWebKit/537.36 (KHTML, like Gecko) Chrome/145.0.0.0 Safari/537.36 (compatible; meta-externalagent/1.1 (+https://developers.facebook.com/docs/sharing/webmasters/crawler))" "-"
66.249.66.0 - - [18/Aug/2026:02:08:18 +0200] "GET /?h=5417723327531 HTTP/1.1" 200 820483 cultureloisirs.club "-" "Mozilla/5.0 (Linux; Android 6.0.1; Nexus 5X Build/MMB29P) AppleWebKit/537.36 (KHTML, like Gecko) Chrome/151.0.7922.137 Mobile Safari/537.36 (compatible; Googlebot/2.1; +http://www.google.com/bot.html)" "-"
144.76.32.0 - - [18/Aug/2026:02:08:19 +0200] "GET /shops/queece/t5e1r2m8i0n0a1t6o1r5y1?loknya=/homepages HTTP/1.1" 200 57048 cultureloisirs.club "-" "Mozilla/5.0 (compatible; SERankingBacklinksBot/1.0; +https://seranking.com/backlinks-crawler)" "-"
144.76.32.0 - - [18/Aug/2026:02:08:23 +0200] "GET /agrarium/avidity/t5a7q5u6a3n4u1t336?loknya=/homepages HTTP/1.1" 200 57048 cultureloisirs.club "-" "Mozilla/5.0 (compatible; SERankingBacklinksBot/1.0; +https://seranking.com/backlinks-crawler)" "-"
144.76.32.0 - - [18/Aug/2026:02:08:27 +0200] "GET /shops/recreate/p5o2d9o1s6c0a9p9h913?loknya=/homepages HTTP/1.1" 200 57048 cultureloisirs.club "-" "Mozilla/5.0 (compatible; SERankingBacklinksBot/1.0; +https://seranking.com/backlinks-crawler)" "-"
144.76.32.0 - - [18/Aug/2026:02:08:30 +0200] "GET /animadvert/misbecome/51705180493?loknya=/homepages/11 HTTP/1.1" 200 45726 cultureloisirs.club "-" "Mozilla/5.0 (compatible; SERankingBacklinksBot/1.0; +https://seranking.com/backlinks-crawler)" "-"
144.76.32.0 - - [18/Aug/2026:02:08:34 +0200] "GET /shops/ringent/o5p3u0l8e1n3t73156?loknya=/homepages/11 HTTP/1.1" 200 45726 cultureloisirs.club "-" "Mozilla/5.0 (compatible; SERankingBacklinksBot/1.0; +https://seranking.com/backlinks-crawler)" "-"
2a03:2880:f800:: - - [18/Aug/2026:02:08:35 +0200] "GET /?shop/items/P7141116451/ HTTP/1.1" 200 51727 cultureloisirs.club "-" "Mozilla/5.0 (Macintosh; Intel Mac OS X 10_15_7) AppleWebKit/537.36 (KHTML, like Gecko) Chrome/145.0.0.0 Safari/537.36 (compatible; meta-externalagent/1.1 (+https://developers.facebook.com/docs/sharing/webmasters/crawler))" "-"
144.76.32.0 - - [18/Aug/2026:02:08:38 +0200] "GET /archangelica/furnishings/d5i2s5c1l7o9s5e8802?loknya=/ HTTP/1.1" 200 29703 cultureloisirs.club "-" "Mozilla/5.0 (compatible; SERankingBacklinksBot/1.0; +https://seranking.com/backlinks-crawler)" "-"
144.76.32.0 - - [18/Aug/2026:02:08:42 +0200] "GET /shops/seise/t5r4o0u3b1l3i7n9g004?loknya=/homepages/11 HTTP/1.1" 200 45726 cultureloisirs.club "-" "Mozilla/5.0 (compatible; SERankingBacklinksBot/1.0; +https://seranking.com/backlinks-crawler)" "-"
74.7.243.0 - - [18/Aug/2026:02:08:45 +0200] "GET /?loknya=/lib/ruby/2.7.0/rss/ HTTP/1.1" 200 38622 cultureloisirs.club "https://cultureloisirs.club/?loknya=/lib/ruby/2.7.0/rss/content" "Mozilla/5.0 AppleWebKit/537.36 (KHTML, like Gecko; compatible; GPTBot/1.4; +https://openai.com/gptbot)" "-"
144.76.32.0 - - [18/Aug/2026:02:08:46 +0200] "GET /exoptable/defensible/e5n4d1o9d5o4n4t0i1s3t2?lokasie=/homepages/11/d4298920294/htdocs/wordpress/google8932fa28b8a191c2.html&loknya=/homepages/11/d4298920294/htdocs/wordpress HTTP/1.1" 200 4302 cultureloisirs.club "-" "Mozilla/5.0 (compatible; SERankingBacklinksBot/1.0; +https://seranking.com/backlinks-crawler)" "-"
144.76.32.0 - - [18/Aug/2026:02:08:49 +0200] "GET /arguing/jarowl/b5e3e7r7h0o3u4s7e268?loknya=/homepages HTTP/1.1" 200 57048 cultureloisirs.club "-" "Mozilla/5.0 (compatible; SERankingBacklinksBot/1.0; +https://seranking.com/backlinks-crawler)" "-"
2a03:2880:f800:: - - [18/Aug/2026:02:08:51 +0200] "GET /?shop/items/U6130261311/ HTTP/1.1" 200 51727 cultureloisirs.club "-" "Mozilla/5.0 (Macintosh; Intel Mac OS X 10_15_7) AppleWebKit/537.36 (KHTML, like Gecko) Chrome/145.0.0.0 Safari/537.36 (compatible; meta-externalagent/1.1 (+https://developers.facebook.com/docs/sharing/webmasters/crawler))" "-"
144.76.32.0 - - [18/Aug/2026:02:08:53 +0200] "GET /shops/sesquipedalianism/o5m2n3i5g5r2a7p3h280?loknya=/ HTTP/1.1" 200 29703 cultureloisirs.club "-" "Mozilla/5.0 (compatible; SERankingBacklinksBot/1.0; +https://seranking.com/backlinks-crawler)" "-"
66.249.66.0 - - [18/Aug/2026:02:08:54 +0200] "GET /?h=61556741932370 HTTP/1.1" 200 810984 cultureloisirs.club "-" "Mozilla/5.0 (Linux; Android 6.0.1; Nexus 5X Build/MMB29P) AppleWebKit/537.36 (KHTML, like Gecko) Chrome/151.0.7922.137 Mobile Safari/537.36 (compatible; Googlebot/2.1; +http://www.google.com/bot.html)" "-"
144.76.32.0 - - [18/Aug/2026:02:08:57 +0200] "GET /echidnine/spiration/s5i6r8e0n662061?loknya=/homepages HTTP/1.1" 200 57048 cultureloisirs.club "-" "Mozilla/5.0 (compatible; SERankingBacklinksBot/1.0; +https://seranking.com/backlinks-crawler)" "-"
66.249.66.0 - - [18/Aug/2026:02:08:57 +0200] "GET /?h=07073661710140 HTTP/1.1" 200 814517 cultureloisirs.club "-" "Mozilla/5.0 (Linux; Android 6.0.1; Nexus 5X Build/MMB29P) AppleWebKit/537.36 (KHTML, like Gecko) Chrome/151.0.7922.137 Mobile Safari/537.36 (compatible; Googlebot/2.1; +http://www.google.com/bot.html)" "-"
144.76.32.0 - - [18/Aug/2026:02:09:01 +0200] "GET /shops/sidewheel/r5e4e1d7l7e9s2s1555?loknya=/homepages HTTP/1.1" 200 57048 cultureloisirs.club "-" "Mozilla/5.0 (compatible; SERankingBacklinksBot/1.0; +https://seranking.com/backlinks-crawler)" "-"
2a03:2880:f800:: - - [18/Aug/2026:02:09:05 +0200] "GET /?shop/items/F7394977575/ HTTP/1.1" 200 51727 cultureloisirs.club "-" "Mozilla/5.0 (Macintosh; Intel Mac OS X 10_15_7) AppleWebKit/537.36 (KHTML, like Gecko) Chrome/145.0.0.0 Safari/537.36 (compatible; meta-externalagent/1.1 (+https://developers.facebook.com/docs/sharing/webmasters/crawler))" "-"
144.76.32.0 - - [18/Aug/2026:02:09:05 +0200] "GET /fungiate/r5o3c7k1i5n3g2c3h0a0i5r?loknya=/homepages/11 HTTP/1.1" 200 45726 cultureloisirs.club "-" "Mozilla/5.0 (compatible; SERankingBacklinksBot/1.0; +https://seranking.com/backlinks-crawler)" "-"
144.76.32.0 - - [18/Aug/2026:02:09:09 +0200] "GET /shops/soapfish/b5a3r3d9i2g1l6i7o228?loknya=/homepages HTTP/1.1" 200 57048 cultureloisirs.club "-" "Mozilla/5.0 (compatible; SERankingBacklinksBot/1.0; +https://seranking.com/backlinks-crawler)" "-"
144.76.32.0 - - [18/Aug/2026:02:09:13 +0200] "GET /lanceolatum/s5h3o2p4w8o3m9e4n185?loknya=/homepages/11 HTTP/1.1" 200 45726 cultureloisirs.club "-" "Mozilla/5.0 (compatible; SERankingBacklinksBot/1.0; +https://seranking.com/backlinks-crawler)" "-"
66.249.66.0 - - [18/Aug/2026:02:09:13 +0200] "GET /?h=43973914704457 HTTP/1.1" 200 792555 cultureloisirs.club "-" "Mozilla/5.0 (Linux; Android 6.0.1; Nexus 5X Build/MMB29P) AppleWebKit/537.36 (KHTML, like Gecko) Chrome/151.0.7922.137 Mobile Safari/537.36 (compatible; Googlebot/2.1; +http://www.google.com/bot.html)" "-"
144.76.32.0 - - [18/Aug/2026:02:09:17 +0200] "GET /shops/soporific/s5l3a4t4t7i1n1g4760?loknya=/homepages HTTP/1.1" 200 57048 cultureloisirs.club "-" "Mozilla/5.0 (compatible; SERankingBacklinksBot/1.0; +https://seranking.com/backlinks-crawler)" "-"
2a03:2880:f800:: - - [18/Aug/2026:02:09:17 +0200] "GET /?h=85807853983088 HTTP/1.1" 200 51726 cultureloisirs.club "-" "Mozilla/5.0 (Windows NT 10.0; Win64; x64) AppleWebKit/537.36 (KHTML, like Gecko) Chrome/145.0.0.0 Safari/537.36 (compatible; meta-externalagent/1.1 (+https://developers.facebook.com/docs/sharing/webmasters/crawler))" "-"
144.76.32.0 - - [18/Aug/2026:02:09:21 +0200] "GET /laudanine/n5o9n2r2e6n6e3w1a5b5le?loknya=/homepages/11 HTTP/1.1" 200 45726 cultureloisirs.club "-" "Mozilla/5.0 (compatible; SERankingBacklinksBot/1.0; +https://seranking.com/backlinks-crawler)" "-"
66.249.66.0 - - [18/Aug/2026:02:09:24 +0200] "GET /?h=02476152036866 HTTP/1.1" 200 823061 cultureloisirs.club "-" "Mozilla/5.0 (Linux; Android 6.0.1; Nexus 5X Build/MMB29P) AppleWebKit/537.36 (KHTML, like Gecko) Chrome/151.0.7922.137 Mobile Safari/537.36 (compatible; Googlebot/2.1; +http://www.google.com/bot.html)" "-"
144.76.32.0 - - [18/Aug/2026:02:09:25 +0200] "GET /shops/spall/s5p2e7c3t5r0o6s1c4o5p4y?loknya=/homepages HTTP/1.1" 200 57048 cultureloisirs.club "-" "Mozilla/5.0 (compatible; SERankingBacklinksBot/1.0; +https://seranking.com/backlinks-crawler)" "-"
2a03:2880:f800:: - - [18/Aug/2026:02:09:27 +0200] "GET /?h=5773477827985 HTTP/1.1" 200 51727 cultureloisirs.club "-" "Mozilla/5.0 (Macintosh; Intel Mac OS X 10_15_7) AppleWebKit/537.36 (KHTML, like Gecko) Chrome/145.0.0.0 Safari/537.36 (compatible; meta-externalagent/1.1 (+https://developers.facebook.com/docs/sharing/webmasters/crawler))" "-"
66.249.66.0 - - [18/Aug/2026:02:09:27 +0200] "GET /?h=39492791082591 HTTP/1.1" 200 815589 cultureloisirs.club "-" "Mozilla/5.0 (Linux; Android 6.0.1; Nexus 5X Build/MMB29P) AppleWebKit/537.36 (KHTML, like Gecko) Chrome/151.0.7922.137 Mobile Safari/537.36 (compatible; Googlebot/2.1; +http://www.google.com/bot.html)" "-"
144.76.32.0 - - [18/Aug/2026:02:09:29 +0200] "GET /opulent/moire/s5t3i1p6e2n0d18974?loknya=/homepages/11 HTTP/1.1" 200 45726 cultureloisirs.club "-" "Mozilla/5.0 (compatible; SERankingBacklinksBot/1.0; +https://seranking.com/backlinks-crawler)" "-"
66.249.66.0 - - [18/Aug/2026:02:09:29 +0200] "GET /?h=22193592825732 HTTP/1.1" 200 830902 cultureloisirs.club "-" "Mozilla/5.0 (Linux; Android 6.0.1; Nexus 5X Build/MMB29P) AppleWebKit/537.36 (KHTML, like Gecko) Chrome/151.0.7922.137 Mobile Safari/537.36 (compatible; Googlebot/2.1; +http://www.google.com/bot.html)" "-"
144.76.32.0 - - [18/Aug/2026:02:09:33 +0200] "GET /shops/specter/g5r3u2n7t0l6e65089?loknya=/homepages/11 HTTP/1.1" 200 45726 cultureloisirs.club "-" "Mozilla/5.0 (compatible; SERankingBacklinksBot/1.0; +https://seranking.com/backlinks-crawler)" "-"
66.249.66.0 - - [18/Aug/2026:02:09:34 +0200] "GET /?h=60423144707659 HTTP/1.1" 200 791510 cultureloisirs.club "-" "Mozilla/5.0 (Linux; Android 6.0.1; Nexus 5X Build/MMB29P) AppleWebKit/537.36 (KHTML, like Gecko) Chrome/151.0.7922.137 Mobile Safari/537.36 (compatible; Googlebot/2.1; +http://www.google.com/bot.html)" "-"
144.76.32.0 - - [18/Aug/2026:02:09:37 +0200] "GET /peterman/i5m3m4e9r7s6i8o9n9i3s5t?loknya=/homepages/11 HTTP/1.1" 200 45726 cultureloisirs.club "-" "Mozilla/5.0 (compatible; SERankingBacklinksBot/1.0; +https://seranking.com/backlinks-crawler)" "-"
2a03:2880:f800:: - - [18/Aug/2026:02:09:38 +0200] "GET /?shop/items/K36046221838/ HTTP/1.1" 200 51727 cultureloisirs.club "-" "Mozilla/5.0 (Windows NT 10.0; Win64; x64) AppleWebKit/537.36 (KHTML, like Gecko) Chrome/145.0.0.0 Safari/537.36 (compatible; meta-externalagent/1.1 (+https://developers.facebook.com/docs/sharing/webmasters/crawler))" "-"
144.76.32.0 - - [18/Aug/2026:02:09:41 +0200] "GET /shops/spectroheliogram/d5e3f8i4n1i4t3i7v7e87?loknya=/ HTTP/1.1" 200 29703 cultureloisirs.club "-" "Mozilla/5.0 (compatible; SERankingBacklinksBot/1.0; +https://seranking.com/backlinks-crawler)" "-"
66.249.66.0 - - [18/Aug/2026:02:09:41 +0200] "GET /?h=06677424138612 HTTP/1.1" 200 821704 cultureloisirs.club "-" "Mozilla/5.0 (Linux; Android 6.0.1; Nexus 5X Build/MMB29P) AppleWebKit/537.36 (KHTML, like Gecko) Chrome/151.0.7922.137 Mobile Safari/537.36 (compatible; Googlebot/2.1; +http://www.google.com/bot.html)" "-"
74.7.243.0 - - [18/Aug/2026:02:09:42 +0200] "GET /?lokasie=/etc//quotatab&loknya=/etc/ HTTP/1.1" 200 4508 cultureloisirs.club "https://cultureloisirs.club/?loknya=/etc/" "Mozilla/5.0 AppleWebKit/537.36 (KHTML, like Gecko; compatible; GPTBot/1.4; +https://openai.com/gptbot)" "-"
144.76.32.0 - - [18/Aug/2026:02:09:45 +0200] "GET /reinspect/grazier/r5u2e7f8u7l075923?loknya=/homepages HTTP/1.1" 200 57048 cultureloisirs.club "-" "Mozilla/5.0 (compatible; SERankingBacklinksBot/1.0; +https://seranking.com/backlinks-crawler)" "-"
2a03:2880:f800:: - - [18/Aug/2026:02:09:46 +0200] "GET /?shop/items/F7394998115/ HTTP/1.1" 200 51727 cultureloisirs.club "-" "Mozilla/5.0 (Windows NT 10.0; Win64; x64) AppleWebKit/537.36 (KHTML, like Gecko) Chrome/145.0.0.0 Safari/537.36 (compatible; meta-externalagent/1.1 (+https://developers.facebook.com/docs/sharing/webmasters/crawler))" "-"
66.249.66.0 - - [18/Aug/2026:02:09:47 +0200] "GET /?h=70878112264725 HTTP/1.1" 200 790020 cultureloisirs.club "-" "Mozilla/5.0 (Linux; Android 6.0.1; Nexus 5X Build/MMB29P) AppleWebKit/537.36 (KHTML, like Gecko) Chrome/151.0.7922.137 Mobile Safari/537.36 (compatible; Googlebot/2.1; +http://www.google.com/bot.html)" "-"
144.76.32.0 - - [18/Aug/2026:02:09:49 +0200] "GET /shops/spilikins/h5e3l9o2t8i4s4m4018?loknya=/homepages HTTP/1.1" 200 57048 cultureloisirs.club "-" "Mozilla/5.0 (compatible; SERankingBacklinksBot/1.0; +https://seranking.com/backlinks-crawler)" "-"
66.249.66.0 - - [18/Aug/2026:02:09:51 +0200] "GET /?h=79200454033520 HTTP/1.1" 200 813721 cultureloisirs.club "-" "Mozilla/5.0 (Linux; Android 6.0.1; Nexus 5X Build/MMB29P) AppleWebKit/537.36 (KHTML, like Gecko) Chrome/151.0.7922.137 Mobile Safari/537.36 (compatible; Googlebot/2.1; +http://www.google.com/bot.html)" "-"
2a03:2880:f800:: - - [18/Aug/2026:02:09:54 +0200] "GET /?shop/items/H5601172893/ HTTP/1.1" 200 51727 cultureloisirs.club "-" "Mozilla/5.0 (Windows NT 10.0; Win64; x64) AppleWebKit/537.36 (KHTML, like Gecko) Chrome/145.0.0.0 Safari/537.36 (compatible; meta-externalagent/1.1 (+https://developers.facebook.com/docs/sharing/webmasters/crawler))" "-"
144.76.32.0 - - [18/Aug/2026:02:09:54 +0200] "GET /shops/ablution/n5y1s9e9y1s955859?loknya=/homepages/11 HTTP/1.1" 200 45726 cultureloisirs.club "-" "Mozilla/5.0 (compatible; SERankingBacklinksBot/1.0; +https://seranking.com/backlinks-crawler)" "-"
144.76.32.0 - - [18/Aug/2026:02:09:58 +0200] "GET /shops/starting/c5o3m3m7e6n0s2a4l273?loknya=/homepages HTTP/1.1" 200 57048 cultureloisirs.club "-" "Mozilla/5.0 (compatible; SERankingBacklinksBot/1.0; +https://seranking.com/backlinks-crawler)" "-"
66.249.66.0 - - [18/Aug/2026:02:09:58 +0200] "GET /?h=5494858440435 HTTP/1.1" 200 782376 cultureloisirs.club "-" "Mozilla/5.0 (Linux; Android 6.0.1; Nexus 5X Build/MMB29P) AppleWebKit/537.36 (KHTML, like Gecko) Chrome/151.0.7922.137 Mobile Safari/537.36 (compatible; Googlebot/2.1; +http://www.google.com/bot.html)" "-"
2a03:2880:f800:: - - [18/Aug/2026:02:10:02 +0200] "GET /?shop/items/C33932201675/ HTTP/1.1" 200 51727 cultureloisirs.club "-" "Mozilla/5.0 (Windows NT 10.0; Win64; x64) AppleWebKit/537.36 (KHTML, like Gecko) Chrome/145.0.0.0 Safari/537.36 (compatible; meta-externalagent/1.1 (+https://developers.facebook.com/docs/sharing/webmasters/crawler))" "-"
144.76.32.0 - - [18/Aug/2026:02:10:03 +0200] "GET /shops/anbury/a5s1c3a9r7i7d0s0190?loknya=/homepages/11 HTTP/1.1" 200 45726 cultureloisirs.club "-" "Mozilla/5.0 (compatible; SERankingBacklinksBot/1.0; +https://seranking.com/backlinks-crawler)" "-"
144.76.32.0 - - [18/Aug/2026:02:10:07 +0200] "GET /shops/tachyons/a5b2a3s4i9a308854?loknya=/homepages/11 HTTP/1.1" 200 45726 cultureloisirs.club "-" "Mozilla/5.0 (compatible; SERankingBacklinksBot/1.0; +https://seranking.com/backlinks-crawler)" "-"
2a03:2880:f800:: - - [18/Aug/2026:02:10:09 +0200] "GET /?shop/items/K36046185736/ HTTP/1.1" 200 51727 cultureloisirs.club "-" "Mozilla/5.0 (Macintosh; Intel Mac OS X 10_15_7) AppleWebKit/537.36 (KHTML, like Gecko) Chrome/145.0.0.0 Safari/537.36 (compatible; meta-externalagent/1.1 (+https://developers.facebook.com/docs/sharing/webmasters/crawler))" "-"
144.76.32.0 - - [18/Aug/2026:02:10:12 +0200] "GET /shops/anglesite/m5o1b4i3l2i5s2e3128?loknya=/homepages HTTP/1.1" 200 57048 cultureloisirs.club "-" "Mozilla/5.0 (compatible; SERankingBacklinksBot/1.0; +https://seranking.com/backlinks-crawler)" "-"
66.249.66.0 - - [18/Aug/2026:02:10:15 +0200] "GET /?h=86187554134089 HTTP/1.1" 200 811228 cultureloisirs.club "-" "Mozilla/5.0 (Linux; Android 6.0.1; Nexus 5X Build/MMB29P) AppleWebKit/537.36 (KHTML, like Gecko) Chrome/151.0.7922.137 Mobile Safari/537.36 (compatible; Googlebot/2.1; +http://www.google.com/bot.html)" "-"
2a03:2880:f800:: - - [18/Aug/2026:02:10:16 +0200] "GET /?shop/items/K3604664105/ HTTP/1.1" 200 51727 cultureloisirs.club "-" "Mozilla/5.0 (Windows NT 10.0; Win64; x64) AppleWebKit/537.36 (KHTML, like Gecko) Chrome/145.0.0.0 Safari/537.36 Edg/145.0.0.0 (compatible; meta-externalagent/1.1 (+https://developers.facebook.com/docs/sharing/webmasters/crawler))" "-"
144.76.32.0 - - [18/Aug/2026:02:10:17 +0200] "GET /shops/teufit/b5l1a6c5k0m2a3i2l9e4d5?loknya=/homepages HTTP/1.1" 200 57048 cultureloisirs.club "-" "Mozilla/5.0 (compatible; SERankingBacklinksBot/1.0; +https://seranking.com/backlinks-crawler)" "-"
2a03:2880:f800:: - - [18/Aug/2026:02:10:21 +0200] "GET /?shop/items/F73949162233/ HTTP/1.1" 200 51727 cultureloisirs.club "-" "Mozilla/5.0 (Macintosh; Intel Mac OS X 10_15_7) AppleWebKit/537.36 (KHTML, like Gecko) Chrome/145.0.0.0 Safari/537.36 (compatible; meta-externalagent/1.1 (+https://developers.facebook.com/docs/sharing/webmasters/crawler))" "-"
144.76.32.0 - - [18/Aug/2026:02:10:21 +0200] "GET /shops/avidiously/c5o3s6u4r4e4t2y539?loknya=/homepages HTTP/1.1" 200 57048 cultureloisirs.club "-" "Mozilla/5.0 (compatible; SERankingBacklinksBot/1.0; +https://seranking.com/backlinks-crawler)" "-"
66.249.66.0 - - [18/Aug/2026:02:10:25 +0200] "GET /?h=08034681652644 HTTP/1.1" 200 800213 cultureloisirs.club "-" "Mozilla/5.0 (Linux; Android 6.0.1; Nexus 5X Build/MMB29P) AppleWebKit/537.36 (KHTML, like Gecko) Chrome/151.0.7922.137 Mobile Safari/537.36 (compatible; Googlebot/2.1; +http://www.google.com/bot.html)" "-"
144.76.32.0 - - [18/Aug/2026:02:10:26 +0200] "GET /shops/transelementation/s5w3e2e5t4e3n5e8r595?loknya=/ HTTP/1.1" 200 29703 cultureloisirs.club "-" "Mozilla/5.0 (compatible; SERankingBacklinksBot/1.0; +https://seranking.com/backlinks-crawler)" "-"
2a03:2880:f800:: - - [18/Aug/2026:02:10:27 +0200] "GET /?shop/items/Y12998158906/ HTTP/1.1" 200 51727 cultureloisirs.club "-" "Mozilla/5.0 (Windows NT 10.0; Win64; x64) AppleWebKit/537.36 (KHTML, like Gecko) Chrome/145.0.0.0 Safari/537.36 (compatible; meta-externalagent/1.1 (+https://developers.facebook.com/docs/sharing/webmasters/crawler))" "-"
66.249.66.0 - - [18/Aug/2026:02:10:29 +0200] "GET /?h=45682533553372 HTTP/1.1" 200 809806 cultureloisirs.club "-" "Mozilla/5.0 (Linux; Android 6.0.1; Nexus 5X Build/MMB29P) AppleWebKit/537.36 (KHTML, like Gecko) Chrome/151.0.7922.137 Mobile Safari/537.36 (compatible; Googlebot/2.1; +http://www.google.com/bot.html)" "-"
144.76.32.0 - - [18/Aug/2026:02:10:30 +0200] "GET /shops/brightened/p5h4o0n3i2e5r91103?loknya=/homepages HTTP/1.1" 200 57048 cultureloisirs.club "-" "Mozilla/5.0 (compatible; SERankingBacklinksBot/1.0; +https://seranking.com/backlinks-crawler)" "-"
74.7.243.0 - - [18/Aug/2026:02:10:33 +0200] "GET /?lokasie=/etc//hostname&loknya=/etc/ HTTP/1.1" 200 3950 cultureloisirs.club "https://cultureloisirs.club/?loknya=/etc/" "Mozilla/5.0 AppleWebKit/537.36 (KHTML, like Gecko; compatible; GPTBot/1.4; +https://openai.com/gptbot)" "-"
2a03:2880:f800:: - - [18/Aug/2026:02:10:34 +0200] "GET /?shop/items/U6130288094/ HTTP/1.1" 200 51726 cultureloisirs.club "-" "Mozilla/5.0 (Macintosh; Intel Mac OS X 10_15_7) AppleWebKit/537.36 (KHTML, like Gecko) Chrome/145.0.0.0 Safari/537.36 (compatible; meta-externalagent/1.1 (+https://developers.facebook.com/docs/sharing/webmasters/crawler))" "-"
