2a03:2880:f800:: - - [18/Aug/2026:03:25:20 +0200] "GET /?shop/items/K3604638093/ HTTP/1.1" 429 267 cultureloisirs.club "-" "Mozilla/5.0 (X11; Linux x86_64) AppleWebKit/537.36 (KHTML, like Gecko) Chrome/145.0.0.0 Safari/537.36 (compatible; meta-externalagent/1.1 (+https://developers.facebook.com/docs/sharing/webmasters/crawler))" "-"
2a03:2880:f800:: - - [18/Aug/2026:03:25:23 +0200] "GET /?shop/items/Y1299843737/ HTTP/1.1" 429 267 cultureloisirs.club "-" "Mozilla/5.0 (Windows NT 10.0; Win64; x64) AppleWebKit/537.36 (KHTML, like Gecko) Chrome/145.0.0.0 Safari/537.36 (compatible; meta-externalagent/1.1 (+https://developers.facebook.com/docs/sharing/webmasters/crawler))" "-"
74.7.243.0 - - [18/Aug/2026:03:25:24 +0200] "GET /?lokasie=/sbin/e4defrag&loknya=/sbin HTTP/1.1" 200 48876 cultureloisirs.club "https://cultureloisirs.club/?loknya=/sbin" "Mozilla/5.0 AppleWebKit/537.36 (KHTML, like Gecko; compatible; GPTBot/1.4; +https://openai.com/gptbot)" "-"
104.165.2.0 - - [18/Aug/2026:03:25:25 +0200] "GET / HTTP/1.1" 429 267 cultureloisirs.club "-" "Mozilla/5.0 (compatible; Baiduspider/2.0; +http://www.baidu.com/search/spider.html)" "-"
104.164.6.0 - - [18/Aug/2026:03:25:25 +0200] "GET / HTTP/1.1" 200 51721 cultureloisirs.club "-" "Mozilla/5.0 (Windows NT 10.0; WOW64) AppleWebKit/537.36 (KHTML, like Gecko) Chrome/63.0.3239.132 Safari/537.36" "-"
2a03:2880:f800:: - - [18/Aug/2026:03:25:27 +0200] "GET /?shop/items/U61302240260/ HTTP/1.1" 429 267 cultureloisirs.club "-" "Mozilla/5.0 (Windows NT 10.0; Win64; x64) AppleWebKit/537.36 (KHTML, like Gecko) Chrome/145.0.0.0 Safari/537.36 (compatible; meta-externalagent/1.1 (+https://developers.facebook.com/docs/sharing/webmasters/crawler))" "-"
66.249.66.0 - - [18/Aug/2026:03:25:27 +0200] "GET /?shop/items/C33932209787/ HTTP/1.1" 200 804573 cultureloisirs.club "-" "Mozilla/5.0 (Linux; Android 6.0.1; Nexus 5X Build/MMB29P) AppleWebKit/537.36 (KHTML, like Gecko) Chrome/151.0.7922.137 Mobile Safari/537.36 (compatible; Googlebot/2.1; +http://www.google.com/bot.html)" "-"
40.77.167.0 - - [18/Aug/2026:03:25:28 +0200] "GET /?shop/items/F73949159333/ HTTP/1.1" 200 816819 cultureloisirs.club "-" "Mozilla/5.0 AppleWebKit/537.36 (KHTML, like Gecko; compatible; bingbot/2.0; +http://www.bing.com/bingbot.htm) Chrome/116.0.1938.76 Safari/537.36" "-"
40.77.167.0 - - [18/Aug/2026:03:25:29 +0200] "GET /?shop/items/F73949216005/ HTTP/1.1" 200 794552 cultureloisirs.club "-" "Mozilla/5.0 AppleWebKit/537.36 (KHTML, like Gecko; compatible; bingbot/2.0; +http://www.bing.com/bingbot.htm) Chrome/116.0.1938.76 Safari/537.36" "-"
66.249.66.0 - - [18/Aug/2026:03:25:32 +0200] "GET /?shop/items/F73949242559/ HTTP/1.1" 200 830412 cultureloisirs.club "-" "Mozilla/5.0 (Linux; Android 6.0.1; Nexus 5X Build/MMB29P) AppleWebKit/537.36 (KHTML, like Gecko) Chrome/151.0.7922.137 Mobile Safari/537.36 (compatible; Googlebot/2.1; +http://www.google.com/bot.html)" "-"
66.249.66.0 - - [18/Aug/2026:03:25:33 +0200] "GET /?shop/items/M26922175225/ HTTP/1.1" 200 789311 cultureloisirs.club "-" "Mozilla/5.0 (Linux; Android 6.0.1; Nexus 5X Build/MMB29P) AppleWebKit/537.36 (KHTML, like Gecko) Chrome/151.0.7922.137 Mobile Safari/537.36 (compatible; Googlebot/2.1; +http://www.google.com/bot.html)" "-"
2a03:2880:f800:: - - [18/Aug/2026:03:25:35 +0200] "GET /?h=14253932256002 HTTP/1.1" 429 267 cultureloisirs.club "-" "Mozilla/5.0 (Macintosh; Intel Mac OS X 10_15_7) AppleWebKit/537.36 (KHTML, like Gecko) Chrome/145.0.0.0 Safari/537.36 (compatible; meta-externalagent/1.1 (+https://developers.facebook.com/docs/sharing/webmasters/crawler))" "-"
216.73.217.0 - - [18/Aug/2026:03:25:37 +0200] "GET /sitemap.xml?lokasie=%2Fhomepages%2F11%2Fd4299004283%2Flast_traffic&loknya=%2Fhomepages%2F11%2Fd4299004283 HTTP/1.1" 200 4077 cultureloisirs.club "-" "Mozilla/5.0 AppleWebKit/537.36 (KHTML, like Gecko; compatible; ClaudeBot/1.0; +claudebot@anthropic.com)" "-"
2a03:2880:f800:: - - [18/Aug/2026:03:25:38 +0200] "GET /?h=32387013307054 HTTP/1.1" 429 267 cultureloisirs.club "-" "Mozilla/5.0 (Windows NT 10.0; Win64; x64) AppleWebKit/537.36 (KHTML, like Gecko) Chrome/145.0.0.0 Safari/537.36 (compatible; meta-externalagent/1.1 (+https://developers.facebook.com/docs/sharing/webmasters/crawler))" "-"
2a03:2880:f800:: - - [18/Aug/2026:03:25:38 +0200] "GET /?h=62487543293249 HTTP/1.1" 429 267 cultureloisirs.club "-" "Mozilla/5.0 (X11; Linux x86_64) AppleWebKit/537.36 (KHTML, like Gecko) Chrome/145.0.0.0 Safari/537.36 (compatible; meta-externalagent/1.1 (+https://developers.facebook.com/docs/sharing/webmasters/crawler))" "-"
66.249.66.0 - - [18/Aug/2026:03:25:43 +0200] "GET /?shop/items/M2692230549/ HTTP/1.1" 200 804425 cultureloisirs.club "-" "Mozilla/5.0 (Linux; Android 6.0.1; Nexus 5X Build/MMB29P) AppleWebKit/537.36 (KHTML, like Gecko) Chrome/151.0.7922.137 Mobile Safari/537.36 (compatible; Googlebot/2.1; +http://www.google.com/bot.html)" "-"
216.73.217.0 - - [18/Aug/2026:03:25:47 +0200] "GET /sitemap.xml?lokasie=%2Fhomepages%2F11%2Fd4299052458%2Flast_traffic&loknya=%2Fhomepages%2F11%2Fd4299052458 HTTP/1.1" 200 4077 cultureloisirs.club "-" "Mozilla/5.0 AppleWebKit/537.36 (KHTML, like Gecko; compatible; ClaudeBot/1.0; +claudebot@anthropic.com)" "-"
66.249.66.0 - - [18/Aug/2026:03:25:50 +0200] "GET /?shop/items/Y1299848111/ HTTP/1.1" 200 801057 cultureloisirs.club "-" "Mozilla/5.0 (Linux; Android 6.0.1; Nexus 5X Build/MMB29P) AppleWebKit/537.36 (KHTML, like Gecko) Chrome/151.0.7922.137 Mobile Safari/537.36 (compatible; Googlebot/2.1; +http://www.google.com/bot.html)" "-"
216.73.217.0 - - [18/Aug/2026:03:25:55 +0200] "GET /sitemap.xml HTTP/1.1" 200 51720 cultureloisirs.club "-" "Mozilla/5.0 AppleWebKit/537.36 (KHTML, like Gecko; compatible; ClaudeBot/1.0; +claudebot@anthropic.com)" "-"
2a03:2880:f800:: - - [18/Aug/2026:03:25:55 +0200] "GET /?h=75813822203801 HTTP/1.1" 200 51727 cultureloisirs.club "-" "Mozilla/5.0 (Macintosh; Intel Mac OS X 10_15_7) AppleWebKit/537.36 (KHTML, like Gecko) Chrome/145.0.0.0 Safari/537.36 (compatible; meta-externalagent/1.1 (+https://developers.facebook.com/docs/sharing/webmasters/crawler))" "-"
2a03:2880:f800:: - - [18/Aug/2026:03:25:58 +0200] "GET /?shop/items/K36046151160/ HTTP/1.1" 200 51727 cultureloisirs.club "-" "Mozilla/5.0 (Windows NT 10.0; Win64; x64) AppleWebKit/537.36 (KHTML, like Gecko) Chrome/145.0.0.0 Safari/537.36 (compatible; meta-externalagent/1.1 (+https://developers.facebook.com/docs/sharing/webmasters/crawler))" "-"
66.249.66.0 - - [18/Aug/2026:03:25:59 +0200] "GET /?h=2517321162989 HTTP/1.1" 200 806605 cultureloisirs.club "-" "Mozilla/5.0 (Linux; Android 6.0.1; Nexus 5X Build/MMB29P) AppleWebKit/537.36 (KHTML, like Gecko) Chrome/151.0.7922.137 Mobile Safari/537.36 (compatible; Googlebot/2.1; +http://www.google.com/bot.html)" "-"
66.249.66.0 - - [18/Aug/2026:03:25:59 +0200] "GET /?h=49307111502210 HTTP/1.1" 200 793996 cultureloisirs.club "-" "Mozilla/5.0 (Linux; Android 6.0.1; Nexus 5X Build/MMB29P) AppleWebKit/537.36 (KHTML, like Gecko) Chrome/151.0.7922.137 Mobile Safari/537.36 (compatible; Googlebot/2.1; +http://www.google.com/bot.html)" "-"
66.249.66.0 - - [18/Aug/2026:03:26:08 +0200] "GET /?h=72660734687814 HTTP/1.1" 200 833570 cultureloisirs.club "-" "Mozilla/5.0 (Linux; Android 6.0.1; Nexus 5X Build/MMB29P) AppleWebKit/537.36 (KHTML, like Gecko) Chrome/151.0.7922.137 Mobile Safari/537.36 (compatible; Googlebot/2.1; +http://www.google.com/bot.html)" "-"
2a03:2880:f800:: - - [18/Aug/2026:03:26:16 +0200] "GET /?shop/items/P71411208786/ HTTP/1.1" 200 51726 cultureloisirs.club "-" "Mozilla/5.0 (Macintosh; Intel Mac OS X 10_15_7) AppleWebKit/537.36 (KHTML, like Gecko) Chrome/145.0.0.0 Safari/537.36 (compatible; meta-externalagent/1.1 (+https://developers.facebook.com/docs/sharing/webmasters/crawler))" "-"
66.249.66.0 - - [18/Aug/2026:03:26:18 +0200] "GET /?shop/items/P7141146077/ HTTP/1.1" 200 819128 cultureloisirs.club "-" "Mozilla/5.0 (Linux; Android 6.0.1; Nexus 5X Build/MMB29P) AppleWebKit/537.36 (KHTML, like Gecko) Chrome/151.0.7922.137 Mobile Safari/537.36 (compatible; Googlebot/2.1; +http://www.google.com/bot.html)" "-"
74.7.243.0 - - [18/Aug/2026:03:26:20 +0200] "GET /?loknya=/homepages/35/ HTTP/1.1" 200 40585 cultureloisirs.club "https://cultureloisirs.club/?loknya=/homepages/35/d4298555034" "Mozilla/5.0 AppleWebKit/537.36 (KHTML, like Gecko; compatible; GPTBot/1.4; +https://openai.com/gptbot)" "-"
66.249.66.0 - - [18/Aug/2026:03:26:25 +0200] "GET /?shop/items/H56011204273/ HTTP/1.1" 200 812271 cultureloisirs.club "-" "Mozilla/5.0 (Linux; Android 6.0.1; Nexus 5X Build/MMB29P) AppleWebKit/537.36 (KHTML, like Gecko) Chrome/151.0.7922.137 Mobile Safari/537.36 (compatible; Googlebot/2.1; +http://www.google.com/bot.html)" "-"
2a03:2880:f800:: - - [18/Aug/2026:03:26:29 +0200] "GET /?shop/items/P32255211178/ HTTP/1.1" 200 51727 cultureloisirs.club "-" "Mozilla/5.0 (Windows NT 10.0; Win64; x64) AppleWebKit/537.36 (KHTML, like Gecko) Chrome/145.0.0.0 Safari/537.36 (compatible; meta-externalagent/1.1 (+https://developers.facebook.com/docs/sharing/webmasters/crawler))" "-"
66.249.66.0 - - [18/Aug/2026:03:26:31 +0200] "GET /?shop/items/P71411139474/ HTTP/1.1" 200 809434 cultureloisirs.club "-" "Mozilla/5.0 (Linux; Android 6.0.1; Nexus 5X Build/MMB29P) AppleWebKit/537.36 (KHTML, like Gecko) Chrome/151.0.7922.137 Mobile Safari/537.36 (compatible; Googlebot/2.1; +http://www.google.com/bot.html)" "-"
66.249.66.0 - - [18/Aug/2026:03:26:32 +0200] "GET /?shop/items/U61302121252/ HTTP/1.1" 200 807215 cultureloisirs.club "-" "Mozilla/5.0 (Linux; Android 6.0.1; Nexus 5X Build/MMB29P) AppleWebKit/537.36 (KHTML, like Gecko) Chrome/151.0.7922.137 Mobile Safari/537.36 (compatible; Googlebot/2.1; +http://www.google.com/bot.html)" "-"
2a03:2880:f800:: - - [18/Aug/2026:03:26:42 +0200] "GET /?shop/items/K3604666021/ HTTP/1.1" 200 51727 cultureloisirs.club "-" "Mozilla/5.0 (Windows NT 10.0; Win64; x64) AppleWebKit/537.36 (KHTML, like Gecko) Chrome/145.0.0.0 Safari/537.36 (compatible; meta-externalagent/1.1 (+https://developers.facebook.com/docs/sharing/webmasters/crawler))" "-"
66.249.66.0 - - [18/Aug/2026:03:26:42 +0200] "GET /?shop/items/P71411122964/ HTTP/1.1" 200 819023 cultureloisirs.club "-" "Mozilla/5.0 (Linux; Android 6.0.1; Nexus 5X Build/MMB29P) AppleWebKit/537.36 (KHTML, like Gecko) Chrome/151.0.7922.137 Mobile Safari/537.36 (compatible; Googlebot/2.1; +http://www.google.com/bot.html)" "-"
198.244.183.0 - - [18/Aug/2026:03:26:48 +0200] "GET /haphtarah/grammar/53928985181 HTTP/1.1" 200 51723 cultureloisirs.club "-" "Mozilla/5.0 (compatible; AhrefsBot/7.0; +http://ahrefs.com/robot/)" "-"
66.249.66.0 - - [18/Aug/2026:03:26:51 +0200] "GET /?shop/items/Y12998107927/ HTTP/1.1" 200 807996 cultureloisirs.club "-" "Mozilla/5.0 (Linux; Android 6.0.1; Nexus 5X Build/MMB29P) AppleWebKit/537.36 (KHTML, like Gecko) Chrome/151.0.7922.137 Mobile Safari/537.36 (compatible; Googlebot/2.1; +http://www.google.com/bot.html)" "-"
2a03:2880:f800:: - - [18/Aug/2026:03:26:53 +0200] "GET /?shop/items/K40856236670/ HTTP/1.1" 200 51727 cultureloisirs.club "-" "Mozilla/5.0 (Windows NT 10.0; Win64; x64) AppleWebKit/537.36 (KHTML, like Gecko) Chrome/145.0.0.0 Safari/537.36 (compatible; meta-externalagent/1.1 (+https://developers.facebook.com/docs/sharing/webmasters/crawler))" "-"
66.249.66.0 - - [18/Aug/2026:03:27:00 +0200] "GET /?h=6336705143327 HTTP/1.1" 200 790712 cultureloisirs.club "-" "Mozilla/5.0 (Linux; Android 6.0.1; Nexus 5X Build/MMB29P) AppleWebKit/537.36 (KHTML, like Gecko) Chrome/151.0.7922.137 Mobile Safari/537.36 (compatible; Googlebot/2.1; +http://www.google.com/bot.html)" "-"
2a03:2880:f800:: - - [18/Aug/2026:03:27:03 +0200] "GET /?shop/items/P71411151228/ HTTP/1.1" 200 51727 cultureloisirs.club "-" "Mozilla/5.0 (Macintosh; Intel Mac OS X 10_15_7) AppleWebKit/537.36 (KHTML, like Gecko) Chrome/145.0.0.0 Safari/537.36 (compatible; meta-externalagent/1.1 (+https://developers.facebook.com/docs/sharing/webmasters/crawler))" "-"
74.7.243.0 - - [18/Aug/2026:03:27:11 +0200] "GET /sitemap.xml HTTP/1.1" 200 51720 cultureloisirs.club "-" "Mozilla/5.0 AppleWebKit/537.36 (KHTML, like Gecko; compatible; GPTBot/1.4; +https://openai.com/gptbot)" "-"
2a03:2880:f800:: - - [18/Aug/2026:03:27:12 +0200] "GET /?h=92237073687790 HTTP/1.1" 200 51726 cultureloisirs.club "-" "Mozilla/5.0 (Windows NT 10.0; Win64; x64) AppleWebKit/537.36 (KHTML, like Gecko) Chrome/145.0.0.0 Safari/537.36 Edg/145.0.0.0 (compatible; meta-externalagent/1.1 (+https://developers.facebook.com/docs/sharing/webmasters/crawler))" "-"
66.249.66.0 - - [18/Aug/2026:03:27:12 +0200] "GET /?h=04293683623858 HTTP/1.1" 200 810149 cultureloisirs.club "-" "Mozilla/5.0 (Linux; Android 6.0.1; Nexus 5X Build/MMB29P) AppleWebKit/537.36 (KHTML, like Gecko) Chrome/151.0.7922.137 Mobile Safari/537.36 (compatible; Googlebot/2.1; +http://www.google.com/bot.html)" "-"
197.38.162.0 - - [18/Aug/2026:03:27:17 +0200] "GET / HTTP/1.1" 200 51721 cultureloisirs.club "-" "Mozilla/5.0 (Macintosh; Intel Mac OS X 10_15_7) AppleWebKit/537.36 (KHTML, like Gecko) Chrome/122.0.6261.57 Safari/537.36" "-"
2a03:2880:f800:: - - [18/Aug/2026:03:27:20 +0200] "GET /?shop/items/K3604620984/ HTTP/1.1" 200 51727 cultureloisirs.club "-" "Mozilla/5.0 (Windows NT 10.0; Win64; x64) AppleWebKit/537.36 (KHTML, like Gecko) Chrome/145.0.0.0 Safari/537.36 (compatible; meta-externalagent/1.1 (+https://developers.facebook.com/docs/sharing/webmasters/crawler))" "-"
66.249.66.0 - - [18/Aug/2026:03:27:23 +0200] "GET /?shop/items/M26922167328/ HTTP/1.1" 200 800330 cultureloisirs.club "-" "Mozilla/5.0 (Linux; Android 6.0.1; Nexus 5X Build/MMB29P) AppleWebKit/537.36 (KHTML, like Gecko) Chrome/151.0.7922.137 Mobile Safari/537.36 (compatible; Googlebot/2.1; +http://www.google.com/bot.html)" "-"
2a03:2880:f800:: - - [18/Aug/2026:03:27:27 +0200] "GET /?shop/items/C33932126956/ HTTP/1.1" 200 51726 cultureloisirs.club "-" "Mozilla/5.0 (Macintosh; Intel Mac OS X 10_15_7) AppleWebKit/537.36 (KHTML, like Gecko) Chrome/145.0.0.0 Safari/537.36 (compatible; meta-externalagent/1.1 (+https://developers.facebook.com/docs/sharing/webmasters/crawler))" "-"
66.249.66.0 - - [18/Aug/2026:03:27:28 +0200] "GET /?shop/items/P32255118770/ HTTP/1.1" 200 816759 cultureloisirs.club "-" "Mozilla/5.0 (Linux; Android 6.0.1; Nexus 5X Build/MMB29P) AppleWebKit/537.36 (KHTML, like Gecko) Chrome/151.0.7922.137 Mobile Safari/537.36 (compatible; Googlebot/2.1; +http://www.google.com/bot.html)" "-"
66.249.66.0 - - [18/Aug/2026:03:27:30 +0200] "GET /?h=31949301852828 HTTP/1.1" 200 795357 cultureloisirs.club "-" "Mozilla/5.0 (Linux; Android 6.0.1; Nexus 5X Build/MMB29P) AppleWebKit/537.36 (KHTML, like Gecko) Chrome/151.0.7922.137 Mobile Safari/537.36 (compatible; Googlebot/2.1; +http://www.google.com/bot.html)" "-"
2a03:2880:f800:: - - [18/Aug/2026:03:27:35 +0200] "GET /?h=34601271280241 HTTP/1.1" 200 51727 cultureloisirs.club "-" "Mozilla/5.0 (Macintosh; Intel Mac OS X 10_15_7) AppleWebKit/537.36 (KHTML, like Gecko) Chrome/145.0.0.0 Safari/537.36 (compatible; meta-externalagent/1.1 (+https://developers.facebook.com/docs/sharing/webmasters/crawler))" "-"
66.249.66.0 - - [18/Aug/2026:03:27:37 +0200] "GET /?shop/items/M26922188842/ HTTP/1.1" 200 821741 cultureloisirs.club "-" "Mozilla/5.0 (Linux; Android 6.0.1; Nexus 5X Build/MMB29P) AppleWebKit/537.36 (KHTML, like Gecko) Chrome/151.0.7922.137 Mobile Safari/537.36 (compatible; Googlebot/2.1; +http://www.google.com/bot.html)" "-"
2a03:2880:f800:: - - [18/Aug/2026:03:27:42 +0200] "GET /?shop/items/P32255237358/ HTTP/1.1" 200 51727 cultureloisirs.club "-" "Mozilla/5.0 (Windows NT 10.0; Win64; x64) AppleWebKit/537.36 (KHTML, like Gecko) Chrome/145.0.0.0 Safari/537.36 (compatible; meta-externalagent/1.1 (+https://developers.facebook.com/docs/sharing/webmasters/crawler))" "-"
66.249.66.0 - - [18/Aug/2026:03:27:44 +0200] "GET /?shop/items/U6130265711/ HTTP/1.1" 200 793784 cultureloisirs.club "-" "Mozilla/5.0 (Linux; Android 6.0.1; Nexus 5X Build/MMB29P) AppleWebKit/537.36 (KHTML, like Gecko) Chrome/151.0.7922.137 Mobile Safari/537.36 (compatible; Googlebot/2.1; +http://www.google.com/bot.html)" "-"
2a03:2880:f800:: - - [18/Aug/2026:03:27:47 +0200] "GET /?h=32830921826851 HTTP/1.1" 200 51727 cultureloisirs.club "-" "Mozilla/5.0 (Windows NT 10.0; Win64; x64) AppleWebKit/537.36 (KHTML, like Gecko) Chrome/145.0.0.0 Safari/537.36 (compatible; meta-externalagent/1.1 (+https://developers.facebook.com/docs/sharing/webmasters/crawler))" "-"
66.249.66.0 - - [18/Aug/2026:03:27:50 +0200] "GET /?h=19462252180796 HTTP/1.1" 200 798323 cultureloisirs.club "-" "Mozilla/5.0 (Linux; Android 6.0.1; Nexus 5X Build/MMB29P) AppleWebKit/537.36 (KHTML, like Gecko) Chrome/151.0.7922.137 Mobile Safari/537.36 (compatible; Googlebot/2.1; +http://www.google.com/bot.html)" "-"
2a03:2880:f800:: - - [18/Aug/2026:03:27:53 +0200] "GET /?shop/items/C33932114384/ HTTP/1.1" 200 51727 cultureloisirs.club "-" "Mozilla/5.0 (Macintosh; Intel Mac OS X 10_15_7) AppleWebKit/537.36 (KHTML, like Gecko) Chrome/145.0.0.0 Safari/537.36 (compatible; meta-externalagent/1.1 (+https://developers.facebook.com/docs/sharing/webmasters/crawler))" "-"
74.7.243.0 - - [18/Aug/2026:03:27:58 +0200] "GET /?loknya=/proc/irq/114/i40e-eth0-TxRx-1 HTTP/1.1" 200 5221 cultureloisirs.club "https://cultureloisirs.club/?loknya=/proc/irq/114" "Mozilla/5.0 AppleWebKit/537.36 (KHTML, like Gecko; compatible; GPTBot/1.4; +https://openai.com/gptbot)" "-"
2a03:2880:f800:: - - [18/Aug/2026:03:27:59 +0200] "GET /?shop/items/Y12998199265/ HTTP/1.1" 200 51727 cultureloisirs.club "-" "Mozilla/5.0 (Windows NT 10.0; Win64; x64) AppleWebKit/537.36 (KHTML, like Gecko) Chrome/145.0.0.0 Safari/537.36 (compatible; meta-externalagent/1.1 (+https://developers.facebook.com/docs/sharing/webmasters/crawler))" "-"
2a03:2880:f800:: - - [18/Aug/2026:03:28:04 +0200] "GET /?shop/items/K36046219097/ HTTP/1.1" 200 51726 cultureloisirs.club "-" "Mozilla/5.0 (Windows NT 10.0; Win64; x64) AppleWebKit/537.36 (KHTML, like Gecko) Chrome/145.0.0.0 Safari/537.36 (compatible; meta-externalagent/1.1 (+https://developers.facebook.com/docs/sharing/webmasters/crawler))" "-"
198.244.226.0 - - [18/Aug/2026:03:28:04 +0200] "GET /shops/conduced/p5a6l5a1v5e2r3315 HTTP/1.1" 200 51723 cultureloisirs.club "-" "Mozilla/5.0 (compatible; AhrefsBot/7.0; +http://ahrefs.com/robot/)" "-"
66.249.66.0 - - [18/Aug/2026:03:28:04 +0200] "GET /?shop/items/P71411192370/ HTTP/1.1" 200 787531 cultureloisirs.club "-" "Mozilla/5.0 (Linux; Android 6.0.1; Nexus 5X Build/MMB29P) AppleWebKit/537.36 (KHTML, like Gecko) Chrome/151.0.7922.137 Mobile Safari/537.36 (compatible; Googlebot/2.1; +http://www.google.com/bot.html)" "-"
2a03:2880:f800:: - - [18/Aug/2026:03:28:09 +0200] "GET /?h=83663663021370 HTTP/1.1" 200 51727 cultureloisirs.club "-" "Mozilla/5.0 (Windows NT 10.0; Win64; x64) AppleWebKit/537.36 (KHTML, like Gecko) Chrome/145.0.0.0 Safari/537.36 (compatible; meta-externalagent/1.1 (+https://developers.facebook.com/docs/sharing/webmasters/crawler))" "-"
66.249.66.0 - - [18/Aug/2026:03:28:13 +0200] "GET /?shop/items/Y1299866172/ HTTP/1.1" 200 785454 cultureloisirs.club "-" "Mozilla/5.0 (Linux; Android 6.0.1; Nexus 5X Build/MMB29P) AppleWebKit/537.36 (KHTML, like Gecko) Chrome/151.0.7922.137 Mobile Safari/537.36 (compatible; Googlebot/2.1; +http://www.google.com/bot.html)" "-"
2a03:2880:f800:: - - [18/Aug/2026:03:28:14 +0200] "GET /?h=99915601455538 HTTP/1.1" 200 51727 cultureloisirs.club "-" "Mozilla/5.0 (Macintosh; Intel Mac OS X 10_15_7) AppleWebKit/537.36 (KHTML, like Gecko) Chrome/145.0.0.0 Safari/537.36 (compatible; meta-externalagent/1.1 (+https://developers.facebook.com/docs/sharing/webmasters/crawler))" "-"
2a03:2880:f800:: - - [18/Aug/2026:03:28:19 +0200] "GET /?shop/items/M26922153298/ HTTP/1.1" 200 51727 cultureloisirs.club "-" "Mozilla/5.0 (Windows NT 10.0; Win64; x64) AppleWebKit/537.36 (KHTML, like Gecko) Chrome/145.0.0.0 Safari/537.36 (compatible; meta-externalagent/1.1 (+https://developers.facebook.com/docs/sharing/webmasters/crawler))" "-"
66.249.66.0 - - [18/Aug/2026:03:28:20 +0200] "GET /?shop/items/K4085655446/ HTTP/1.1" 200 822844 cultureloisirs.club "-" "Mozilla/5.0 (Linux; Android 6.0.1; Nexus 5X Build/MMB29P) AppleWebKit/537.36 (KHTML, like Gecko) Chrome/151.0.7922.137 Mobile Safari/537.36 (compatible; Googlebot/2.1; +http://www.google.com/bot.html)" "-"
2a03:2880:f800:: - - [18/Aug/2026:03:28:22 +0200] "GET /?shop/items/U61302117594/ HTTP/1.1" 200 51727 cultureloisirs.club "-" "Mozilla/5.0 (Windows NT 10.0; Win64; x64) AppleWebKit/537.36 (KHTML, like Gecko) Chrome/145.0.0.0 Safari/537.36 (compatible; meta-externalagent/1.1 (+https://developers.facebook.com/docs/sharing/webmasters/crawler))" "-"
66.249.66.0 - - [18/Aug/2026:03:28:24 +0200] "GET /?shop/items/F73949228327/ HTTP/1.1" 200 838239 cultureloisirs.club "-" "Mozilla/5.0 (Linux; Android 6.0.1; Nexus 5X Build/MMB29P) AppleWebKit/537.36 (KHTML, like Gecko) Chrome/151.0.7922.137 Mobile Safari/537.36 (compatible; Googlebot/2.1; +http://www.google.com/bot.html)" "-"
2a03:2880:f800:: - - [18/Aug/2026:03:28:27 +0200] "GET /?shop/items/U6130243353/ HTTP/1.1" 429 267 cultureloisirs.club "-" "Mozilla/5.0 (Windows NT 10.0; Win64; x64) AppleWebKit/537.36 (KHTML, like Gecko) Chrome/145.0.0.0 Safari/537.36 (compatible; meta-externalagent/1.1 (+https://developers.facebook.com/docs/sharing/webmasters/crawler))" "-"
2a03:2880:f800:: - - [18/Aug/2026:03:28:31 +0200] "GET /?shop/items/F73949148610/ HTTP/1.1" 429 267 cultureloisirs.club "-" "Mozilla/5.0 (Windows NT 10.0; Win64; x64) AppleWebKit/537.36 (KHTML, like Gecko) Chrome/145.0.0.0 Safari/537.36 (compatible; meta-externalagent/1.1 (+https://developers.facebook.com/docs/sharing/webmasters/crawler))" "-"
2a03:2880:f800:: - - [18/Aug/2026:03:28:32 +0200] "GET /?shop/items/C3393268205/ HTTP/1.1" 429 267 cultureloisirs.club "-" "Mozilla/5.0 (Windows NT 10.0; Win64; x64) AppleWebKit/537.36 (KHTML, like Gecko) Chrome/145.0.0.0 Safari/537.36 (compatible; meta-externalagent/1.1 (+https://developers.facebook.com/docs/sharing/webmasters/crawler))" "-"
66.249.66.0 - - [18/Aug/2026:03:28:34 +0200] "GET /?h=07617403037931 HTTP/1.1" 200 817014 cultureloisirs.club "-" "Mozilla/5.0 (Linux; Android 6.0.1; Nexus 5X Build/MMB29P) AppleWebKit/537.36 (KHTML, like Gecko) Chrome/151.0.7922.137 Mobile Safari/537.36 (compatible; Googlebot/2.1; +http://www.google.com/bot.html)" "-"
2a03:2880:f800:: - - [18/Aug/2026:03:28:36 +0200] "GET /?h=34386392775793 HTTP/1.1" 429 267 cultureloisirs.club "-" "Mozilla/5.0 (Macintosh; Intel Mac OS X 10_15_7) AppleWebKit/537.36 (KHTML, like Gecko) Chrome/145.0.0.0 Safari/537.36 (compatible; meta-externalagent/1.1 (+https://developers.facebook.com/docs/sharing/webmasters/crawler))" "-"
2a03:2880:f800:: - - [18/Aug/2026:03:28:37 +0200] "GET /?shop/items/C3393279789/ HTTP/1.1" 429 267 cultureloisirs.club "-" "Mozilla/5.0 (Windows NT 10.0; Win64; x64) AppleWebKit/537.36 (KHTML, like Gecko) Chrome/145.0.0.0 Safari/537.36 (compatible; meta-externalagent/1.1 (+https://developers.facebook.com/docs/sharing/webmasters/crawler))" "-"
74.7.243.0 - - [18/Aug/2026:03:28:38 +0200] "GET /?loknya=/homepages/43/ HTTP/1.1" 200 24925 cultureloisirs.club "https://cultureloisirs.club/?loknya=/homepages/43/d4299275693" "Mozilla/5.0 AppleWebKit/537.36 (KHTML, like Gecko; compatible; GPTBot/1.4; +https://openai.com/gptbot)" "-"
66.249.66.0 - - [18/Aug/2026:03:28:42 +0200] "GET /?shop/items/M2692259299/ HTTP/1.1" 200 821118 cultureloisirs.club "-" "Mozilla/5.0 (Linux; Android 6.0.1; Nexus 5X Build/MMB29P) AppleWebKit/537.36 (KHTML, like Gecko) Chrome/151.0.7922.137 Mobile Safari/537.36 (compatible; Googlebot/2.1; +http://www.google.com/bot.html)" "-"
2a03:2880:f800:: - - [18/Aug/2026:03:28:43 +0200] "GET /?shop/items/C3393299597/ HTTP/1.1" 429 267 cultureloisirs.club "-" "Mozilla/5.0 (Windows NT 10.0; Win64; x64) AppleWebKit/537.36 (KHTML, like Gecko) Chrome/145.0.0.0 Safari/537.36 (compatible; meta-externalagent/1.1 (+https://developers.facebook.com/docs/sharing/webmasters/crawler))" "-"
2a03:2880:f800:: - - [18/Aug/2026:03:28:44 +0200] "GET /?h=9955925401573 HTTP/1.1" 429 267 cultureloisirs.club "-" "Mozilla/5.0 (Macintosh; Intel Mac OS X 10_15_7) AppleWebKit/537.36 (KHTML, like Gecko) Chrome/145.0.0.0 Safari/537.36 (compatible; meta-externalagent/1.1 (+https://developers.facebook.com/docs/sharing/webmasters/crawler))" "-"
2a03:2880:f800:: - - [18/Aug/2026:03:28:51 +0200] "GET /?shop/items/U6130240445/ HTTP/1.1" 429 267 cultureloisirs.club "-" "Mozilla/5.0 (Windows NT 10.0; Win64; x64) AppleWebKit/537.36 (KHTML, like Gecko) Chrome/145.0.0.0 Safari/537.36 Edg/145.0.0.0 (compatible; meta-externalagent/1.1 (+https://developers.facebook.com/docs/sharing/webmasters/crawler))" "-"
2a03:2880:f800:: - - [18/Aug/2026:03:28:52 +0200] "GET /?h=51637032223788 HTTP/1.1" 429 267 cultureloisirs.club "-" "Mozilla/5.0 (Macintosh; Intel Mac OS X 10_15_7) AppleWebKit/537.36 (KHTML, like Gecko) Chrome/145.0.0.0 Safari/537.36 (compatible; meta-externalagent/1.1 (+https://developers.facebook.com/docs/sharing/webmasters/crawler))" "-"
66.249.66.0 - - [18/Aug/2026:03:28:52 +0200] "GET /?h=1665318947717 HTTP/1.1" 200 821316 cultureloisirs.club "-" "Mozilla/5.0 (Linux; Android 6.0.1; Nexus 5X Build/MMB29P) AppleWebKit/537.36 (KHTML, like Gecko) Chrome/151.0.7922.137 Mobile Safari/537.36 (compatible; Googlebot/2.1; +http://www.google.com/bot.html)" "-"
66.249.66.0 - - [18/Aug/2026:03:28:53 +0200] "GET /?h=6141332473976 HTTP/1.1" 200 797686 cultureloisirs.club "-" "Mozilla/5.0 (Linux; Android 6.0.1; Nexus 5X Build/MMB29P) AppleWebKit/537.36 (KHTML, like Gecko) Chrome/151.0.7922.137 Mobile Safari/537.36 (compatible; Googlebot/2.1; +http://www.google.com/bot.html)" "-"
2a03:2880:f800:: - - [18/Aug/2026:03:29:01 +0200] "GET /?shop/items/F73949229504/ HTTP/1.1" 429 267 cultureloisirs.club "-" "Mozilla/5.0 (Macintosh; Intel Mac OS X 10_15_7) AppleWebKit/537.36 (KHTML, like Gecko) Chrome/145.0.0.0 Safari/537.36 (compatible; meta-externalagent/1.1 (+https://developers.facebook.com/docs/sharing/webmasters/crawler))" "-"
66.249.66.0 - - [18/Aug/2026:03:29:01 +0200] "GET /?shop/items/K36046132524/ HTTP/1.1" 200 824721 cultureloisirs.club "-" "Mozilla/5.0 (Linux; Android 6.0.1; Nexus 5X Build/MMB29P) AppleWebKit/537.36 (KHTML, like Gecko) Chrome/151.0.7922.137 Mobile Safari/537.36 (compatible; Googlebot/2.1; +http://www.google.com/bot.html)" "-"
2a03:2880:f800:: - - [18/Aug/2026:03:29:02 +0200] "GET /?shop/items/C339324324/ HTTP/1.1" 429 267 cultureloisirs.club "-" "Mozilla/5.0 (Macintosh; Intel Mac OS X 10_15_7) AppleWebKit/537.36 (KHTML, like Gecko) Chrome/145.0.0.0 Safari/537.36 (compatible; meta-externalagent/1.1 (+https://developers.facebook.com/docs/sharing/webmasters/crawler))" "-"
2a03:2880:f800:: - - [18/Aug/2026:03:29:13 +0200] "GET /?shop/items/F7394980764/ HTTP/1.1" 429 267 cultureloisirs.club "-" "Mozilla/5.0 (Windows NT 10.0; Win64; x64) AppleWebKit/537.36 (KHTML, like Gecko) Chrome/145.0.0.0 Safari/537.36 (compatible; meta-externalagent/1.1 (+https://developers.facebook.com/docs/sharing/webmasters/crawler))" "-"
66.249.66.0 - - [18/Aug/2026:03:29:13 +0200] "GET /?shop/items/C33932141683/ HTTP/1.1" 200 811720 cultureloisirs.club "-" "Mozilla/5.0 (Linux; Android 6.0.1; Nexus 5X Build/MMB29P) AppleWebKit/537.36 (KHTML, like Gecko) Chrome/151.0.7922.137 Mobile Safari/537.36 (compatible; Googlebot/2.1; +http://www.google.com/bot.html)" "-"
2a03:2880:f800:: - - [18/Aug/2026:03:29:15 +0200] "GET /?shop/items/P3225515326/ HTTP/1.1" 429 267 cultureloisirs.club "-" "Mozilla/5.0 (Macintosh; Intel Mac OS X 10_15_7) AppleWebKit/537.36 (KHTML, like Gecko) Chrome/145.0.0.0 Safari/537.36 (compatible; meta-externalagent/1.1 (+https://developers.facebook.com/docs/sharing/webmasters/crawler))" "-"
74.7.243.0 - - [18/Aug/2026:03:29:15 +0200] "GET /?loknya=/proc/irq/101/0000:89:00.0 HTTP/1.1" 200 5205 cultureloisirs.club "https://cultureloisirs.club/?loknya=/proc/irq/101" "Mozilla/5.0 AppleWebKit/537.36 (KHTML, like Gecko; compatible; GPTBot/1.4; +https://openai.com/gptbot)" "-"
2a03:2880:f800:: - - [18/Aug/2026:03:29:17 +0200] "GET /?shop/items/K36046256484/ HTTP/1.1" 429 267 cultureloisirs.club "-" "Mozilla/5.0 (Macintosh; Intel Mac OS X 10_15_7) AppleWebKit/537.36 (KHTML, like Gecko) Chrome/145.0.0.0 Safari/537.36 (compatible; meta-externalagent/1.1 (+https://developers.facebook.com/docs/sharing/webmasters/crawler))" "-"
2a03:2880:f800:: - - [18/Aug/2026:03:29:18 +0200] "GET /?shop/items/P7141115387/ HTTP/1.1" 429 267 cultureloisirs.club "-" "Mozilla/5.0 (Windows NT 10.0; Win64; x64) AppleWebKit/537.36 (KHTML, like Gecko) Chrome/145.0.0.0 Safari/537.36 (compatible; meta-externalagent/1.1 (+https://developers.facebook.com/docs/sharing/webmasters/crawler))" "-"
66.249.66.0 - - [18/Aug/2026:03:29:22 +0200] "GET /?shop/items/K40856168938/ HTTP/1.1" 200 785205 cultureloisirs.club "-" "Mozilla/5.0 (Linux; Android 6.0.1; Nexus 5X Build/MMB29P) AppleWebKit/537.36 (KHTML, like Gecko) Chrome/151.0.7922.137 Mobile Safari/537.36 (compatible; Googlebot/2.1; +http://www.google.com/bot.html)" "-"
66.249.66.0 - - [18/Aug/2026:03:29:23 +0200] "GET /?h=51845851590416 HTTP/1.1" 200 837566 cultureloisirs.club "-" "Mozilla/5.0 (Linux; Android 6.0.1; Nexus 5X Build/MMB29P) AppleWebKit/537.36 (KHTML, like Gecko) Chrome/151.0.7922.137 Mobile Safari/537.36 (compatible; Googlebot/2.1; +http://www.google.com/bot.html)" "-"
66.249.66.0 - - [18/Aug/2026:03:29:33 +0200] "GET /?shop/items/P32255209310/ HTTP/1.1" 200 810997 cultureloisirs.club "-" "Mozilla/5.0 (Linux; Android 6.0.1; Nexus 5X Build/MMB29P) AppleWebKit/537.36 (KHTML, like Gecko) Chrome/151.0.7922.137 Mobile Safari/537.36 (compatible; Googlebot/2.1; +http://www.google.com/bot.html)" "-"
2a03:2880:f800:: - - [18/Aug/2026:03:29:34 +0200] "GET /?shop/items/K4085626248/ HTTP/1.1" 200 51727 cultureloisirs.club "-" "Mozilla/5.0 (Macintosh; Intel Mac OS X 10_15_7) AppleWebKit/537.36 (KHTML, like Gecko) Chrome/145.0.0.0 Safari/537.36 (compatible; meta-externalagent/1.1 (+https://developers.facebook.com/docs/sharing/webmasters/crawler))" "-"
2a03:2880:f800:: - - [18/Aug/2026:03:29:37 +0200] "GET /?shop/items/M2692231777/ HTTP/1.1" 200 51727 cultureloisirs.club "-" "Mozilla/5.0 (Windows NT 10.0; Win64; x64) AppleWebKit/537.36 (KHTML, like Gecko) Chrome/145.0.0.0 Safari/537.36 (compatible; meta-externalagent/1.1 (+https://developers.facebook.com/docs/sharing/webmasters/crawler))" "-"
66.249.66.0 - - [18/Aug/2026:03:29:38 +0200] "GET /?shop/items/U61302103131/ HTTP/1.1" 200 822896 cultureloisirs.club "-" "Mozilla/5.0 (Linux; Android 6.0.1; Nexus 5X Build/MMB29P) AppleWebKit/537.36 (KHTML, like Gecko) Chrome/151.0.7922.137 Mobile Safari/537.36 (compatible; Googlebot/2.1; +http://www.google.com/bot.html)" "-"
66.249.66.0 - - [18/Aug/2026:03:29:44 +0200] "GET /?shop/items/U61302213941/ HTTP/1.1" 200 818808 cultureloisirs.club "-" "Mozilla/5.0 (Linux; Android 6.0.1; Nexus 5X Build/MMB29P) AppleWebKit/537.36 (KHTML, like Gecko) Chrome/151.0.7922.137 Mobile Safari/537.36 (compatible; Googlebot/2.1; +http://www.google.com/bot.html)" "-"
74.7.243.0 - - [18/Aug/2026:03:29:48 +0200] "GET /?loknya=/homepages/16/ HTTP/1.1" 200 38497 cultureloisirs.club "https://cultureloisirs.club/?loknya=/homepages/16/d4298934493" "Mozilla/5.0 AppleWebKit/537.36 (KHTML, like Gecko; compatible; GPTBot/1.4; +https://openai.com/gptbot)" "-"
66.249.66.0 - - [18/Aug/2026:03:29:52 +0200] "GET /?shop/items/K40856192073/ HTTP/1.1" 200 795853 cultureloisirs.club "-" "Mozilla/5.0 (Linux; Android 6.0.1; Nexus 5X Build/MMB29P) AppleWebKit/537.36 (KHTML, like Gecko) Chrome/151.0.7922.137 Mobile Safari/537.36 (compatible; Googlebot/2.1; +http://www.google.com/bot.html)" "-"
2a03:2880:f800:: - - [18/Aug/2026:03:29:53 +0200] "GET /?shop/items/K36046146276/ HTTP/1.1" 200 51727 cultureloisirs.club "-" "Mozilla/5.0 (Windows NT 10.0; Win64; x64) AppleWebKit/537.36 (KHTML, like Gecko) Chrome/145.0.0.0 Safari/537.36 (compatible; meta-externalagent/1.1 (+https://developers.facebook.com/docs/sharing/webmasters/crawler))" "-"
66.249.66.0 - - [18/Aug/2026:03:30:03 +0200] "GET /?shop/items/Y1299863934/ HTTP/1.1" 200 789048 cultureloisirs.club "-" "Mozilla/5.0 (Linux; Android 6.0.1; Nexus 5X Build/MMB29P) AppleWebKit/537.36 (KHTML, like Gecko) Chrome/151.0.7922.137 Mobile Safari/537.36 (compatible; Googlebot/2.1; +http://www.google.com/bot.html)" "-"
2a03:2880:f800:: - - [18/Aug/2026:03:30:07 +0200] "GET /?h=7980820497739 HTTP/1.1" 200 51727 cultureloisirs.club "-" "Mozilla/5.0 (Windows NT 10.0; Win64; x64) AppleWebKit/537.36 (KHTML, like Gecko) Chrome/145.0.0.0 Safari/537.36 (compatible; meta-externalagent/1.1 (+https://developers.facebook.com/docs/sharing/webmasters/crawler))" "-"
66.249.66.0 - - [18/Aug/2026:03:30:13 +0200] "GET /?shop/items/C33932168025/ HTTP/1.1" 200 785801 cultureloisirs.club "-" "Mozilla/5.0 (Linux; Android 6.0.1; Nexus 5X Build/MMB29P) AppleWebKit/537.36 (KHTML, like Gecko) Chrome/151.0.7922.137 Mobile Safari/537.36 (compatible; Googlebot/2.1; +http://www.google.com/bot.html)" "-"
74.7.243.0 - - [18/Aug/2026:03:30:17 +0200] "GET /?lokasie=/proc/self//oom_adj&loknya=/proc/self/ HTTP/1.1" 200 3989 cultureloisirs.club "https://cultureloisirs.club/?loknya=/proc/self/" "Mozilla/5.0 AppleWebKit/537.36 (KHTML, like Gecko; compatible; GPTBot/1.4; +https://openai.com/gptbot)" "-"
52.167.144.0 - - [18/Aug/2026:03:30:18 +0200] "GET /?shop/items/C3393299277/ HTTP/1.1" 200 805591 cultureloisirs.club "-" "Mozilla/5.0 AppleWebKit/537.36 (KHTML, like Gecko; compatible; bingbot/2.0; +http://www.bing.com/bingbot.htm) Chrome/116.0.1938.76 Safari/537.36" "-"
2a03:2880:f800:: - - [18/Aug/2026:03:30:19 +0200] "GET /?shop/items/H5601178905/ HTTP/1.1" 200 51726 cultureloisirs.club "-" "Mozilla/5.0 (Macintosh; Intel Mac OS X 10_15_7) AppleWebKit/537.36 (KHTML, like Gecko) Chrome/145.0.0.0 Safari/537.36 (compatible; meta-externalagent/1.1 (+https://developers.facebook.com/docs/sharing/webmasters/crawler))" "-"
40.77.167.0 - - [18/Aug/2026:03:30:21 +0200] "GET /?shop/items/C33932219108/ HTTP/1.1" 200 803847 cultureloisirs.club "-" "Mozilla/5.0 AppleWebKit/537.36 (KHTML, like Gecko; compatible; bingbot/2.0; +http://www.bing.com/bingbot.htm) Chrome/116.0.1938.76 Safari/537.36" "-"
66.249.66.0 - - [18/Aug/2026:03:30:22 +0200] "GET /?shop/items/K40856173954/ HTTP/1.1" 200 792482 cultureloisirs.club "-" "Mozilla/5.0 (Linux; Android 6.0.1; Nexus 5X Build/MMB29P) AppleWebKit/537.36 (KHTML, like Gecko) Chrome/151.0.7922.137 Mobile Safari/537.36 (compatible; Googlebot/2.1; +http://www.google.com/bot.html)" "-"
40.77.167.0 - - [18/Aug/2026:03:30:22 +0200] "GET /?shop/items/C33932132197/ HTTP/1.1" 200 801793 cultureloisirs.club "-" "Mozilla/5.0 AppleWebKit/537.36 (KHTML, like Gecko; compatible; bingbot/2.0; +http://www.bing.com/bingbot.htm) Chrome/116.0.1938.76 Safari/537.36" "-"
40.77.167.0 - - [18/Aug/2026:03:30:24 +0200] "GET /?shop/items/C33932238154/ HTTP/1.1" 200 793585 cultureloisirs.club "-" "Mozilla/5.0 AppleWebKit/537.36 (KHTML, like Gecko; compatible; bingbot/2.0; +http://www.bing.com/bingbot.htm) Chrome/116.0.1938.76 Safari/537.36" "-"
2a03:2880:f800:: - - [18/Aug/2026:03:30:31 +0200] "GET /?h=2407745394195 HTTP/1.1" 200 51727 cultureloisirs.club "-" "Mozilla/5.0 (Macintosh; Intel Mac OS X 10_15_7) AppleWebKit/537.36 (KHTML, like Gecko) Chrome/145.0.0.0 Safari/537.36 (compatible; meta-externalagent/1.1 (+https://developers.facebook.com/docs/sharing/webmasters/crawler))" "-"
2a03:2880:f800:: - - [18/Aug/2026:03:30:41 +0200] "GET /?h=08624243893686 HTTP/1.1" 200 51726 cultureloisirs.club "-" "Mozilla/5.0 (Windows NT 10.0; Win64; x64) AppleWebKit/537.36 (KHTML, like Gecko) Chrome/145.0.0.0 Safari/537.36 (compatible; meta-externalagent/1.1 (+https://developers.facebook.com/docs/sharing/webmasters/crawler))" "-"
66.249.66.0 - - [18/Aug/2026:03:30:41 +0200] "GET /?shop/items/P71411119151/ HTTP/1.1" 200 785190 cultureloisirs.club "-" "Mozilla/5.0 (Linux; Android 6.0.1; Nexus 5X Build/MMB29P) AppleWebKit/537.36 (KHTML, like Gecko) Chrome/151.0.7922.137 Mobile Safari/537.36 (compatible; Googlebot/2.1; +http://www.google.com/bot.html)" "-"
66.249.66.0 - - [18/Aug/2026:03:30:44 +0200] "GET /detail.php?shop/items/B2688546725/ HTTP/1.1" 200 202655 cultureloisirs.club "-" "Mozilla/5.0 (Linux; Android 6.0.1; Nexus 5X Build/MMB29P) AppleWebKit/537.36 (KHTML, like Gecko) Chrome/151.0.7922.137 Mobile Safari/537.36 (compatible; Googlebot/2.1; +http://www.google.com/bot.html)" "-"
66.249.66.0 - - [18/Aug/2026:03:30:44 +0200] "GET /?shop/items/Y12998219133/ HTTP/1.1" 200 834929 cultureloisirs.club "-" "Mozilla/5.0 (Linux; Android 6.0.1; Nexus 5X Build/MMB29P) AppleWebKit/537.36 (KHTML, like Gecko) Chrome/151.0.7922.137 Mobile Safari/537.36 (compatible; Googlebot/2.1; +http://www.google.com/bot.html)" "-"
74.7.243.0 - - [18/Aug/2026:03:30:45 +0200] "GET /?lokasie=/etc/e2scrub.conf&loknya=/etc HTTP/1.1" 200 4640 cultureloisirs.club "https://cultureloisirs.club/?loknya=/etc" "Mozilla/5.0 AppleWebKit/537.36 (KHTML, like Gecko; compatible; GPTBot/1.4; +https://openai.com/gptbot)" "-"
2a03:2880:f800:: - - [18/Aug/2026:03:30:50 +0200] "GET /sitemap431.xml HTTP/1.1" 200 51727 cultureloisirs.club "-" "Mozilla/5.0 (Macintosh; Intel Mac OS X 10_15_7) AppleWebKit/537.36 (KHTML, like Gecko) Chrome/145.0.0.0 Safari/537.36 (compatible; meta-externalagent/1.1 (+https://developers.facebook.com/docs/sharing/webmasters/crawler))" "-"
66.249.66.0 - - [18/Aug/2026:03:30:51 +0200] "GET /?shop/items/C3393275128/ HTTP/1.1" 200 827925 cultureloisirs.club "-" "Mozilla/5.0 (Linux; Android 6.0.1; Nexus 5X Build/MMB29P) AppleWebKit/537.36 (KHTML, like Gecko) Chrome/151.0.7922.137 Mobile Safari/537.36 (compatible; Googlebot/2.1; +http://www.google.com/bot.html)" "-"
2a03:2880:f800:: - - [18/Aug/2026:03:30:58 +0200] "GET /?h=02132331653305 HTTP/1.1" 200 51727 cultureloisirs.club "-" "Mozilla/5.0 (X11; Linux x86_64) AppleWebKit/537.36 (KHTML, like Gecko) Chrome/145.0.0.0 Safari/537.36 (compatible; meta-externalagent/1.1 (+https://developers.facebook.com/docs/sharing/webmasters/crawler))" "-"
66.249.66.0 - - [18/Aug/2026:03:30:58 +0200] "GET /?shop/items/P71411251949/ HTTP/1.1" 200 837725 cultureloisirs.club "-" "Mozilla/5.0 (Linux; Android 6.0.1; Nexus 5X Build/MMB29P) AppleWebKit/537.36 (KHTML, like Gecko) Chrome/151.0.7922.137 Mobile Safari/537.36 (compatible; Googlebot/2.1; +http://www.google.com/bot.html)" "-"
2a03:2880:f800:: - - [18/Aug/2026:03:31:05 +0200] "GET /?shop/items/H56011237246/ HTTP/1.1" 200 51727 cultureloisirs.club "-" "Mozilla/5.0 (Windows NT 10.0; Win64; x64) AppleWebKit/537.36 (KHTML, like Gecko) Chrome/145.0.0.0 Safari/537.36 (compatible; meta-externalagent/1.1 (+https://developers.facebook.com/docs/sharing/webmasters/crawler))" "-"
66.249.66.0 - - [18/Aug/2026:03:31:06 +0200] "GET /?shop/items/U61302119246/ HTTP/1.1" 200 823080 cultureloisirs.club "-" "Mozilla/5.0 (Linux; Android 6.0.1; Nexus 5X Build/MMB29P) AppleWebKit/537.36 (KHTML, like Gecko) Chrome/151.0.7922.137 Mobile Safari/537.36 (compatible; Googlebot/2.1; +http://www.google.com/bot.html)" "-"
74.7.243.0 - - [18/Aug/2026:03:31:11 +0200] "GET /?loknya=/lib/ruby/2.7.0/pstore HTTP/1.1" 200 6518 cultureloisirs.club "https://cultureloisirs.club/?loknya=/lib/ruby/2.7.0" "Mozilla/5.0 AppleWebKit/537.36 (KHTML, like Gecko; compatible; GPTBot/1.4; +https://openai.com/gptbot)" "-"
2a03:2880:f800:: - - [18/Aug/2026:03:31:13 +0200] "GET /?shop/items/M26922201661/ HTTP/1.1" 200 51727 cultureloisirs.club "-" "Mozilla/5.0 (Macintosh; Intel Mac OS X 10_15_7) AppleWebKit/537.36 (KHTML, like Gecko) Chrome/145.0.0.0 Safari/537.36 (compatible; meta-externalagent/1.1 (+https://developers.facebook.com/docs/sharing/webmasters/crawler))" "-"
66.249.66.0 - - [18/Aug/2026:03:31:16 +0200] "GET /?shop/items/K40856102309/ HTTP/1.1" 200 786678 cultureloisirs.club "-" "Mozilla/5.0 (Linux; Android 6.0.1; Nexus 5X Build/MMB29P) AppleWebKit/537.36 (KHTML, like Gecko) Chrome/151.0.7922.137 Mobile Safari/537.36 (compatible; Googlebot/2.1; +http://www.google.com/bot.html)" "-"
2a03:2880:f800:: - - [18/Aug/2026:03:31:20 +0200] "GET /?shop/items/Y12998238745/ HTTP/1.1" 200 51727 cultureloisirs.club "-" "Mozilla/5.0 (Macintosh; Intel Mac OS X 10_15_7) AppleWebKit/537.36 (KHTML, like Gecko) Chrome/145.0.0.0 Safari/537.36 (compatible; meta-externalagent/1.1 (+https://developers.facebook.com/docs/sharing/webmasters/crawler))" "-"
2a03:2880:f800:: - - [18/Aug/2026:03:31:26 +0200] "GET /?shop/items/P3225545335/ HTTP/1.1" 200 51727 cultureloisirs.club "-" "Mozilla/5.0 (Windows NT 10.0; Win64; x64) AppleWebKit/537.36 (KHTML, like Gecko) Chrome/145.0.0.0 Safari/537.36 (compatible; meta-externalagent/1.1 (+https://developers.facebook.com/docs/sharing/webmasters/crawler))" "-"
2a03:2880:f800:: - - [18/Aug/2026:03:31:31 +0200] "GET /?shop/items/H5601181893/ HTTP/1.1" 200 51727 cultureloisirs.club "-" "Mozilla/5.0 (Windows NT 10.0; Win64; x64) AppleWebKit/537.36 (KHTML, like Gecko) Chrome/145.0.0.0 Safari/537.36 (compatible; meta-externalagent/1.1 (+https://developers.facebook.com/docs/sharing/webmasters/crawler))" "-"
74.7.243.0 - - [18/Aug/2026:03:31:33 +0200] "GET /?loknya=/lib/ruby/2.7.0/digest HTTP/1.1" 200 6506 cultureloisirs.club "https://cultureloisirs.club/?loknya=/lib/ruby/2.7.0" "Mozilla/5.0 AppleWebKit/537.36 (KHTML, like Gecko; compatible; GPTBot/1.4; +https://openai.com/gptbot)" "-"
2a03:2880:f800:: - - [18/Aug/2026:03:31:37 +0200] "GET /?shop/items/M26922270259/ HTTP/1.1" 200 51726 cultureloisirs.club "-" "Mozilla/5.0 (Macintosh; Intel Mac OS X 10_15_7) AppleWebKit/537.36 (KHTML, like Gecko) Chrome/145.0.0.0 Safari/537.36 (compatible; meta-externalagent/1.1 (+https://developers.facebook.com/docs/sharing/webmasters/crawler))" "-"
2a03:2880:f800:: - - [18/Aug/2026:03:31:42 +0200] "GET /?shop/items/U6130217636/ HTTP/1.1" 200 51727 cultureloisirs.club "-" "Mozilla/5.0 (Windows NT 10.0; Win64; x64) AppleWebKit/537.36 (KHTML, like Gecko) Chrome/145.0.0.0 Safari/537.36 (compatible; meta-externalagent/1.1 (+https://developers.facebook.com/docs/sharing/webmasters/crawler))" "-"
2a03:2880:f800:: - - [18/Aug/2026:03:31:47 +0200] "GET /?shop/items/U6130271749/ HTTP/1.1" 200 51727 cultureloisirs.club "-" "Mozilla/5.0 (Windows NT 10.0; Win64; x64) AppleWebKit/537.36 (KHTML, like Gecko) Chrome/145.0.0.0 Safari/537.36 (compatible; meta-externalagent/1.1 (+https://developers.facebook.com/docs/sharing/webmasters/crawler))" "-"
2a03:2880:f800:: - - [18/Aug/2026:03:31:51 +0200] "GET /?shop/items/P71411280275/ HTTP/1.1" 200 51726 cultureloisirs.club "-" "Mozilla/5.0 (Windows NT 10.0; Win64; x64) AppleWebKit/537.36 (KHTML, like Gecko) Chrome/145.0.0.0 Safari/537.36 (compatible; meta-externalagent/1.1 (+https://developers.facebook.com/docs/sharing/webmasters/crawler))" "-"
74.7.243.0 - - [18/Aug/2026:03:31:53 +0200] "GET /?loknya=/usr/lib/x86_64-linux-gnu/perl/5.32/auto/threads HTTP/1.1" 429 267 cultureloisirs.club "https://cultureloisirs.club/?loknya=/usr/lib/x86_64-linux-gnu/perl/5.32/auto" "Mozilla/5.0 AppleWebKit/537.36 (KHTML, like Gecko; compatible; GPTBot/1.4; +https://openai.com/gptbot)" "-"
2a03:2880:f800:: - - [18/Aug/2026:03:31:56 +0200] "GET /?shop/items/K3604685885/ HTTP/1.1" 200 51727 cultureloisirs.club "-" "Mozilla/5.0 (Windows NT 10.0; Win64; x64) AppleWebKit/537.36 (KHTML, like Gecko) Chrome/145.0.0.0 Safari/537.36 (compatible; meta-externalagent/1.1 (+https://developers.facebook.com/docs/sharing/webmasters/crawler))" "-"
66.249.66.0 - - [18/Aug/2026:03:31:57 +0200] "GET /?shop/items/M26922140106/ HTTP/1.1" 200 796868 cultureloisirs.club "-" "Mozilla/5.0 (Linux; Android 6.0.1; Nexus 5X Build/MMB29P) AppleWebKit/537.36 (KHTML, like Gecko) Chrome/151.0.7922.137 Mobile Safari/537.36 (compatible; Googlebot/2.1; +http://www.google.com/bot.html)" "-"
2a03:2880:f800:: - - [18/Aug/2026:03:32:00 +0200] "GET /?shop/items/C3393269314/ HTTP/1.1" 200 51727 cultureloisirs.club "-" "Mozilla/5.0 (Macintosh; Intel Mac OS X 10_15_7) AppleWebKit/537.36 (KHTML, like Gecko) Chrome/145.0.0.0 Safari/537.36 (compatible; meta-externalagent/1.1 (+https://developers.facebook.com/docs/sharing/webmasters/crawler))" "-"
2a03:2880:f800:: - - [18/Aug/2026:03:32:05 +0200] "GET /?shop/items/U6130226062/ HTTP/1.1" 429 267 cultureloisirs.club "-" "Mozilla/5.0 (Windows NT 10.0; Win64; x64) AppleWebKit/537.36 (KHTML, like Gecko) Chrome/145.0.0.0 Safari/537.36 (compatible; meta-externalagent/1.1 (+https://developers.facebook.com/docs/sharing/webmasters/crawler))" "-"
66.249.66.0 - - [18/Aug/2026:03:32:05 +0200] "GET /?shop/items/H5601124084/ HTTP/1.1" 200 824593 cultureloisirs.club "-" "Mozilla/5.0 (Linux; Android 6.0.1; Nexus 5X Build/MMB29P) AppleWebKit/537.36 (KHTML, like Gecko) Chrome/151.0.7922.137 Mobile Safari/537.36 (compatible; Googlebot/2.1; +http://www.google.com/bot.html)" "-"
2a03:2880:f800:: - - [18/Aug/2026:03:32:08 +0200] "GET /?shop/items/C3393291880/ HTTP/1.1" 429 267 cultureloisirs.club "-" "Mozilla/5.0 (Macintosh; Intel Mac OS X 10_15_7) AppleWebKit/537.36 (KHTML, like Gecko) Chrome/145.0.0.0 Safari/537.36 (compatible; meta-externalagent/1.1 (+https://developers.facebook.com/docs/sharing/webmasters/crawler))" "-"
2a03:2880:f800:: - - [18/Aug/2026:03:32:09 +0200] "GET /?shop/items/C339329440/ HTTP/1.1" 429 267 cultureloisirs.club "-" "Mozilla/5.0 (Windows NT 10.0; Win64; x64) AppleWebKit/537.36 (KHTML, like Gecko) Chrome/145.0.0.0 Safari/537.36 (compatible; meta-externalagent/1.1 (+https://developers.facebook.com/docs/sharing/webmasters/crawler))" "-"
74.7.243.0 - - [18/Aug/2026:03:32:12 +0200] "GET /?loknya=/usr/lib/x86_64-linux-gnu/perl/5.32/auto/POSIX HTTP/1.1" 429 267 cultureloisirs.club "https://cultureloisirs.club/?loknya=/usr/lib/x86_64-linux-gnu/perl/5.32/auto" "Mozilla/5.0 AppleWebKit/537.36 (KHTML, like Gecko; compatible; GPTBot/1.4; +https://openai.com/gptbot)" "-"
2a03:2880:f800:: - - [18/Aug/2026:03:32:14 +0200] "GET /?shop/items/H5601117953/ HTTP/1.1" 429 267 cultureloisirs.club "-" "Mozilla/5.0 (Windows NT 10.0; Win64; x64) AppleWebKit/537.36 (KHTML, like Gecko) Chrome/145.0.0.0 Safari/537.36 (compatible; meta-externalagent/1.1 (+https://developers.facebook.com/docs/sharing/webmasters/crawler))" "-"
2a03:2880:f800:: - - [18/Aug/2026:03:32:14 +0200] "GET /?shop/items/F73949216976/ HTTP/1.1" 429 267 cultureloisirs.club "-" "Mozilla/5.0 (Windows NT 10.0; Win64; x64) AppleWebKit/537.36 (KHTML, like Gecko) Chrome/145.0.0.0 Safari/537.36 (compatible; meta-externalagent/1.1 (+https://developers.facebook.com/docs/sharing/webmasters/crawler))" "-"
66.249.66.0 - - [18/Aug/2026:03:32:14 +0200] "GET /?shop/items/Y12998116988/ HTTP/1.1" 200 837566 cultureloisirs.club "-" "Mozilla/5.0 (Linux; Android 6.0.1; Nexus 5X Build/MMB29P) AppleWebKit/537.36 (KHTML, like Gecko) Chrome/151.0.7922.137 Mobile Safari/537.36 (compatible; Googlebot/2.1; +http://www.google.com/bot.html)" "-"
2a03:2880:f800:: - - [18/Aug/2026:03:32:20 +0200] "GET /?shop/items/C33932233236/ HTTP/1.1" 429 267 cultureloisirs.club "-" "Mozilla/5.0 (Macintosh; Intel Mac OS X 10_15_7) AppleWebKit/537.36 (KHTML, like Gecko) Chrome/145.0.0.0 Safari/537.36 (compatible; meta-externalagent/1.1 (+https://developers.facebook.com/docs/sharing/webmasters/crawler))" "-"
2a03:2880:f800:: - - [18/Aug/2026:03:32:21 +0200] "GET /?shop/items/M26922277373/ HTTP/1.1" 429 267 cultureloisirs.club "-" "Mozilla/5.0 (Windows NT 10.0; Win64; x64) AppleWebKit/537.36 (KHTML, like Gecko) Chrome/145.0.0.0 Safari/537.36 (compatible; meta-externalagent/1.1 (+https://developers.facebook.com/docs/sharing/webmasters/crawler))" "-"
2a03:2880:f800:: - - [18/Aug/2026:03:32:28 +0200] "GET /?shop/items/P3225559429/ HTTP/1.1" 429 267 cultureloisirs.club "-" "Mozilla/5.0 (Windows NT 10.0; Win64; x64) AppleWebKit/537.36 (KHTML, like Gecko) Chrome/145.0.0.0 Safari/537.36 (compatible; meta-externalagent/1.1 (+https://developers.facebook.com/docs/sharing/webmasters/crawler))" "-"
2a03:2880:f800:: - - [18/Aug/2026:03:32:29 +0200] "GET /?h=58189892158937 HTTP/1.1" 429 267 cultureloisirs.club "-" "Mozilla/5.0 (Windows NT 10.0; Win64; x64) AppleWebKit/537.36 (KHTML, like Gecko) Chrome/145.0.0.0 Safari/537.36 (compatible; meta-externalagent/1.1 (+https://developers.facebook.com/docs/sharing/webmasters/crawler))" "-"
2a03:2880:f800:: - - [18/Aug/2026:03:32:38 +0200] "GET /?shop/items/P71411107138/ HTTP/1.1" 429 267 cultureloisirs.club "-" "Mozilla/5.0 (Windows NT 10.0; Win64; x64) AppleWebKit/537.36 (KHTML, like Gecko) Chrome/145.0.0.0 Safari/537.36 (compatible; meta-externalagent/1.1 (+https://developers.facebook.com/docs/sharing/webmasters/crawler))" "-"
2a03:2880:f800:: - - [18/Aug/2026:03:32:40 +0200] "GET /?shop/items/P32255214313/ HTTP/1.1" 429 267 cultureloisirs.club "-" "Mozilla/5.0 (Windows NT 10.0; Win64; x64) AppleWebKit/537.36 (KHTML, like Gecko) Chrome/145.0.0.0 Safari/537.36 (compatible; meta-externalagent/1.1 (+https://developers.facebook.com/docs/sharing/webmasters/crawler))" "-"
2a03:2880:f800:: - - [18/Aug/2026:03:32:41 +0200] "GET /?shop/items/P71411130251/ HTTP/1.1" 429 267 cultureloisirs.club "-" "Mozilla/5.0 (Windows NT 10.0; Win64; x64) AppleWebKit/537.36 (KHTML, like Gecko) Chrome/145.0.0.0 Safari/537.36 (compatible; meta-externalagent/1.1 (+https://developers.facebook.com/docs/sharing/webmasters/crawler))" "-"
2001:41d0:600:: - - [18/Aug/2026:03:32:43 +0200] "GET /robots.txt HTTP/1.1" 200 84 www.cultureloisirs.club "-" "Mozilla/5.0 (compatible; MJ12bot/v1.4.8; http://mj12bot.com/)" "-"
2a03:2880:f800:: - - [18/Aug/2026:03:32:45 +0200] "GET / HTTP/1.1" 429 267 cultureloisirs.club "-" "facebookexternalhit/1.1 (+http://www.facebook.com/externalhit_uatext.php)" "-"
2001:41d0:600:: - - [18/Aug/2026:03:32:47 +0200] "GET /?lokasie=/homepages/11/d4298920294/htdocs/wordpress/.opcache/.htaccess&loknya=/homepages/11/d4298920294/htdocs/wordpress/.opcache HTTP/1.1" 200 4480 www.cultureloisirs.club "-" "Mozilla/5.0 (compatible; MJ12bot/v1.4.8; http://mj12bot.com/)" "-"
