2a03:2880:f800:: - - [18/Aug/2026:00:25:09 +0200] "GET /?shop/items/Y1299827182/ HTTP/1.1" 429 267 cultureloisirs.club "-" "Mozilla/5.0 (Windows NT 10.0; Win64; x64) AppleWebKit/537.36 (KHTML, like Gecko) Chrome/145.0.0.0 Safari/537.36 (compatible; meta-externalagent/1.1 (+https://developers.facebook.com/docs/sharing/webmasters/crawler))" "-"
45.227.253.0 - - [18/Aug/2026:00:25:10 +0200] "GET /wp-admin/includes/includes/index.php?of=1 HTTP/1.1" 200 5710 cultureloisirs.club "-" "Mozilla/5.0 (Linux; Android 10; Z832 Build/MMB29M) AppleWebKit/537.36 (KHTML, like Gecko) Chrome/85.0.4183.83 Mobile Safari/537.36" "-"
216.73.217.0 - - [18/Aug/2026:00:25:10 +0200] "GET /index.php?lokasie=%2Fhomepages%2F11%2Fd4298920294%2Fhtdocs%2Fwordpress%2Fwp-includes%2Fconnectors.php&loknya=%2Fhomepages%2F11%2Fd4298920294%2Fhtdocs%2Fwordpress%2Fwp-includes HTTP/1.1" 200 31560 cultureloisirs.club "-" "Mozilla/5.0 AppleWebKit/537.36 (KHTML, like Gecko; compatible; ClaudeBot/1.0; +claudebot@anthropic.com)" "-"
2a03:2880:f800:: - - [18/Aug/2026:00:25:11 +0200] "GET /?h=7557307463123 HTTP/1.1" 429 267 cultureloisirs.club "-" "Mozilla/5.0 (X11; Linux x86_64) AppleWebKit/537.36 (KHTML, like Gecko) Chrome/145.0.0.0 Safari/537.36 (compatible; meta-externalagent/1.1 (+https://developers.facebook.com/docs/sharing/webmasters/crawler))" "-"
216.73.217.0 - - [18/Aug/2026:00:25:15 +0200] "GET /sitemap.xml?lokasie=%2Fhomepages%2F11%2Fd4298920294%2Fhtdocs%2Fwordpress%2Fwp-admin%2Fcss%2Fsite-icon.css&loknya=%2Fhomepages%2F11%2Fd4298920294%2Fhtdocs%2Fwordpress%2Fwp-admin%2Fcss HTTP/1.1" 200 9034 cultureloisirs.club "-" "Mozilla/5.0 AppleWebKit/537.36 (KHTML, like Gecko; compatible; ClaudeBot/1.0; +claudebot@anthropic.com)" "-"
216.73.217.0 - - [18/Aug/2026:00:25:20 +0200] "GET /sitemap.xml?lokasie=%2Fhomepages%2F11%2Fd4298920294%2Fhtdocs%2Fwordpress%2Fwp-includes%2Fclass-requests.php&loknya=%2Fhomepages%2F11%2Fd4298920294%2Fhtdocs%2Fwordpress%2Fwp-includes HTTP/1.1" 200 6670 cultureloisirs.club "-" "Mozilla/5.0 AppleWebKit/537.36 (KHTML, like Gecko; compatible; ClaudeBot/1.0; +claudebot@anthropic.com)" "-"
2a03:2880:f800:: - - [18/Aug/2026:00:25:22 +0200] "GET /?shop/items/U61302273925/ HTTP/1.1" 429 267 cultureloisirs.club "-" "Mozilla/5.0 (X11; Linux x86_64) AppleWebKit/537.36 (KHTML, like Gecko) Chrome/145.0.0.0 Safari/537.36 (compatible; meta-externalagent/1.1 (+https://developers.facebook.com/docs/sharing/webmasters/crawler))" "-"
2a03:2880:f800:: - - [18/Aug/2026:00:25:23 +0200] "GET /?shop/items/U61302203411/ HTTP/1.1" 429 267 cultureloisirs.club "-" "Mozilla/5.0 (Windows NT 10.0; Win64; x64) AppleWebKit/537.36 (KHTML, like Gecko) Chrome/145.0.0.0 Safari/537.36 (compatible; meta-externalagent/1.1 (+https://developers.facebook.com/docs/sharing/webmasters/crawler))" "-"
2a03:2880:f800:: - - [18/Aug/2026:00:25:24 +0200] "GET /?h=72591041391562 HTTP/1.1" 429 267 cultureloisirs.club "-" "Mozilla/5.0 (Windows NT 10.0; Win64; x64) AppleWebKit/537.36 (KHTML, like Gecko) Chrome/145.0.0.0 Safari/537.36 (compatible; meta-externalagent/1.1 (+https://developers.facebook.com/docs/sharing/webmasters/crawler))" "-"
216.73.217.0 - - [18/Aug/2026:00:25:25 +0200] "GET /sitemap.xml?loknya=%2Flib%2Fmc HTTP/1.1" 200 14380 cultureloisirs.club "-" "Mozilla/5.0 AppleWebKit/537.36 (KHTML, like Gecko; compatible; ClaudeBot/1.0; +claudebot@anthropic.com)" "-"
45.227.253.0 - - [18/Aug/2026:00:25:30 +0200] "GET /images/images/images/images/index.php?of=1 HTTP/1.1" 200 5357 cultureloisirs.club "-" "Mozilla/5.0 (Macintosh; Intel Mac OS X 10.15; rv:103.0) Gecko/20100101 Firefox/103.0" "-"
216.73.217.0 - - [18/Aug/2026:00:25:30 +0200] "GET /index.php?lokasie=%2Fhomepages%2F11%2Fd4298920294%2Fhtdocs%2Fwordpress%2Fwp-admin%2Foptions-discussion.php&loknya=%2Fhomepages%2F11%2Fd4298920294%2Fhtdocs%2Fwordpress%2Fwp-admin HTTP/1.1" 200 26551 cultureloisirs.club "-" "Mozilla/5.0 AppleWebKit/537.36 (KHTML, like Gecko; compatible; ClaudeBot/1.0; +claudebot@anthropic.com)" "-"
2a03:2880:f800:: - - [18/Aug/2026:00:25:34 +0200] "GET /sitemap69.xml HTTP/1.1" 429 267 cultureloisirs.club "-" "Mozilla/5.0 (Macintosh; Intel Mac OS X 10_15_7) AppleWebKit/537.36 (KHTML, like Gecko) Chrome/145.0.0.0 Safari/537.36 (compatible; meta-externalagent/1.1 (+https://developers.facebook.com/docs/sharing/webmasters/crawler))" "-"
216.73.217.0 - - [18/Aug/2026:00:25:35 +0200] "GET /index.php?lokasie=%2Fhomepages%2F11%2Fd4298920294%2Fhtdocs%2Fwordpress%2Fwp-admin%2Fms-sites.php&loknya=%2Fhomepages%2F11%2Fd4298920294%2Fhtdocs%2Fwordpress%2Fwp-admin HTTP/1.1" 200 4563 cultureloisirs.club "-" "Mozilla/5.0 AppleWebKit/537.36 (KHTML, like Gecko; compatible; ClaudeBot/1.0; +claudebot@anthropic.com)" "-"
2a03:2880:f800:: - - [18/Aug/2026:00:25:37 +0200] "GET /?shop/items/M26922236284/ HTTP/1.1" 429 267 cultureloisirs.club "-" "Mozilla/5.0 (Windows NT 10.0; Win64; x64) AppleWebKit/537.36 (KHTML, like Gecko) Chrome/145.0.0.0 Safari/537.36 (compatible; meta-externalagent/1.1 (+https://developers.facebook.com/docs/sharing/webmasters/crawler))" "-"
2a03:2880:f800:: - - [18/Aug/2026:00:25:40 +0200] "GET /?shop/items/P71411115368/ HTTP/1.1" 429 267 cultureloisirs.club "-" "Mozilla/5.0 (Windows NT 10.0; Win64; x64) AppleWebKit/537.36 (KHTML, like Gecko) Chrome/145.0.0.0 Safari/537.36 (compatible; meta-externalagent/1.1 (+https://developers.facebook.com/docs/sharing/webmasters/crawler))" "-"
216.73.217.0 - - [18/Aug/2026:00:25:40 +0200] "GET /sitemap.xml?lokasie=%2Fhomepages%2F11%2Fd4298920294%2Fhtdocs%2Fwordpress%2Fwp-includes%2Fclass.wp-dependencies.php&loknya=%2Fhomepages%2F11%2Fd4298920294%2Fhtdocs%2Fwordpress%2Fwp-includes HTTP/1.1" 200 4763 cultureloisirs.club "-" "Mozilla/5.0 AppleWebKit/537.36 (KHTML, like Gecko; compatible; ClaudeBot/1.0; +claudebot@anthropic.com)" "-"
2a03:2880:f800:: - - [18/Aug/2026:00:25:42 +0200] "GET /?h=76088493819502 HTTP/1.1" 429 267 cultureloisirs.club "-" "Mozilla/5.0 (Macintosh; Intel Mac OS X 10_15_7) AppleWebKit/537.36 (KHTML, like Gecko) Chrome/145.0.0.0 Safari/537.36 (compatible; meta-externalagent/1.1 (+https://developers.facebook.com/docs/sharing/webmasters/crawler))" "-"
74.7.243.0 - - [18/Aug/2026:00:25:43 +0200] "GET /?lokasie=/lib/mc//mc.csh&loknya=/lib/mc/ HTTP/1.1" 200 4031 cultureloisirs.club "https://cultureloisirs.club/?loknya=/lib/mc/" "Mozilla/5.0 AppleWebKit/537.36 (KHTML, like Gecko; compatible; GPTBot/1.4; +https://openai.com/gptbot)" "-"
216.73.217.0 - - [18/Aug/2026:00:25:45 +0200] "GET /sitemap.xml?loknya=%2Fmnt HTTP/1.1" 200 6984 cultureloisirs.club "-" "Mozilla/5.0 AppleWebKit/537.36 (KHTML, like Gecko; compatible; ClaudeBot/1.0; +claudebot@anthropic.com)" "-"
66.249.66.0 - - [18/Aug/2026:00:25:49 +0200] "GET /?q=p4r3e2f4e5r2r2e3r388 HTTP/1.1" 200 51720 cultureloisirs.club "-" "Mozilla/5.0 (Linux; Android 6.0.1; Nexus 5X Build/MMB29P) AppleWebKit/537.36 (KHTML, like Gecko) Chrome/151.0.7922.137 Mobile Safari/537.36 (compatible; GoogleOther)" "-"
45.227.253.0 - - [18/Aug/2026:00:25:50 +0200] "GET /wp-admin/network/network/index.php?of=1 HTTP/1.1" 403 15 cultureloisirs.club "-" "Mozilla/5.0 (Macintosh; Intel Mac OS X 10.13; rv:103.0) Gecko/20100101 Firefox/101.0" "-"
45.227.253.0 - - [18/Aug/2026:00:25:50 +0200] "GET /wp-content/plugins/wp-file-manager/lib/codemirror/mode/cmake/cmake/index.php?of=1 HTTP/1.1" 200 6000 cultureloisirs.club "-" "Mozilla/5.0 (Windows NT 6.2; WOW64; rv:73.0) Gecko/20100101 Firefox/73.0" "-"
216.73.217.0 - - [18/Aug/2026:00:25:50 +0200] "GET /sitemap.xml?lokasie=%2Fhomepages%2F11%2Fd4298920294%2Fhtdocs%2Fwordpress%2Fwp-admin%2Fexport.php&loknya=%2Fhomepages%2F11%2Fd4298920294%2Fhtdocs%2Fwordpress%2Fwp-admin HTTP/1.1" 200 19614 cultureloisirs.club "-" "Mozilla/5.0 AppleWebKit/537.36 (KHTML, like Gecko; compatible; ClaudeBot/1.0; +claudebot@anthropic.com)" "-"
66.249.66.0 - - [18/Aug/2026:00:25:51 +0200] "GET /?q=e1m4i2c2t6o8r4y110 HTTP/1.1" 200 51721 cultureloisirs.club "-" "Mozilla/5.0 (Linux; Android 6.0.1; Nexus 5X Build/MMB29P) AppleWebKit/537.36 (KHTML, like Gecko) Chrome/151.0.7922.137 Mobile Safari/537.36 (compatible; GoogleOther)" "-"
216.73.217.0 - - [18/Aug/2026:00:25:55 +0200] "GET /sitemap.xml?lokasie=%2Fhomepages%2F11%2Fd4298920294%2Fhtdocs%2Fwordpress%2Fwp-includes%2Fclass.wp-styles.php&loknya=%2Fhomepages%2F11%2Fd4298920294%2Fhtdocs%2Fwordpress%2Fwp-includes HTTP/1.1" 200 4722 cultureloisirs.club "-" "Mozilla/5.0 AppleWebKit/537.36 (KHTML, like Gecko; compatible; ClaudeBot/1.0; +claudebot@anthropic.com)" "-"
2a03:2880:f800:: - - [18/Aug/2026:00:26:00 +0200] "GET /?shop/items/C33932257514/ HTTP/1.1" 200 51727 cultureloisirs.club "-" "Mozilla/5.0 (Windows NT 10.0; Win64; x64) AppleWebKit/537.36 (KHTML, like Gecko) Chrome/145.0.0.0 Safari/537.36 (compatible; meta-externalagent/1.1 (+https://developers.facebook.com/docs/sharing/webmasters/crawler))" "-"
216.73.217.0 - - [18/Aug/2026:00:26:00 +0200] "GET /sitemap.xml?loknya=%2Fhomepages%2F11%2Fd4298920294%2Fhtdocs%2Fwordpress%2Fwp-includes%2Fsitemaps%2Fproviders HTTP/1.1" 200 13513 cultureloisirs.club "-" "Mozilla/5.0 AppleWebKit/537.36 (KHTML, like Gecko; compatible; ClaudeBot/1.0; +claudebot@anthropic.com)" "-"
2a03:2880:f800:: - - [18/Aug/2026:00:26:05 +0200] "GET /?shop/items/F7394989412/ HTTP/1.1" 200 51727 cultureloisirs.club "-" "Mozilla/5.0 (Macintosh; Intel Mac OS X 10_15_7) AppleWebKit/537.36 (KHTML, like Gecko) Chrome/145.0.0.0 Safari/537.36 (compatible; meta-externalagent/1.1 (+https://developers.facebook.com/docs/sharing/webmasters/crawler))" "-"
198.244.168.0 - - [18/Aug/2026:00:26:06 +0200] "GET /shops/orientals/o5b1d8u6c8e407162 HTTP/1.1" 200 51723 cultureloisirs.club "-" "Mozilla/5.0 (compatible; AhrefsBot/7.0; +http://ahrefs.com/robot/)" "-"
216.73.217.0 - - [18/Aug/2026:00:26:09 +0200] "GET /sitemap.xml?loknya=%2Flib%2Fui-infong-disable-utils HTTP/1.1" 200 5133 cultureloisirs.club "-" "Mozilla/5.0 AppleWebKit/537.36 (KHTML, like Gecko; compatible; ClaudeBot/1.0; +claudebot@anthropic.com)" "-"
45.227.253.0 - - [18/Aug/2026:00:26:10 +0200] "GET /images/images/images/images/images/images/index.php?of=1 HTTP/1.1" 403 15 cultureloisirs.club "-" "Mozilla/5.0 (iPhone; CPU iPhone OS 13_5 like Mac OS X) AppleWebKit/605.1.15 (KHTML, like Gecko) Version/13.5.1 Mobile/15E148 Safari/604.1" "-"
45.227.253.0 - - [18/Aug/2026:00:26:10 +0200] "GET /wp-admin/css/colors/blue/blue/index.php?of=1 HTTP/1.1" 200 5668 cultureloisirs.club "-" "Mozilla/5.0 (Windows NT 6.3; WOW64; rv:74.0) Gecko/20100101 Firefox/74.0" "-"
216.73.217.0 - - [18/Aug/2026:00:26:13 +0200] "GET /sitemap.xml?lokasie=%2Fhomepages%2F11%2Fd4298920294%2Fhtdocs%2Fwordpress%2Fwp-admin%2Fcss%2Fmedia-rtl.css&loknya=%2Fhomepages%2F11%2Fd4298920294%2Fhtdocs%2Fwordpress%2Fwp-admin%2Fcss HTTP/1.1" 200 33292 cultureloisirs.club "-" "Mozilla/5.0 AppleWebKit/537.36 (KHTML, like Gecko; compatible; ClaudeBot/1.0; +claudebot@anthropic.com)" "-"
216.73.217.0 - - [18/Aug/2026:00:26:18 +0200] "GET /index.php?lokasie=%2Fhomepages%2F11%2Fd4298920294%2Fhtdocs%2Fwordpress%2Fwp-comments-post.php&loknya=%2Fhomepages%2F11%2Fd4298920294%2Fhtdocs%2Fwordpress HTTP/1.1" 200 6910 cultureloisirs.club "-" "Mozilla/5.0 AppleWebKit/537.36 (KHTML, like Gecko; compatible; ClaudeBot/1.0; +claudebot@anthropic.com)" "-"
216.73.217.0 - - [18/Aug/2026:00:26:23 +0200] "GET /sitemap.xml?loknya=%2Fproc%2F896242 HTTP/1.1" 200 5071 cultureloisirs.club "-" "Mozilla/5.0 AppleWebKit/537.36 (KHTML, like Gecko; compatible; ClaudeBot/1.0; +claudebot@anthropic.com)" "-"
2a03:2880:f800:: - - [18/Aug/2026:00:26:23 +0200] "GET /?shop/items/F73949182805/ HTTP/1.1" 200 51727 cultureloisirs.club "-" "Mozilla/5.0 (Windows NT 10.0; Win64; x64) AppleWebKit/537.36 (KHTML, like Gecko) Chrome/145.0.0.0 Safari/537.36 (compatible; meta-externalagent/1.1 (+https://developers.facebook.com/docs/sharing/webmasters/crawler))" "-"
216.73.217.0 - - [18/Aug/2026:00:26:28 +0200] "GET /sitemap.xml?lokasie=%2Fhomepages%2F11%2Fd4298920294%2Fhtdocs%2Fwordpress%2Fwp-includes%2Fclass-simplepie.php&loknya=%2Fhomepages%2F11%2Fd4298920294%2Fhtdocs%2Fwordpress%2Fwp-includes HTTP/1.1" 429 267 cultureloisirs.club "-" "Mozilla/5.0 AppleWebKit/537.36 (KHTML, like Gecko; compatible; ClaudeBot/1.0; +claudebot@anthropic.com)" "-"
45.227.253.0 - - [18/Aug/2026:00:26:30 +0200] "GET /images/images/images/images/index.php?of=1 HTTP/1.1" 200 5357 cultureloisirs.club "-" "Mozilla/5.0 (Windows NT 10.0; Win64; x64) AppleWebKit/537.36 (KHTML, like Gecko) Chrome/83.0.3302.140 Safari/537.36 Edge/18.18960" "-"
45.227.253.0 - - [18/Aug/2026:00:26:30 +0200] "GET /wp-admin/css/colors/colors/colors/index.php?of=1 HTTP/1.1" 200 5659 cultureloisirs.club "-" "Mozilla/5.0 (iPhone; CPU iPhone OS 12_3 like Mac OS X) AppleWebKit/605.1.15 (KHTML, like Gecko) Version/12.0.4 Mobile/15E148 Safari/604.1" "-"
216.73.217.0 - - [18/Aug/2026:00:26:33 +0200] "GET /sitemap.xml?lokasie=%2Fhomepages%2F11%2Fd4298920294%2Fhtdocs%2Fwordpress%2Fwp-admin%2Fms-users.php&loknya=%2Fhomepages%2F11%2Fd4298920294%2Fhtdocs%2Fwordpress%2Fwp-admin HTTP/1.1" 429 267 cultureloisirs.club "-" "Mozilla/5.0 AppleWebKit/537.36 (KHTML, like Gecko; compatible; ClaudeBot/1.0; +claudebot@anthropic.com)" "-"
45.227.253.0 - - [18/Aug/2026:00:26:33 +0200] "GET /wp-includes/js/plupload/plupload/plupload/index.php?of=1 HTTP/1.1" 200 5850 cultureloisirs.club "-" "Mozilla/5.0 (Windows NT 10.0; Win64; x64) AppleWebKit/537.36 (KHTML, like Gecko) Chrome/78.0.3790 Safari/537.36 Edg/78.0.142.6" "-"
216.73.217.0 - - [18/Aug/2026:00:26:38 +0200] "GET /sitemap.xml?lokasie=%2Fhomepages%2F11%2Fd4298920294%2Fhtdocs%2Fwordpress%2Fwp-includes%2Fcss%2Fclassic-themes.css&loknya=%2Fhomepages%2F11%2Fd4298920294%2Fhtdocs%2Fwordpress%2Fwp-includes%2Fcss HTTP/1.1" 429 267 cultureloisirs.club "-" "Mozilla/5.0 AppleWebKit/537.36 (KHTML, like Gecko; compatible; ClaudeBot/1.0; +claudebot@anthropic.com)" "-"
2a03:2880:f800:: - - [18/Aug/2026:00:26:39 +0200] "GET /?shop/items/M2692259996/ HTTP/1.1" 200 51727 cultureloisirs.club "-" "Mozilla/5.0 (Macintosh; Intel Mac OS X 10_15_7) AppleWebKit/537.36 (KHTML, like Gecko) Chrome/145.0.0.0 Safari/537.36 (compatible; meta-externalagent/1.1 (+https://developers.facebook.com/docs/sharing/webmasters/crawler))" "-"
216.73.217.0 - - [18/Aug/2026:00:26:43 +0200] "GET /index.php?lokasie=%2Fhomepages%2F11%2Fd4298920294%2Fhtdocs%2Fwordpress%2Fwp-includes%2Fmedia-template.php&loknya=%2Fhomepages%2F11%2Fd4298920294%2Fhtdocs%2Fwordpress%2Fwp-includes HTTP/1.1" 429 267 cultureloisirs.club "-" "Mozilla/5.0 AppleWebKit/537.36 (KHTML, like Gecko; compatible; ClaudeBot/1.0; +claudebot@anthropic.com)" "-"
74.7.243.0 - - [18/Aug/2026:00:26:46 +0200] "GET /?lokasie=/usr/bin/mariadb-find-rows&loknya=/usr/bin HTTP/1.1" 429 267 cultureloisirs.club "https://cultureloisirs.club/?loknya=/usr/bin" "Mozilla/5.0 AppleWebKit/537.36 (KHTML, like Gecko; compatible; GPTBot/1.4; +https://openai.com/gptbot)" "-"
216.73.217.0 - - [18/Aug/2026:00:26:50 +0200] "GET /index.php?lokasie=%2Fhomepages%2F11%2Fd4298920294%2Fhtdocs%2Fwordpress%2Fwp-admin%2Flink-add.php&loknya=%2Fhomepages%2F11%2Fd4298920294%2Fhtdocs%2Fwordpress%2Fwp-admin HTTP/1.1" 429 267 cultureloisirs.club "-" "Mozilla/5.0 AppleWebKit/537.36 (KHTML, like Gecko; compatible; ClaudeBot/1.0; +claudebot@anthropic.com)" "-"
2a03:2880:f800:: - - [18/Aug/2026:00:26:51 +0200] "GET /?shop/items/K3604686599/ HTTP/1.1" 200 51727 cultureloisirs.club "-" "Mozilla/5.0 (Windows NT 10.0; Win64; x64) AppleWebKit/537.36 (KHTML, like Gecko) Chrome/145.0.0.0 Safari/537.36 (compatible; meta-externalagent/1.1 (+https://developers.facebook.com/docs/sharing/webmasters/crawler))" "-"
2a03:2880:f800:: - - [18/Aug/2026:00:26:52 +0200] "GET /?h=58211213526927 HTTP/1.1" 200 51727 cultureloisirs.club "-" "Mozilla/5.0 (Macintosh; Intel Mac OS X 10_15_7) AppleWebKit/537.36 (KHTML, like Gecko) Chrome/145.0.0.0 Safari/537.36 (compatible; meta-externalagent/1.1 (+https://developers.facebook.com/docs/sharing/webmasters/crawler))" "-"
45.227.253.0 - - [18/Aug/2026:00:26:53 +0200] "GET /wp-includes/js/tinymce/tinymce/index.php?of=1 HTTP/1.1" 200 5802 cultureloisirs.club "-" "Mozilla/5.0 (Macintosh; Intel Mac OS X 10.14; rv:103.0) Gecko/20100101 Firefox/103.0" "-"
2a03:2880:f800:: - - [18/Aug/2026:00:26:54 +0200] "GET /?shop/items/K3604634842/ HTTP/1.1" 200 51727 cultureloisirs.club "-" "Mozilla/5.0 (Windows NT 10.0; Win64; x64) AppleWebKit/537.36 (KHTML, like Gecko) Chrome/145.0.0.0 Safari/537.36 (compatible; meta-externalagent/1.1 (+https://developers.facebook.com/docs/sharing/webmasters/crawler))" "-"
216.73.217.0 - - [18/Aug/2026:00:26:54 +0200] "GET /sitemap.xml?lokasie=%2Fhomepages%2F11%2Fd4298920294%2Fhtdocs%2Fwordpress%2Fwp-includes%2Fms-load.php&loknya=%2Fhomepages%2F11%2Fd4298920294%2Fhtdocs%2Fwordpress%2Fwp-includes HTTP/1.1" 429 267 cultureloisirs.club "-" "Mozilla/5.0 AppleWebKit/537.36 (KHTML, like Gecko; compatible; ClaudeBot/1.0; +claudebot@anthropic.com)" "-"
216.73.217.0 - - [18/Aug/2026:00:26:59 +0200] "GET /sitemap.xml?lokasie=%2Fhomepages%2F11%2Fd4298920294%2Fhtdocs%2Fwordpress%2Fwp-includes%2Ffeed-atom.php&loknya=%2Fhomepages%2F11%2Fd4298920294%2Fhtdocs%2Fwordpress%2Fwp-includes HTTP/1.1" 429 267 cultureloisirs.club "-" "Mozilla/5.0 AppleWebKit/537.36 (KHTML, like Gecko; compatible; ClaudeBot/1.0; +claudebot@anthropic.com)" "-"
216.73.217.0 - - [18/Aug/2026:00:27:04 +0200] "GET /sitemap.xml?lokasie=%2Fhomepages%2F11%2Fd4298920294%2Fhtdocs%2Fwordpress%2Fwp-includes%2Fclass-wp-metadata-lazyloader.php&loknya=%2Fhomepages%2F11%2Fd4298920294%2Fhtdocs%2Fwordpress%2Fwp-includes HTTP/1.1" 429 267 cultureloisirs.club "-" "Mozilla/5.0 AppleWebKit/537.36 (KHTML, like Gecko; compatible; ClaudeBot/1.0; +claudebot@anthropic.com)" "-"
2a03:2880:f800:: - - [18/Aug/2026:00:27:04 +0200] "GET /?h=97556364184189 HTTP/1.1" 200 51727 cultureloisirs.club "-" "Mozilla/5.0 (Windows NT 10.0; Win64; x64) AppleWebKit/537.36 (KHTML, like Gecko) Chrome/145.0.0.0 Safari/537.36 (compatible; meta-externalagent/1.1 (+https://developers.facebook.com/docs/sharing/webmasters/crawler))" "-"
216.73.217.0 - - [18/Aug/2026:00:27:09 +0200] "GET /sitemap.xml?lokasie=%2Fhomepages%2F11%2Fd4298920294%2Fhtdocs%2Fwordpress%2Fwp-admin%2Fuser%2Fabout.php&loknya=%2Fhomepages%2F11%2Fd4298920294%2Fhtdocs%2Fwordpress%2Fwp-admin%2Fuser HTTP/1.1" 429 267 cultureloisirs.club "-" "Mozilla/5.0 AppleWebKit/537.36 (KHTML, like Gecko; compatible; ClaudeBot/1.0; +claudebot@anthropic.com)" "-"
216.73.217.0 - - [18/Aug/2026:00:27:14 +0200] "GET /index.php?lokasie=%2Fhomepages%2F11%2Fd4298920294%2Fhtdocs%2Fwordpress%2Fwp-includes%2Fclass-wp-user-meta-session-tokens.php&loknya=%2Fhomepages%2F11%2Fd4298920294%2Fhtdocs%2Fwordpress%2Fwp-includes HTTP/1.1" 429 267 cultureloisirs.club "-" "Mozilla/5.0 AppleWebKit/537.36 (KHTML, like Gecko; compatible; ClaudeBot/1.0; +claudebot@anthropic.com)" "-"
2a03:2880:f800:: - - [18/Aug/2026:00:27:15 +0200] "GET /?h=99383954686981 HTTP/1.1" 200 51727 cultureloisirs.club "-" "Mozilla/5.0 (Windows NT 10.0; Win64; x64) AppleWebKit/537.36 (KHTML, like Gecko) Chrome/145.0.0.0 Safari/537.36 (compatible; meta-externalagent/1.1 (+https://developers.facebook.com/docs/sharing/webmasters/crawler))" "-"
216.73.217.0 - - [18/Aug/2026:00:27:19 +0200] "GET /sitemap.xml?lokasie=%2Fhomepages%2F11%2Fd4298920294%2Fhtdocs%2Fwordpress%2Fwp-includes%2Fversion.php&loknya=%2Fhomepages%2F11%2Fd4298920294%2Fhtdocs%2Fwordpress%2Fwp-includes HTTP/1.1" 429 267 cultureloisirs.club "-" "Mozilla/5.0 AppleWebKit/537.36 (KHTML, like Gecko; compatible; ClaudeBot/1.0; +claudebot@anthropic.com)" "-"
45.227.253.0 - - [18/Aug/2026:00:27:19 +0200] "GET /images/images/images/images/images/images/index.php?of=1 HTTP/1.1" 403 15 cultureloisirs.club "-" "Mozilla/5.0 (Macintosh; Intel Mac OS X 10.15; rv:103.0) Gecko/20100101 Firefox/101.0" "-"
45.227.253.0 - - [18/Aug/2026:00:27:19 +0200] "GET /461895-juejiang/?of=1 HTTP/1.1" 200 23413 cultureloisirs.club "-" "Mozilla/5.0 (Macintosh; Intel Mac OS X 10.14; rv:103.0) Gecko/20100101 Firefox/101.0" "-"
2a03:2880:f800:: - - [18/Aug/2026:00:27:23 +0200] "GET /?h=67507354869128 HTTP/1.1" 200 51727 cultureloisirs.club "-" "Mozilla/5.0 (Macintosh; Intel Mac OS X 10_15_7) AppleWebKit/537.36 (KHTML, like Gecko) Chrome/145.0.0.0 Safari/537.36 (compatible; meta-externalagent/1.1 (+https://developers.facebook.com/docs/sharing/webmasters/crawler))" "-"
216.73.217.0 - - [18/Aug/2026:00:27:24 +0200] "GET /sitemap.xml?lokasie=%2Fhomepages%2F11%2Fd4298920294%2Fhtdocs%2Fwordpress%2Fwp-includes%2Fclass-wp-dependencies.php&loknya=%2Fhomepages%2F11%2Fd4298920294%2Fhtdocs%2Fwordpress%2Fwp-includes HTTP/1.1" 429 267 cultureloisirs.club "-" "Mozilla/5.0 AppleWebKit/537.36 (KHTML, like Gecko; compatible; ClaudeBot/1.0; +claudebot@anthropic.com)" "-"
2a03:2880:f800:: - - [18/Aug/2026:00:27:30 +0200] "GET /?shop/items/U613023237/ HTTP/1.1" 200 51727 cultureloisirs.club "-" "Mozilla/5.0 (Macintosh; Intel Mac OS X 10_15_7) AppleWebKit/537.36 (KHTML, like Gecko) Chrome/145.0.0.0 Safari/537.36 (compatible; meta-externalagent/1.1 (+https://developers.facebook.com/docs/sharing/webmasters/crawler))" "-"
216.73.217.0 - - [18/Aug/2026:00:27:31 +0200] "GET /index.php?lokasie=%2Fhomepages%2F11%2Fd4298920294%2Fhtdocs%2Fwordpress%2Fwp-includes%2F.htaccess&loknya=%2Fhomepages%2F11%2Fd4298920294%2Fhtdocs%2Fwordpress%2Fwp-includes HTTP/1.1" 200 4480 cultureloisirs.club "-" "Mozilla/5.0 AppleWebKit/537.36 (KHTML, like Gecko; compatible; ClaudeBot/1.0; +claudebot@anthropic.com)" "-"
216.73.217.0 - - [18/Aug/2026:00:27:36 +0200] "GET /sitemap.xml?lokasie=%2Fhomepages%2F11%2Fd4298920294%2Fhtdocs%2Fwordpress%2Fwp-includes%2Fsitemaps%2Fclass-wp-sitemaps-renderer.php&loknya=%2Fhomepages%2F11%2Fd4298920294%2Fhtdocs%2Fwordpress%2Fwp-includes%2Fsitemaps HTTP/1.1" 200 11867 cultureloisirs.club "-" "Mozilla/5.0 AppleWebKit/537.36 (KHTML, like Gecko; compatible; ClaudeBot/1.0; +claudebot@anthropic.com)" "-"
2a03:2880:f800:: - - [18/Aug/2026:00:27:37 +0200] "GET /?h=49808781020847 HTTP/1.1" 200 51727 cultureloisirs.club "-" "Mozilla/5.0 (Macintosh; Intel Mac OS X 10_15_7) AppleWebKit/537.36 (KHTML, like Gecko) Chrome/145.0.0.0 Safari/537.36 (compatible; meta-externalagent/1.1 (+https://developers.facebook.com/docs/sharing/webmasters/crawler))" "-"
45.227.253.0 - - [18/Aug/2026:00:27:39 +0200] "GET /wp-content/uploads/2025/10/10/index.php?of=1 HTTP/1.1" 200 6429 cultureloisirs.club "-" "Mozilla/5.0 (Macintosh; Intel Mac OS X 10.15; rv:81.0) Gecko/20100101 Firefox/81.0" "-"
45.227.253.0 - - [18/Aug/2026:00:27:39 +0200] "GET /images/images/images/images/index.php?of=1 HTTP/1.1" 200 5357 cultureloisirs.club "-" "Mozilla/5.0 (iPad; U; CPU OS 4_1_3 like Mac OS X; ja) AppleWebKit/533.17.9 (KHTML, like Gecko) Version/5.0.2 Mobile/8J2 Safari/6533.18.5" "-"
216.73.217.0 - - [18/Aug/2026:00:27:41 +0200] "GET /sitemap.xml?lokasie=%2Fhomepages%2F11%2Fd4298920294%2Fhtdocs%2Fwordpress%2Fwp-includes%2Fblock-bindings.php&loknya=%2Fhomepages%2F11%2Fd4298920294%2Fhtdocs%2Fwordpress%2Fwp-includes HTTP/1.1" 200 12402 cultureloisirs.club "-" "Mozilla/5.0 AppleWebKit/537.36 (KHTML, like Gecko; compatible; ClaudeBot/1.0; +claudebot@anthropic.com)" "-"
74.7.243.0 - - [18/Aug/2026:00:27:43 +0200] "GET /?lokasie=/lib/gnupg/dirmngr_ldap&loknya=/lib/gnupg HTTP/1.1" 200 111248 cultureloisirs.club "https://cultureloisirs.club/?loknya=/lib/gnupg" "Mozilla/5.0 AppleWebKit/537.36 (KHTML, like Gecko; compatible; GPTBot/1.4; +https://openai.com/gptbot)" "-"
2a03:2880:f800:: - - [18/Aug/2026:00:27:45 +0200] "GET /?shop/items/Y1299855199/ HTTP/1.1" 200 51727 cultureloisirs.club "-" "Mozilla/5.0 (Windows NT 10.0; Win64; x64) AppleWebKit/537.36 (KHTML, like Gecko) Chrome/145.0.0.0 Safari/537.36 (compatible; meta-externalagent/1.1 (+https://developers.facebook.com/docs/sharing/webmasters/crawler))" "-"
216.73.217.0 - - [18/Aug/2026:00:27:46 +0200] "GET /sitemap.xml?lokasie=%2Fhomepages%2F11%2Fd4298920294%2Fhtdocs%2Fwordpress%2Fwp-includes%2Frevision.php&loknya=%2Fhomepages%2F11%2Fd4298920294%2Fhtdocs%2Fwordpress%2Fwp-includes HTTP/1.1" 200 37315 cultureloisirs.club "-" "Mozilla/5.0 AppleWebKit/537.36 (KHTML, like Gecko; compatible; ClaudeBot/1.0; +claudebot@anthropic.com)" "-"
2a03:2880:f800:: - - [18/Aug/2026:00:27:46 +0200] "GET /?h=79931371612213 HTTP/1.1" 200 51727 cultureloisirs.club "-" "Mozilla/5.0 (Macintosh; Intel Mac OS X 10_15_7) AppleWebKit/537.36 (KHTML, like Gecko) Chrome/145.0.0.0 Safari/537.36 (compatible; meta-externalagent/1.1 (+https://developers.facebook.com/docs/sharing/webmasters/crawler))" "-"
2a03:2880:f800:: - - [18/Aug/2026:00:27:51 +0200] "GET /?h=69475771475844 HTTP/1.1" 200 51727 cultureloisirs.club "-" "Mozilla/5.0 (Windows NT 10.0; Win64; x64) AppleWebKit/537.36 (KHTML, like Gecko) Chrome/145.0.0.0 Safari/537.36 (compatible; meta-externalagent/1.1 (+https://developers.facebook.com/docs/sharing/webmasters/crawler))" "-"
216.73.217.0 - - [18/Aug/2026:00:27:51 +0200] "GET /sitemap.xml?loknya=%2Fhomepages%2F11%2Fd4298920294%2Fhtdocs%2Fwordpress%2Fwp-includes%2Fimages HTTP/1.1" 200 55261 cultureloisirs.club "-" "Mozilla/5.0 AppleWebKit/537.36 (KHTML, like Gecko; compatible; ClaudeBot/1.0; +claudebot@anthropic.com)" "-"
2a03:2880:f800:: - - [18/Aug/2026:00:27:55 +0200] "GET /?shop/items/K36046175180/ HTTP/1.1" 200 51726 cultureloisirs.club "-" "Mozilla/5.0 (Macintosh; Intel Mac OS X 10_15_7) AppleWebKit/537.36 (KHTML, like Gecko) Chrome/145.0.0.0 Safari/537.36 (compatible; meta-externalagent/1.1 (+https://developers.facebook.com/docs/sharing/webmasters/crawler))" "-"
216.73.217.0 - - [18/Aug/2026:00:27:56 +0200] "GET /index.php?lokasie=%2Fhomepages%2F11%2Fd4298920294%2Fhtdocs%2Fwordpress%2Fwp-load.php&loknya=%2Fhomepages%2F11%2Fd4298920294%2Fhtdocs%2Fwordpress HTTP/1.1" 200 8926 cultureloisirs.club "-" "Mozilla/5.0 AppleWebKit/537.36 (KHTML, like Gecko; compatible; ClaudeBot/1.0; +claudebot@anthropic.com)" "-"
216.73.217.0 - - [18/Aug/2026:00:28:01 +0200] "GET /sitemap.xml?lokasie=%2Fhomepages%2F11%2Fd4298920294%2Fhtdocs%2Fwordpress%2Fwp-admin%2Fcustom-background.php&loknya=%2Fhomepages%2F11%2Fd4298920294%2Fhtdocs%2Fwordpress%2Fwp-admin HTTP/1.1" 200 4891 cultureloisirs.club "-" "Mozilla/5.0 AppleWebKit/537.36 (KHTML, like Gecko; compatible; ClaudeBot/1.0; +claudebot@anthropic.com)" "-"
2a03:2880:f800:: - - [18/Aug/2026:00:28:02 +0200] "GET /sitemap42.xml HTTP/1.1" 200 51727 cultureloisirs.club "-" "Mozilla/5.0 (Macintosh; Intel Mac OS X 10_15_7) AppleWebKit/537.36 (KHTML, like Gecko) Chrome/145.0.0.0 Safari/537.36 (compatible; meta-externalagent/1.1 (+https://developers.facebook.com/docs/sharing/webmasters/crawler))" "-"
45.227.253.0 - - [18/Aug/2026:00:28:04 +0200] "GET /wp-includes/js/dist/script-modules/block-library/query/query/index.php?of=1 HTTP/1.1" 200 5126 cultureloisirs.club "-" "Mozilla/5.0 (iPad; U; CPU OS 4_2_1 like Mac OS X; ja) AppleWebKit/533.17.9 (KHTML, like Gecko) Version/5.0.2 Mobile/8C148 Safari/6533.18.5" "-"
45.227.253.0 - - [18/Aug/2026:00:28:04 +0200] "GET /wp-content/themes/extendable/styles/block-presets/image/brutalism-1/image-1/image-1/index.php?of=1 HTTP/1.1" 200 5673 cultureloisirs.club "-" "Mozilla/5.0 (Macintosh; Intel Mac OS X 10.13; rv:103.0) Gecko/20100101 Firefox/101.0" "-"
216.73.217.0 - - [18/Aug/2026:00:28:06 +0200] "GET /sitemap.xml?lokasie=%2Fhomepages%2F11%2Fd4298920294%2Fhtdocs%2Fwordpress%2Fwp-admin%2Fcss%2Flist-tables-rtl.min.css&loknya=%2Fhomepages%2F11%2Fd4298920294%2Fhtdocs%2Fwordpress%2Fwp-admin%2Fcss HTTP/1.1" 200 41952 cultureloisirs.club "-" "Mozilla/5.0 AppleWebKit/537.36 (KHTML, like Gecko; compatible; ClaudeBot/1.0; +claudebot@anthropic.com)" "-"
45.227.253.0 - - [18/Aug/2026:00:28:06 +0200] "GET /wp-content/uploads/2026/03/03/index.php?of=1 HTTP/1.1" 200 6343 cultureloisirs.club "-" "Mozilla/5.0 (iPhone; CPU iPhone OS 13_4 like Mac OS X) AppleWebKit/605.1.15 (KHTML, like Gecko) Version/13.4.4 Mobile/15E148 Safari/604.1" "-"
45.227.253.0 - - [18/Aug/2026:00:28:06 +0200] "GET /wp-admin/css/colors/colors/index.php?of=1 HTTP/1.1" 200 6052 cultureloisirs.club "-" "Mozilla/5.0 (Macintosh; Intel Mac OS X 10.11; rv:103.0) Gecko/20100101 Firefox/103.0" "-"
2a03:2880:f800:: - - [18/Aug/2026:00:28:07 +0200] "GET /sitemap411.xml HTTP/1.1" 200 51727 cultureloisirs.club "-" "Mozilla/5.0 (Windows NT 10.0; Win64; x64) AppleWebKit/537.36 (KHTML, like Gecko) Chrome/145.0.0.0 Safari/537.36 (compatible; meta-externalagent/1.1 (+https://developers.facebook.com/docs/sharing/webmasters/crawler))" "-"
2a03:2880:f800:: - - [18/Aug/2026:00:28:10 +0200] "GET /?shop/items/P71411182357/ HTTP/1.1" 200 51727 cultureloisirs.club "-" "Mozilla/5.0 (Macintosh; Intel Mac OS X 10_15_7) AppleWebKit/537.36 (KHTML, like Gecko) Chrome/145.0.0.0 Safari/537.36 (compatible; meta-externalagent/1.1 (+https://developers.facebook.com/docs/sharing/webmasters/crawler))" "-"
216.73.217.0 - - [18/Aug/2026:00:28:11 +0200] "GET /sitemap.xml?lokasie=%2Fhomepages%2F11%2Fd4298920294%2Fhtdocs%2Fwordpress%2Fwp-includes%2Fregistration-functions.php&loknya=%2Fhomepages%2F11%2Fd4298920294%2Fhtdocs%2Fwordpress%2Fwp-includes HTTP/1.1" 200 4581 cultureloisirs.club "-" "Mozilla/5.0 AppleWebKit/537.36 (KHTML, like Gecko; compatible; ClaudeBot/1.0; +claudebot@anthropic.com)" "-"
2a03:2880:f800:: - - [18/Aug/2026:00:28:15 +0200] "GET /?shop/items/P71411275154/ HTTP/1.1" 200 51727 cultureloisirs.club "-" "Mozilla/5.0 (Macintosh; Intel Mac OS X 10_15_7) AppleWebKit/537.36 (KHTML, like Gecko) Chrome/145.0.0.0 Safari/537.36 (compatible; meta-externalagent/1.1 (+https://developers.facebook.com/docs/sharing/webmasters/crawler))" "-"
216.73.217.0 - - [18/Aug/2026:00:28:16 +0200] "GET /sitemap.xml?lokasie=%2Fhomepages%2F11%2Fd4298920294%2Fhtdocs%2Fwordpress%2Fwp-admin%2Fcss%2Fcolor-picker-rtl.css&loknya=%2Fhomepages%2F11%2Fd4298920294%2Fhtdocs%2Fwordpress%2Fwp-admin%2Fcss HTTP/1.1" 200 8416 cultureloisirs.club "-" "Mozilla/5.0 AppleWebKit/537.36 (KHTML, like Gecko; compatible; ClaudeBot/1.0; +claudebot@anthropic.com)" "-"
2a03:2880:f800:: - - [18/Aug/2026:00:28:19 +0200] "GET /?shop/items/P32255249204/ HTTP/1.1" 429 267 cultureloisirs.club "-" "Mozilla/5.0 (Windows NT 10.0; Win64; x64) AppleWebKit/537.36 (KHTML, like Gecko) Chrome/145.0.0.0 Safari/537.36 (compatible; meta-externalagent/1.1 (+https://developers.facebook.com/docs/sharing/webmasters/crawler))" "-"
216.73.217.0 - - [18/Aug/2026:00:28:23 +0200] "GET /sitemap.xml?lokasie=%2Fhomepages%2F11%2Fd4298920294%2Fhtdocs%2Fwordpress%2Fwp-admin%2Fadmin-footer.php&loknya=%2Fhomepages%2F11%2Fd4298920294%2Fhtdocs%2Fwordpress%2Fwp-admin HTTP/1.1" 200 7703 cultureloisirs.club "-" "Mozilla/5.0 AppleWebKit/537.36 (KHTML, like Gecko; compatible; ClaudeBot/1.0; +claudebot@anthropic.com)" "-"
2a03:2880:f800:: - - [18/Aug/2026:00:28:24 +0200] "GET /?shop/items/K40856149401/ HTTP/1.1" 429 267 cultureloisirs.club "-" "Mozilla/5.0 (Windows NT 10.0; Win64; x64) AppleWebKit/537.36 (KHTML, like Gecko) Chrome/145.0.0.0 Safari/537.36 (compatible; meta-externalagent/1.1 (+https://developers.facebook.com/docs/sharing/webmasters/crawler))" "-"
2a03:2880:f800:: - - [18/Aug/2026:00:28:24 +0200] "GET /?h=96117843553510 HTTP/1.1" 429 267 cultureloisirs.club "-" "Mozilla/5.0 (Windows NT 10.0; Win64; x64) AppleWebKit/537.36 (KHTML, like Gecko) Chrome/145.0.0.0 Safari/537.36 (compatible; meta-externalagent/1.1 (+https://developers.facebook.com/docs/sharing/webmasters/crawler))" "-"
45.227.253.0 - - [18/Aug/2026:00:28:26 +0200] "GET /wp-content/themes/twentytwentyfive/assets/fonts/platypi/platypi/index.php?of=1 HTTP/1.1" 200 5761 cultureloisirs.club "-" "Mozilla/5.0 (Macintosh; Intel Mac OS X 10.14; rv:103.0) Gecko/20100101 Firefox/102.0" "-"
45.227.253.0 - - [18/Aug/2026:00:28:26 +0200] "GET /wp-admin/user/user/user/index.php?of=1 HTTP/1.1" 200 6433 cultureloisirs.club "-" "Mozilla/5.0 (Macintosh; Intel Mac OS X 10.15; rv:81.0) Gecko/20100101 Firefox/81.0" "-"
216.73.217.0 - - [18/Aug/2026:00:28:28 +0200] "GET /sitemap.xml?lokasie=%2Fhomepages%2F11%2Fd4298920294%2Fhtdocs%2Fwordpress%2Fwp-includes%2Fclass-avif-info.php&loknya=%2Fhomepages%2F11%2Fd4298920294%2Fhtdocs%2Fwordpress%2Fwp-includes HTTP/1.1" 200 36382 cultureloisirs.club "-" "Mozilla/5.0 AppleWebKit/537.36 (KHTML, like Gecko; compatible; ClaudeBot/1.0; +claudebot@anthropic.com)" "-"
2a03:2880:f800:: - - [18/Aug/2026:00:28:29 +0200] "GET /?h=3844329259813 HTTP/1.1" 429 267 cultureloisirs.club "-" "Mozilla/5.0 (Windows NT 10.0; Win64; x64) AppleWebKit/537.36 (KHTML, like Gecko) Chrome/145.0.0.0 Safari/537.36 (compatible; meta-externalagent/1.1 (+https://developers.facebook.com/docs/sharing/webmasters/crawler))" "-"
2a03:2880:f800:: - - [18/Aug/2026:00:28:30 +0200] "GET /?shop/items/K36046260890/ HTTP/1.1" 429 267 cultureloisirs.club "-" "Mozilla/5.0 (Windows NT 10.0; Win64; x64) AppleWebKit/537.36 (KHTML, like Gecko) Chrome/145.0.0.0 Safari/537.36 (compatible; meta-externalagent/1.1 (+https://developers.facebook.com/docs/sharing/webmasters/crawler))" "-"
216.73.217.0 - - [18/Aug/2026:00:28:33 +0200] "GET /sitemap.xml?lokasie=%2Fhomepages%2F11%2Fd4298920294%2Fhtdocs%2Fwordpress%2Fwp-admin%2Ffont-library.php&loknya=%2Fhomepages%2F11%2Fd4298920294%2Fhtdocs%2Fwordpress%2Fwp-admin HTTP/1.1" 200 5618 cultureloisirs.club "-" "Mozilla/5.0 AppleWebKit/537.36 (KHTML, like Gecko; compatible; ClaudeBot/1.0; +claudebot@anthropic.com)" "-"
2a03:2880:f800:: - - [18/Aug/2026:00:28:35 +0200] "GET /?h=46502424528686 HTTP/1.1" 429 267 cultureloisirs.club "-" "Mozilla/5.0 (X11; Linux x86_64) AppleWebKit/537.36 (KHTML, like Gecko) Chrome/145.0.0.0 Safari/537.36 (compatible; meta-externalagent/1.1 (+https://developers.facebook.com/docs/sharing/webmasters/crawler))" "-"
2a03:2880:f800:: - - [18/Aug/2026:00:28:37 +0200] "GET /?shop/items/M26922142840/ HTTP/1.1" 429 267 cultureloisirs.club "-" "Mozilla/5.0 (Macintosh; Intel Mac OS X 10_15_7) AppleWebKit/537.36 (KHTML, like Gecko) Chrome/145.0.0.0 Safari/537.36 (compatible; meta-externalagent/1.1 (+https://developers.facebook.com/docs/sharing/webmasters/crawler))" "-"
45.227.253.0 - - [18/Aug/2026:00:28:38 +0200] "GET /images/images/images/images/images/images/index.php?of=1 HTTP/1.1" 403 15 cultureloisirs.club "-" "Mozilla/5.0 (Macintosh; Intel Mac OS X 10.11; rv:103.0) Gecko/20100101 Firefox/103.0" "-"
45.227.253.0 - - [18/Aug/2026:00:28:38 +0200] "GET /wp-content/plugins/wp-file-manager/lib/codemirror/mode/mode/index.php?of=1 HTTP/1.1" 200 5802 cultureloisirs.club "-" "Mozilla/5.0 (Macintosh; Intel Mac OS X 10.12; rv:103.0) Gecko/20100101 Firefox/101.0" "-"
216.73.217.0 - - [18/Aug/2026:00:28:38 +0200] "GET /sitemap.xml?lokasie=%2Fhomepages%2F11%2Fd4298920294%2Fhtdocs%2Fwordpress%2Fwp-admin%2Ferase-personal-data.php&loknya=%2Fhomepages%2F11%2Fd4298920294%2Fhtdocs%2Fwordpress%2Fwp-admin HTTP/1.1" 200 14188 cultureloisirs.club "-" "Mozilla/5.0 AppleWebKit/537.36 (KHTML, like Gecko; compatible; ClaudeBot/1.0; +claudebot@anthropic.com)" "-"
45.227.253.0 - - [18/Aug/2026:00:28:40 +0200] "GET /wp-includes/php-ai-client/src/Messages/DTO/DTO/index.php?of=1 HTTP/1.1" 200 6009 cultureloisirs.club "-" "Mozilla/5.0 (Macintosh; Intel Mac OS X 10.11; rv:103.0) Gecko/20100101 Firefox/101.0" "-"
216.73.217.0 - - [18/Aug/2026:00:28:43 +0200] "GET /sitemap.xml?lokasie=%2Fhomepages%2F11%2Fd4298920294%2Fhtdocs%2Fwordpress%2Fwp-includes%2Fsitemaps%2Fclass-wp-sitemaps-provider.php&loknya=%2Fhomepages%2F11%2Fd4298920294%2Fhtdocs%2Fwordpress%2Fwp-includes%2Fsitemaps HTTP/1.1" 200 9180 cultureloisirs.club "-" "Mozilla/5.0 AppleWebKit/537.36 (KHTML, like Gecko; compatible; ClaudeBot/1.0; +claudebot@anthropic.com)" "-"
74.7.243.0 - - [18/Aug/2026:00:28:43 +0200] "GET /?lokasie=/proc/self/oom_score_adj&loknya=/proc/self HTTP/1.1" 200 3994 cultureloisirs.club "https://cultureloisirs.club/?loknya=/proc/self" "Mozilla/5.0 AppleWebKit/537.36 (KHTML, like Gecko; compatible; GPTBot/1.4; +https://openai.com/gptbot)" "-"
2a03:2880:f800:: - - [18/Aug/2026:00:28:44 +0200] "GET /?shop/items/K40856215307/ HTTP/1.1" 429 267 cultureloisirs.club "-" "Mozilla/5.0 (Macintosh; Intel Mac OS X 10_15_7) AppleWebKit/537.36 (KHTML, like Gecko) Chrome/145.0.0.0 Safari/537.36 (compatible; meta-externalagent/1.1 (+https://developers.facebook.com/docs/sharing/webmasters/crawler))" "-"
2a03:2880:f800:: - - [18/Aug/2026:00:28:45 +0200] "GET /?shop/items/P32255126383/ HTTP/1.1" 429 267 cultureloisirs.club "-" "Mozilla/5.0 (Macintosh; Intel Mac OS X 10_15_7) AppleWebKit/537.36 (KHTML, like Gecko) Chrome/145.0.0.0 Safari/537.36 (compatible; meta-externalagent/1.1 (+https://developers.facebook.com/docs/sharing/webmasters/crawler))" "-"
216.73.217.0 - - [18/Aug/2026:00:28:48 +0200] "GET /index.php?lokasie=%2Fhomepages%2F11%2Fd4298920294%2Fhtdocs%2Fwordpress%2Fwp-includes%2Fclass-wp-classic-to-block-menu-converter.php&loknya=%2Fhomepages%2F11%2Fd4298920294%2Fhtdocs%2Fwordpress%2Fwp-includes HTTP/1.1" 200 8814 cultureloisirs.club "-" "Mozilla/5.0 AppleWebKit/537.36 (KHTML, like Gecko; compatible; ClaudeBot/1.0; +claudebot@anthropic.com)" "-"
216.73.217.0 - - [18/Aug/2026:00:28:53 +0200] "GET /sitemap.xml?loknya=%2Flib%2Fdpkg HTTP/1.1" 200 6069 cultureloisirs.club "-" "Mozilla/5.0 AppleWebKit/537.36 (KHTML, like Gecko; compatible; ClaudeBot/1.0; +claudebot@anthropic.com)" "-"
2a03:2880:f800:: - - [18/Aug/2026:00:28:54 +0200] "GET /?shop/items/M26922200818/ HTTP/1.1" 429 267 cultureloisirs.club "-" "Mozilla/5.0 (Windows NT 10.0; Win64; x64) AppleWebKit/537.36 (KHTML, like Gecko) Chrome/145.0.0.0 Safari/537.36 (compatible; meta-externalagent/1.1 (+https://developers.facebook.com/docs/sharing/webmasters/crawler))" "-"
2a03:2880:f800:: - - [18/Aug/2026:00:28:55 +0200] "GET /?h=8571782436170 HTTP/1.1" 429 267 cultureloisirs.club "-" "Mozilla/5.0 (Windows NT 10.0; Win64; x64) AppleWebKit/537.36 (KHTML, like Gecko) Chrome/145.0.0.0 Safari/537.36 (compatible; meta-externalagent/1.1 (+https://developers.facebook.com/docs/sharing/webmasters/crawler))" "-"
2a03:2880:f800:: - - [18/Aug/2026:00:28:58 +0200] "GET /sitemap142.xml HTTP/1.1" 429 267 cultureloisirs.club "-" "Mozilla/5.0 (X11; Ubuntu; Linux x86_64; rv:147.0) Gecko/20100101 Firefox/147.0 (compatible; meta-externalagent/1.1 (+https://developers.facebook.com/docs/sharing/webmasters/crawler))" "-"
216.73.217.0 - - [18/Aug/2026:00:28:58 +0200] "GET /sitemap.xml?lokasie=%2Fproc%2Fmodules&loknya=%2Fproc HTTP/1.1" 200 3943 cultureloisirs.club "-" "Mozilla/5.0 AppleWebKit/537.36 (KHTML, like Gecko; compatible; ClaudeBot/1.0; +claudebot@anthropic.com)" "-"
2a03:2880:f800:: - - [18/Aug/2026:00:28:59 +0200] "GET /sitemap279.xml HTTP/1.1" 429 267 cultureloisirs.club "-" "Mozilla/5.0 (Windows NT 10.0; Win64; x64) AppleWebKit/537.36 (KHTML, like Gecko) Chrome/145.0.0.0 Safari/537.36 (compatible; meta-externalagent/1.1 (+https://developers.facebook.com/docs/sharing/webmasters/crawler))" "-"
216.73.217.0 - - [18/Aug/2026:00:29:03 +0200] "GET /sitemap.xml?loknya=%2Flib%2Fcbi HTTP/1.1" 200 5053 cultureloisirs.club "-" "Mozilla/5.0 AppleWebKit/537.36 (KHTML, like Gecko; compatible; ClaudeBot/1.0; +claudebot@anthropic.com)" "-"
216.73.217.0 - - [18/Aug/2026:00:29:08 +0200] "GET /index.php?lokasie=%2Fhomepages%2F11%2Fd4298920294%2Fhtdocs%2Fwordpress%2Fwp-includes%2Ftheme-i18n.json&loknya=%2Fhomepages%2F11%2Fd4298920294%2Fhtdocs%2Fwordpress%2Fwp-includes HTTP/1.1" 429 267 cultureloisirs.club "-" "Mozilla/5.0 AppleWebKit/537.36 (KHTML, like Gecko; compatible; ClaudeBot/1.0; +claudebot@anthropic.com)" "-"
2a03:2880:f800:: - - [18/Aug/2026:00:29:12 +0200] "GET /?h=98932434734928 HTTP/1.1" 429 267 cultureloisirs.club "-" "Mozilla/5.0 (X11; Linux x86_64) AppleWebKit/537.36 (KHTML, like Gecko) Chrome/145.0.0.0 Safari/537.36 (compatible; meta-externalagent/1.1 (+https://developers.facebook.com/docs/sharing/webmasters/crawler))" "-"
216.73.217.0 - - [18/Aug/2026:00:29:13 +0200] "GET /sitemap.xml?lokasie=%2Fhomepages%2F11%2Fd4298920294%2Fhtdocs%2Fwordpress%2Fwp-admin%2Fuser%2Ffreedoms.php&loknya=%2Fhomepages%2F11%2Fd4298920294%2Fhtdocs%2Fwordpress%2Fwp-admin%2Fuser HTTP/1.1" 429 267 cultureloisirs.club "-" "Mozilla/5.0 AppleWebKit/537.36 (KHTML, like Gecko; compatible; ClaudeBot/1.0; +claudebot@anthropic.com)" "-"
2a03:2880:f800:: - - [18/Aug/2026:00:29:14 +0200] "GET /?h=80889172470545 HTTP/1.1" 429 267 cultureloisirs.club "-" "Mozilla/5.0 (Windows NT 10.0; Win64; x64) AppleWebKit/537.36 (KHTML, like Gecko) Chrome/145.0.0.0 Safari/537.36 Edg/145.0.0.0 (compatible; meta-externalagent/1.1 (+https://developers.facebook.com/docs/sharing/webmasters/crawler))" "-"
2a03:2880:f800:: - - [18/Aug/2026:00:29:16 +0200] "GET /?h=10332463642603 HTTP/1.1" 429 267 cultureloisirs.club "-" "Mozilla/5.0 (Windows NT 10.0; Win64; x64) AppleWebKit/537.36 (KHTML, like Gecko) Chrome/144.0.0.0 Safari/537.36 Edg/144.0.0.0 (compatible; meta-externalagent/1.1 (+https://developers.facebook.com/docs/sharing/webmasters/crawler))" "-"
216.73.217.0 - - [18/Aug/2026:00:29:18 +0200] "GET /sitemap.xml?lokasie=%2Fhomepages%2F11%2Fd4298920294%2Fhtdocs%2Fwordpress%2Fwp-includes%2Flink-template.php&loknya=%2Fhomepages%2F11%2Fd4298920294%2Fhtdocs%2Fwordpress%2Fwp-includes HTTP/1.1" 429 267 cultureloisirs.club "-" "Mozilla/5.0 AppleWebKit/537.36 (KHTML, like Gecko; compatible; ClaudeBot/1.0; +claudebot@anthropic.com)" "-"
2a03:2880:f800:: - - [18/Aug/2026:00:29:18 +0200] "GET /?shop/items/P7141179642/ HTTP/1.1" 429 267 cultureloisirs.club "-" "Mozilla/5.0 (Macintosh; Intel Mac OS X 10_15_7) AppleWebKit/537.36 (KHTML, like Gecko) Chrome/145.0.0.0 Safari/537.36 (compatible; meta-externalagent/1.1 (+https://developers.facebook.com/docs/sharing/webmasters/crawler))" "-"
2a03:2880:f800:: - - [18/Aug/2026:00:29:21 +0200] "GET /?shop/items/F73949227896/ HTTP/1.1" 200 51727 cultureloisirs.club "-" "Mozilla/5.0 (Windows NT 10.0; Win64; x64) AppleWebKit/537.36 (KHTML, like Gecko) Chrome/145.0.0.0 Safari/537.36 (compatible; meta-externalagent/1.1 (+https://developers.facebook.com/docs/sharing/webmasters/crawler))" "-"
2a03:2880:f800:: - - [18/Aug/2026:00:29:23 +0200] "GET /?h=44559454020531 HTTP/1.1" 200 51726 cultureloisirs.club "-" "Mozilla/5.0 (X11; Linux x86_64) AppleWebKit/537.36 (KHTML, like Gecko) Chrome/145.0.0.0 Safari/537.36 (compatible; meta-externalagent/1.1 (+https://developers.facebook.com/docs/sharing/webmasters/crawler))" "-"
216.73.217.0 - - [18/Aug/2026:00:29:29 +0200] "GET /sitemap.xml?lokasie=%2Fhomepages%2F11%2Fd4298920294%2Fhtdocs%2Fwordpress%2Fwp-includes%2Fclass-wp-classic-to-block-menu-converter.php&loknya=%2Fhomepages%2F11%2Fd4298920294%2Fhtdocs%2Fwordpress%2Fwp-includes HTTP/1.1" 429 267 cultureloisirs.club "-" "Mozilla/5.0 AppleWebKit/537.36 (KHTML, like Gecko; compatible; ClaudeBot/1.0; +claudebot@anthropic.com)" "-"
2a03:2880:f800:: - - [18/Aug/2026:00:29:30 +0200] "GET /?shop/items/Y12998107101/ HTTP/1.1" 200 51724 cultureloisirs.club "-" "Mozilla/5.0 (Windows NT 10.0; Win64; x64) AppleWebKit/537.36 (KHTML, like Gecko) Chrome/145.0.0.0 Safari/537.36 (compatible; meta-externalagent/1.1 (+https://developers.facebook.com/docs/sharing/webmasters/crawler))" "-"
88.90.243.0 - - [18/Aug/2026:00:29:31 +0200] "GET /robots.txt HTTP/1.1" 200 84 www.cultureloisirs.club "-" "Mozilla/5.0 (compatible; MJ12bot/v1.4.8; http://mj12bot.com/)" "-"
216.73.217.0 - - [18/Aug/2026:00:29:33 +0200] "GET /sitemap.xml?lokasie=%2Fproc%2Fvmstat&loknya=%2Fproc HTTP/1.1" 429 267 cultureloisirs.club "-" "Mozilla/5.0 AppleWebKit/537.36 (KHTML, like Gecko; compatible; ClaudeBot/1.0; +claudebot@anthropic.com)" "-"
88.90.243.0 - - [18/Aug/2026:00:29:35 +0200] "GET /?lokasie=/homepages/11/d4298920294/htdocs/wordpress/.htaccess&loknya=/homepages/11/d4298920294/htdocs/wordpress HTTP/1.1" 200 4441 www.cultureloisirs.club "-" "Mozilla/5.0 (compatible; MJ12bot/v1.4.8; http://mj12bot.com/)" "-"
216.73.217.0 - - [18/Aug/2026:00:29:38 +0200] "GET /sitemap.xml?lokasie=%2Fhomepages%2F11%2Fd4298920294%2Fhtdocs%2Fwordpress%2Fwp-content%2Fwplog.php&loknya=%2Fhomepages%2F11%2Fd4298920294%2Fhtdocs%2Fwordpress%2Fwp-content HTTP/1.1" 429 267 cultureloisirs.club "-" "Mozilla/5.0 AppleWebKit/537.36 (KHTML, like Gecko; compatible; ClaudeBot/1.0; +claudebot@anthropic.com)" "-"
45.227.253.0 - - [18/Aug/2026:00:29:38 +0200] "GET /wp-includes/blocks/paragraph/paragraph/index.php?of=1 HTTP/1.1" 200 5684 cultureloisirs.club "-" "Mozilla/5.0 (Linux; Android 10; Z832 Build/MMB29M) AppleWebKit/537.36 (KHTML, like Gecko) Chrome/85.0.4183.83 Mobile Safari/537.36" "-"
74.7.243.0 - - [18/Aug/2026:00:29:39 +0200] "GET /?lokasie=/usr/sbin/split-logfile&loknya=/usr/sbin HTTP/1.1" 429 267 cultureloisirs.club "https://cultureloisirs.club/?loknya=/usr/sbin" "Mozilla/5.0 AppleWebKit/537.36 (KHTML, like Gecko; compatible; GPTBot/1.4; +https://openai.com/gptbot)" "-"
88.90.243.0 - - [18/Aug/2026:00:29:39 +0200] "GET /?lokasie=/homepages/11/d4298920294/htdocs/wordpress/wp-load.php&loknya=/homepages/11/d4298920294/htdocs/wordpress HTTP/1.1" 200 8926 www.cultureloisirs.club "-" "Mozilla/5.0 (compatible; MJ12bot/v1.4.8; http://mj12bot.com/)" "-"
88.90.243.0 - - [18/Aug/2026:00:29:43 +0200] "GET /?lokasie=/homepages/11/d4298920294/htdocs/wordpress/wp-mail.php&loknya=/homepages/11/d4298920294/htdocs/wordpress HTTP/1.1" 200 14129 www.cultureloisirs.club "-" "Mozilla/5.0 (compatible; MJ12bot/v1.4.8; http://mj12bot.com/)" "-"
216.73.217.0 - - [18/Aug/2026:00:29:43 +0200] "GET /sitemap.xml?lokasie=%2Fhomepages%2F11%2Fd4298920294%2Fhtdocs%2Fwordpress%2Fwp-admin%2Fmedia-new.php&loknya=%2Fhomepages%2F11%2Fd4298920294%2Fhtdocs%2Fwordpress%2Fwp-admin HTTP/1.1" 429 267 cultureloisirs.club "-" "Mozilla/5.0 AppleWebKit/537.36 (KHTML, like Gecko; compatible; ClaudeBot/1.0; +claudebot@anthropic.com)" "-"
88.90.243.0 - - [18/Aug/2026:00:29:47 +0200] "GET /?lokasie=/homepages/11/d4298920294/htdocs/wordpress/wp-settings.php&loknya=/homepages/11/d4298920294/htdocs/wordpress HTTP/1.1" 200 40640 www.cultureloisirs.club "-" "Mozilla/5.0 (compatible; MJ12bot/v1.4.8; http://mj12bot.com/)" "-"
2a03:2880:f800:: - - [18/Aug/2026:00:29:47 +0200] "GET /?shop/items/M26922193399/ HTTP/1.1" 200 51727 cultureloisirs.club "-" "Mozilla/5.0 (Windows NT 10.0; Win64; x64) AppleWebKit/537.36 (KHTML, like Gecko) Chrome/145.0.0.0 Safari/537.36 (compatible; meta-externalagent/1.1 (+https://developers.facebook.com/docs/sharing/webmasters/crawler))" "-"
216.73.217.0 - - [18/Aug/2026:00:29:48 +0200] "GET /sitemap.xml?lokasie=%2Fhomepages%2F11%2Fd4298920294%2Fhtdocs%2Fwordpress%2Fwp-admin%2Fcss%2Fsite-health-rtl.min.css&loknya=%2Fhomepages%2F11%2Fd4298920294%2Fhtdocs%2Fwordpress%2Fwp-admin%2Fcss HTTP/1.1" 429 267 cultureloisirs.club "-" "Mozilla/5.0 AppleWebKit/537.36 (KHTML, like Gecko; compatible; ClaudeBot/1.0; +claudebot@anthropic.com)" "-"
2a03:2880:f800:: - - [18/Aug/2026:00:29:50 +0200] "GET /?shop/items/U61302193378/ HTTP/1.1" 200 51727 cultureloisirs.club "-" "Mozilla/5.0 (Macintosh; Intel Mac OS X 10_15_7) AppleWebKit/537.36 (KHTML, like Gecko) Chrome/145.0.0.0 Safari/537.36 (compatible; meta-externalagent/1.1 (+https://developers.facebook.com/docs/sharing/webmasters/crawler))" "-"
88.90.243.0 - - [18/Aug/2026:00:29:50 +0200] "GET /?lokasie=/homepages/11/d4298920294/htdocs/wordpress/wp-signup.php&loknya=/homepages/11/d4298920294/htdocs/wordpress HTTP/1.1" 200 46011 www.cultureloisirs.club "-" "Mozilla/5.0 (compatible; MJ12bot/v1.4.8; http://mj12bot.com/)" "-"
216.73.217.0 - - [18/Aug/2026:00:29:53 +0200] "GET /sitemap.xml?lokasie=%2Fproc%2Fdiskstats&loknya=%2Fproc HTTP/1.1" 429 267 cultureloisirs.club "-" "Mozilla/5.0 AppleWebKit/537.36 (KHTML, like Gecko; compatible; ClaudeBot/1.0; +claudebot@anthropic.com)" "-"
88.90.243.0 - - [18/Aug/2026:00:29:54 +0200] "GET /?lokasie=/homepages/11/d4298920294/htdocs/wordpress/wp-trackback.php&loknya=/homepages/11/d4298920294/htdocs/wordpress HTTP/1.1" 200 10347 www.cultureloisirs.club "-" "Mozilla/5.0 (compatible; MJ12bot/v1.4.8; http://mj12bot.com/)" "-"
216.73.217.0 - - [18/Aug/2026:00:29:58 +0200] "GET /index.php?lokasie=%2Fhomepages%2F11%2Fd4298920294%2Fhtdocs%2Fwordpress%2Fwp-signup.php&loknya=%2Fhomepages%2F11%2Fd4298920294%2Fhtdocs%2Fwordpress HTTP/1.1" 429 267 cultureloisirs.club "-" "Mozilla/5.0 AppleWebKit/537.36 (KHTML, like Gecko; compatible; ClaudeBot/1.0; +claudebot@anthropic.com)" "-"
88.90.243.0 - - [18/Aug/2026:00:29:58 +0200] "GET /?loknya=/ HTTP/1.1" 200 29702 www.cultureloisirs.club "-" "Mozilla/5.0 (compatible; MJ12bot/v1.4.8; http://mj12bot.com/)" "-"
2a03:2880:f800:: - - [18/Aug/2026:00:29:59 +0200] "GET /?h=72345384829877 HTTP/1.1" 200 51727 cultureloisirs.club "-" "Mozilla/5.0 (Windows NT 10.0; Win64; x64) AppleWebKit/537.36 (KHTML, like Gecko) Chrome/145.0.0.0 Safari/537.36 (compatible; meta-externalagent/1.1 (+https://developers.facebook.com/docs/sharing/webmasters/crawler))" "-"
88.90.243.0 - - [18/Aug/2026:00:30:02 +0200] "GET /?loknya=/homepages HTTP/1.1" 200 57047 www.cultureloisirs.club "-" "Mozilla/5.0 (compatible; MJ12bot/v1.4.8; http://mj12bot.com/)" "-"
216.73.217.0 - - [18/Aug/2026:00:30:03 +0200] "GET /sitemap.xml?lokasie=%2Fhomepages%2F11%2Fd4298920294%2Fhtdocs%2Fwordpress%2Fwp-includes%2FID3%2F.htaccess&loknya=%2Fhomepages%2F11%2Fd4298920294%2Fhtdocs%2Fwordpress%2Fwp-includes%2FID3 HTTP/1.1" 429 267 cultureloisirs.club "-" "Mozilla/5.0 AppleWebKit/537.36 (KHTML, like Gecko; compatible; ClaudeBot/1.0; +claudebot@anthropic.com)" "-"
88.90.243.0 - - [18/Aug/2026:00:30:06 +0200] "GET /?loknya=/homepages/11 HTTP/1.1" 200 45725 www.cultureloisirs.club "-" "Mozilla/5.0 (compatible; MJ12bot/v1.4.8; http://mj12bot.com/)" "-"
216.73.217.0 - - [18/Aug/2026:00:30:08 +0200] "GET /index.php?lokasie=%2Fhomepages%2F11%2Fd4298920294%2Fhtdocs%2Fwordpress%2Fwp-admin%2Fsite-health-info.php&loknya=%2Fhomepages%2F11%2Fd4298920294%2Fhtdocs%2Fwordpress%2Fwp-admin HTTP/1.1" 200 9692 cultureloisirs.club "-" "Mozilla/5.0 AppleWebKit/537.36 (KHTML, like Gecko; compatible; ClaudeBot/1.0; +claudebot@anthropic.com)" "-"
88.90.243.0 - - [18/Aug/2026:00:30:10 +0200] "GET /?loknya=/homepages/11/d4298920294 HTTP/1.1" 200 11156 www.cultureloisirs.club "-" "Mozilla/5.0 (compatible; MJ12bot/v1.4.8; http://mj12bot.com/)" "-"
