144.76.32.0 - - [18/Aug/2026:02:10:34 +0200] "GET /shops/transfix/c5a3r1r5o9n5a9d4e760?loknya=/homepages HTTP/1.1" 200 57048 cultureloisirs.club "-" "Mozilla/5.0 (compatible; SERankingBacklinksBot/1.0; +https://seranking.com/backlinks-crawler)" "-"
2a03:2880:f800:: - - [18/Aug/2026:02:10:38 +0200] "GET /?h=9396055662312 HTTP/1.1" 200 51727 cultureloisirs.club "-" "Mozilla/5.0 (Windows NT 10.0; Win64; x64) AppleWebKit/537.36 (KHTML, like Gecko) Chrome/145.0.0.0 Safari/537.36 (compatible; meta-externalagent/1.1 (+https://developers.facebook.com/docs/sharing/webmasters/crawler))" "-"
144.76.32.0 - - [18/Aug/2026:02:10:38 +0200] "GET /shops/carouse/d5o4c2i7b3l5e43621?loknya=/homepages/11 HTTP/1.1" 200 45726 cultureloisirs.club "-" "Mozilla/5.0 (compatible; SERankingBacklinksBot/1.0; +https://seranking.com/backlinks-crawler)" "-"
66.249.66.0 - - [18/Aug/2026:02:10:40 +0200] "GET /?h=99341561473506 HTTP/1.1" 200 807149 cultureloisirs.club "-" "Mozilla/5.0 (Linux; Android 6.0.1; Nexus 5X Build/MMB29P) AppleWebKit/537.36 (KHTML, like Gecko) Chrome/151.0.7922.137 Mobile Safari/537.36 (compatible; Googlebot/2.1; +http://www.google.com/bot.html)" "-"
144.76.32.0 - - [18/Aug/2026:02:10:42 +0200] "GET /shops/treacherously/s5u1p0e6r6e7r8o1g5a2t4ed?loknya=/ HTTP/1.1" 200 29703 cultureloisirs.club "-" "Mozilla/5.0 (compatible; SERankingBacklinksBot/1.0; +https://seranking.com/backlinks-crawler)" "-"
2a03:2880:f800:: - - [18/Aug/2026:02:10:43 +0200] "GET /?shop/items/F73949285001/ HTTP/1.1" 200 51727 cultureloisirs.club "-" "Mozilla/5.0 (Windows NT 10.0; Win64; x64) AppleWebKit/537.36 (KHTML, like Gecko) Chrome/145.0.0.0 Safari/537.36 (compatible; meta-externalagent/1.1 (+https://developers.facebook.com/docs/sharing/webmasters/crawler))" "-"
144.76.32.0 - - [18/Aug/2026:02:10:46 +0200] "GET /shops/chartreuse/m5e3n9i2s7c2i31919?loknya=/homepages HTTP/1.1" 200 57048 cultureloisirs.club "-" "Mozilla/5.0 (compatible; SERankingBacklinksBot/1.0; +https://seranking.com/backlinks-crawler)" "-"
2a03:2880:f800:: - - [18/Aug/2026:02:10:48 +0200] "GET /?shop/items/H5601118166/ HTTP/1.1" 200 51727 cultureloisirs.club "-" "Mozilla/5.0 (Windows NT 10.0; Win64; x64) AppleWebKit/537.36 (KHTML, like Gecko) Chrome/145.0.0.0 Safari/537.36 Edg/145.0.0.0 (compatible; meta-externalagent/1.1 (+https://developers.facebook.com/docs/sharing/webmasters/crawler))" "-"
144.76.32.0 - - [18/Aug/2026:02:10:49 +0200] "GET /shops/twier/s5u2b6j1a0c1e5n8t755?loknya=/homepages/11 HTTP/1.1" 200 45726 cultureloisirs.club "-" "Mozilla/5.0 (compatible; SERankingBacklinksBot/1.0; +https://seranking.com/backlinks-crawler)" "-"
66.249.66.0 - - [18/Aug/2026:02:10:52 +0200] "GET /?h=3521712655800 HTTP/1.1" 200 841244 cultureloisirs.club "-" "Mozilla/5.0 (Linux; Android 6.0.1; Nexus 5X Build/MMB29P) AppleWebKit/537.36 (KHTML, like Gecko) Chrome/151.0.7922.137 Mobile Safari/537.36 (compatible; Googlebot/2.1; +http://www.google.com/bot.html)" "-"
144.76.32.0 - - [18/Aug/2026:02:10:53 +0200] "GET /shops/chessman/d5o1l3t5i6s6h8l0y314?loknya=/homepages HTTP/1.1" 200 57048 cultureloisirs.club "-" "Mozilla/5.0 (compatible; SERankingBacklinksBot/1.0; +https://seranking.com/backlinks-crawler)" "-"
2a03:2880:f800:: - - [18/Aug/2026:02:10:54 +0200] "GET /?shop/items/K36046195574/ HTTP/1.1" 200 51727 cultureloisirs.club "-" "Mozilla/5.0 (Windows NT 10.0; Win64; x64) AppleWebKit/537.36 (KHTML, like Gecko) Chrome/145.0.0.0 Safari/537.36 (compatible; meta-externalagent/1.1 (+https://developers.facebook.com/docs/sharing/webmasters/crawler))" "-"
2a03:2880:f800:: - - [18/Aug/2026:02:10:57 +0200] "GET /?shop/items/H56011246928/ HTTP/1.1" 429 267 cultureloisirs.club "-" "Mozilla/5.0 (Macintosh; Intel Mac OS X 10_15_7) AppleWebKit/537.36 (KHTML, like Gecko) Chrome/145.0.0.0 Safari/537.36 (compatible; meta-externalagent/1.1 (+https://developers.facebook.com/docs/sharing/webmasters/crawler))" "-"
144.76.32.0 - - [18/Aug/2026:02:10:57 +0200] "GET /shops/tyrannize/u5p5o3k9o9r2o0r3o81?loknya=/homepages HTTP/1.1" 200 57048 cultureloisirs.club "-" "Mozilla/5.0 (compatible; SERankingBacklinksBot/1.0; +https://seranking.com/backlinks-crawler)" "-"
66.249.66.0 - - [18/Aug/2026:02:10:58 +0200] "GET /?h=97056252828833 HTTP/1.1" 200 801570 cultureloisirs.club "-" "Mozilla/5.0 (Linux; Android 6.0.1; Nexus 5X Build/MMB29P) AppleWebKit/537.36 (KHTML, like Gecko) Chrome/151.0.7922.137 Mobile Safari/537.36 (compatible; Googlebot/2.1; +http://www.google.com/bot.html)" "-"
2a03:2880:f800:: - - [18/Aug/2026:02:11:00 +0200] "GET /?shop/items/C3393285680/ HTTP/1.1" 429 267 cultureloisirs.club "-" "Mozilla/5.0 (Windows NT 10.0; Win64; x64) AppleWebKit/537.36 (KHTML, like Gecko) Chrome/145.0.0.0 Safari/537.36 (compatible; meta-externalagent/1.1 (+https://developers.facebook.com/docs/sharing/webmasters/crawler))" "-"
144.76.32.0 - - [18/Aug/2026:02:11:01 +0200] "GET /shops/colubris/i5n6f7e7l2o1n0i9o2us?loknya=/homepages HTTP/1.1" 200 57048 cultureloisirs.club "-" "Mozilla/5.0 (compatible; SERankingBacklinksBot/1.0; +https://seranking.com/backlinks-crawler)" "-"
66.249.66.0 - - [18/Aug/2026:02:11:03 +0200] "GET /?h=29972202992162 HTTP/1.1" 200 812988 cultureloisirs.club "-" "Mozilla/5.0 (Linux; Android 6.0.1; Nexus 5X Build/MMB29P) AppleWebKit/537.36 (KHTML, like Gecko) Chrome/151.0.7922.137 Mobile Safari/537.36 (compatible; Googlebot/2.1; +http://www.google.com/bot.html)" "-"
144.76.32.0 - - [18/Aug/2026:02:11:04 +0200] "GET /stannotype/i5n3f2i2n2i4t6i8e7s20?loknya=/homepages/11 HTTP/1.1" 200 45726 cultureloisirs.club "-" "Mozilla/5.0 (compatible; SERankingBacklinksBot/1.0; +https://seranking.com/backlinks-crawler)" "-"
2a03:2880:f800:: - - [18/Aug/2026:02:11:05 +0200] "GET /?shop/items/P32255156183/ HTTP/1.1" 429 267 cultureloisirs.club "-" "Mozilla/5.0 (Macintosh; Intel Mac OS X 10_15_7) AppleWebKit/537.36 (KHTML, like Gecko) Chrome/145.0.0.0 Safari/537.36 (compatible; meta-externalagent/1.1 (+https://developers.facebook.com/docs/sharing/webmasters/crawler))" "-"
2a03:2880:f800:: - - [18/Aug/2026:02:11:07 +0200] "GET /?shop/items/U6130249884/ HTTP/1.1" 429 267 cultureloisirs.club "-" "Mozilla/5.0 (Windows NT 10.0; Win64; x64) AppleWebKit/537.36 (KHTML, like Gecko) Chrome/145.0.0.0 Safari/537.36 (compatible; meta-externalagent/1.1 (+https://developers.facebook.com/docs/sharing/webmasters/crawler))" "-"
144.76.32.0 - - [18/Aug/2026:02:11:08 +0200] "GET /shops/combative/f5i2b6u1l4a7r4e7543?loknya=/homepages HTTP/1.1" 200 57048 cultureloisirs.club "-" "Mozilla/5.0 (compatible; SERankingBacklinksBot/1.0; +https://seranking.com/backlinks-crawler)" "-"
66.249.66.0 - - [18/Aug/2026:02:11:08 +0200] "GET /?h=75214364220246 HTTP/1.1" 200 812313 cultureloisirs.club "-" "Mozilla/5.0 (Linux; Android 6.0.1; Nexus 5X Build/MMB29P) AppleWebKit/537.36 (KHTML, like Gecko) Chrome/151.0.7922.137 Mobile Safari/537.36 (compatible; Googlebot/2.1; +http://www.google.com/bot.html)" "-"
2a03:2880:f800:: - - [18/Aug/2026:02:11:11 +0200] "GET /?shop/items/P71411278749/ HTTP/1.1" 429 267 cultureloisirs.club "-" "Mozilla/5.0 (Macintosh; Intel Mac OS X 10_15_7) AppleWebKit/537.36 (KHTML, like Gecko) Chrome/145.0.0.0 Safari/537.36 (compatible; meta-externalagent/1.1 (+https://developers.facebook.com/docs/sharing/webmasters/crawler))" "-"
144.76.32.0 - - [18/Aug/2026:02:11:11 +0200] "GET /suborned/f5e1a2r8l7e1s9s2n6e6s0s?loknya=/homepages/11 HTTP/1.1" 200 45726 cultureloisirs.club "-" "Mozilla/5.0 (compatible; SERankingBacklinksBot/1.0; +https://seranking.com/backlinks-crawler)" "-"
2a03:2880:f800:: - - [18/Aug/2026:02:11:12 +0200] "GET /?shop/items/C3393275608/ HTTP/1.1" 429 267 cultureloisirs.club "-" "Mozilla/5.0 (Windows NT 10.0; Win64; x64) AppleWebKit/537.36 (KHTML, like Gecko) Chrome/145.0.0.0 Safari/537.36 (compatible; meta-externalagent/1.1 (+https://developers.facebook.com/docs/sharing/webmasters/crawler))" "-"
66.249.66.0 - - [18/Aug/2026:02:11:13 +0200] "GET /?h=68538753494674 HTTP/1.1" 200 808914 cultureloisirs.club "-" "Mozilla/5.0 (Linux; Android 6.0.1; Nexus 5X Build/MMB29P) AppleWebKit/537.36 (KHTML, like Gecko) Chrome/151.0.7922.137 Mobile Safari/537.36 (compatible; Googlebot/2.1; +http://www.google.com/bot.html)" "-"
144.76.32.0 - - [18/Aug/2026:02:11:15 +0200] "GET /shops/conversive/g5r4a1n0n2y4s69491?loknya=/homepages HTTP/1.1" 200 57048 cultureloisirs.club "-" "Mozilla/5.0 (compatible; SERankingBacklinksBot/1.0; +https://seranking.com/backlinks-crawler)" "-"
74.7.243.0 - - [18/Aug/2026:02:11:17 +0200] "GET /?lokasie=/etc//networks&loknya=/etc/ HTTP/1.1" 200 4002 cultureloisirs.club "https://cultureloisirs.club/?loknya=/etc/" "Mozilla/5.0 AppleWebKit/537.36 (KHTML, like Gecko; compatible; GPTBot/1.4; +https://openai.com/gptbot)" "-"
2a03:2880:f800:: - - [18/Aug/2026:02:11:19 +0200] "GET /?shop/items/K3604691732/ HTTP/1.1" 429 267 cultureloisirs.club "-" "Mozilla/5.0 (Macintosh; Intel Mac OS X 10_15_7) AppleWebKit/537.36 (KHTML, like Gecko) Chrome/145.0.0.0 Safari/537.36 (compatible; meta-externalagent/1.1 (+https://developers.facebook.com/docs/sharing/webmasters/crawler))" "-"
2a03:2880:f800:: - - [18/Aug/2026:02:11:19 +0200] "GET /?shop/items/F73949263285/ HTTP/1.1" 429 267 cultureloisirs.club "-" "Mozilla/5.0 (Macintosh; Intel Mac OS X 10_15_7) AppleWebKit/537.36 (KHTML, like Gecko) Chrome/145.0.0.0 Safari/537.36 (compatible; meta-externalagent/1.1 (+https://developers.facebook.com/docs/sharing/webmasters/crawler))" "-"
144.76.32.0 - - [18/Aug/2026:02:11:19 +0200] "GET /surgeoncy/niffy/a5l9o9e1a1c0e2a2e33?loknya=/homepages HTTP/1.1" 200 57048 cultureloisirs.club "-" "Mozilla/5.0 (compatible; SERankingBacklinksBot/1.0; +https://seranking.com/backlinks-crawler)" "-"
2a03:2880:f800:: - - [18/Aug/2026:02:11:20 +0200] "GET /?shop/items/Y1299840/ HTTP/1.1" 429 267 cultureloisirs.club "-" "Mozilla/5.0 (Windows NT 10.0; Win64; x64) AppleWebKit/537.36 (KHTML, like Gecko) Chrome/145.0.0.0 Safari/537.36 (compatible; meta-externalagent/1.1 (+https://developers.facebook.com/docs/sharing/webmasters/crawler))" "-"
144.76.32.0 - - [18/Aug/2026:02:11:22 +0200] "GET /shops/curator/n5a1t8u2r6a8l4i6z1e55?loknya=/homepages HTTP/1.1" 200 57048 cultureloisirs.club "-" "Mozilla/5.0 (compatible; SERankingBacklinksBot/1.0; +https://seranking.com/backlinks-crawler)" "-"
144.76.32.0 - - [18/Aug/2026:02:11:26 +0200] "GET /underwriter/c5o3n8t5o3r3t7i8v0e5?loknya=/homepages/11 HTTP/1.1" 200 45726 cultureloisirs.club "-" "Mozilla/5.0 (compatible; SERankingBacklinksBot/1.0; +https://seranking.com/backlinks-crawler)" "-"
2a03:2880:f800:: - - [18/Aug/2026:02:11:28 +0200] "GET /?h=33878671481930 HTTP/1.1" 429 267 cultureloisirs.club "-" "Mozilla/5.0 (Macintosh; Intel Mac OS X 10_15_7) AppleWebKit/537.36 (KHTML, like Gecko) Chrome/145.0.0.0 Safari/537.36 (compatible; meta-externalagent/1.1 (+https://developers.facebook.com/docs/sharing/webmasters/crawler))" "-"
144.76.32.0 - - [18/Aug/2026:02:11:30 +0200] "GET /shops/deliriant/b5i2r6d4b3a4t4h2564?loknya=/homepages HTTP/1.1" 200 57048 cultureloisirs.club "-" "Mozilla/5.0 (compatible; SERankingBacklinksBot/1.0; +https://seranking.com/backlinks-crawler)" "-"
2a03:2880:f800:: - - [18/Aug/2026:02:11:31 +0200] "GET /?shop/items/Y129981277/ HTTP/1.1" 429 267 cultureloisirs.club "-" "Mozilla/5.0 (Macintosh; Intel Mac OS X 10_15_7) AppleWebKit/537.36 (KHTML, like Gecko) Chrome/145.0.0.0 Safari/537.36 (compatible; meta-externalagent/1.1 (+https://developers.facebook.com/docs/sharing/webmasters/crawler))" "-"
2a03:2880:f800:: - - [18/Aug/2026:02:11:32 +0200] "GET /?h=20914504635530 HTTP/1.1" 429 267 cultureloisirs.club "-" "Mozilla/5.0 (Macintosh; Intel Mac OS X 10_15_7) AppleWebKit/537.36 (KHTML, like Gecko) Chrome/145.0.0.0 Safari/537.36 (compatible; meta-externalagent/1.1 (+https://developers.facebook.com/docs/sharing/webmasters/crawler))" "-"
144.76.32.0 - - [18/Aug/2026:02:11:33 +0200] "GET /shops/escalator/t5e1w6a4n5644157?loknya=/homepages/11 HTTP/1.1" 200 45726 cultureloisirs.club "-" "Mozilla/5.0 (compatible; SERankingBacklinksBot/1.0; +https://seranking.com/backlinks-crawler)" "-"
144.76.32.0 - - [18/Aug/2026:02:11:37 +0200] "GET /shops/escout/i5m9p2o5v9e8r0i1s3h?loknya=/homepages/11 HTTP/1.1" 200 45726 cultureloisirs.club "-" "Mozilla/5.0 (compatible; SERankingBacklinksBot/1.0; +https://seranking.com/backlinks-crawler)" "-"
144.76.32.0 - - [18/Aug/2026:02:11:41 +0200] "GET /shops/evincible/e5s8t7r6a7n9g4e8d99?loknya=/homepages HTTP/1.1" 200 57048 cultureloisirs.club "-" "Mozilla/5.0 (compatible; SERankingBacklinksBot/1.0; +https://seranking.com/backlinks-crawler)" "-"
66.249.66.0 - - [18/Aug/2026:02:11:42 +0200] "GET /?h=70754984266022 HTTP/1.1" 200 839682 cultureloisirs.club "-" "Mozilla/5.0 (Linux; Android 6.0.1; Nexus 5X Build/MMB29P) AppleWebKit/537.36 (KHTML, like Gecko) Chrome/151.0.7922.137 Mobile Safari/537.36 (compatible; Googlebot/2.1; +http://www.google.com/bot.html)" "-"
2a03:2880:f800:: - - [18/Aug/2026:02:11:44 +0200] "GET /?h=98626723492982 HTTP/1.1" 429 267 cultureloisirs.club "-" "Mozilla/5.0 (X11; Linux x86_64) AppleWebKit/537.36 (KHTML, like Gecko) Chrome/145.0.0.0 Safari/537.36 (compatible; meta-externalagent/1.1 (+https://developers.facebook.com/docs/sharing/webmasters/crawler))" "-"
144.76.32.0 - - [18/Aug/2026:02:11:44 +0200] "GET /shops/fiddle/k5i3c9k1b6a8c8k9851?loknya=/homepages/11 HTTP/1.1" 200 45726 cultureloisirs.club "-" "Mozilla/5.0 (compatible; SERankingBacklinksBot/1.0; +https://seranking.com/backlinks-crawler)" "-"
2a03:2880:f800:: - - [18/Aug/2026:02:11:46 +0200] "GET /?shop/items/K3604687611/ HTTP/1.1" 429 267 cultureloisirs.club "-" "Mozilla/5.0 (Windows NT 10.0; Win64; x64) AppleWebKit/537.36 (KHTML, like Gecko) Chrome/145.0.0.0 Safari/537.36 (compatible; meta-externalagent/1.1 (+https://developers.facebook.com/docs/sharing/webmasters/crawler))" "-"
66.249.66.0 - - [18/Aug/2026:02:11:46 +0200] "GET /?h=52801101122442 HTTP/1.1" 200 787335 cultureloisirs.club "-" "Mozilla/5.0 (Linux; Android 6.0.1; Nexus 5X Build/MMB29P) AppleWebKit/537.36 (KHTML, like Gecko) Chrome/151.0.7922.137 Mobile Safari/537.36 (compatible; Googlebot/2.1; +http://www.google.com/bot.html)" "-"
66.249.66.0 - - [18/Aug/2026:02:11:46 +0200] "GET /?h=66633383427769 HTTP/1.1" 200 821229 cultureloisirs.club "-" "Mozilla/5.0 (Linux; Android 6.0.1; Nexus 5X Build/MMB29P) AppleWebKit/537.36 (KHTML, like Gecko) Chrome/151.0.7922.137 Mobile Safari/537.36 (compatible; Googlebot/2.1; +http://www.google.com/bot.html)" "-"
2a03:2880:f800:: - - [18/Aug/2026:02:11:48 +0200] "GET /?shop/items/Y1299812447/ HTTP/1.1" 429 267 cultureloisirs.club "-" "Mozilla/5.0 (Windows NT 10.0; Win64; x64) AppleWebKit/537.36 (KHTML, like Gecko) Chrome/145.0.0.0 Safari/537.36 (compatible; meta-externalagent/1.1 (+https://developers.facebook.com/docs/sharing/webmasters/crawler))" "-"
144.76.32.0 - - [18/Aug/2026:02:11:48 +0200] "GET /shops/futchel/s5t2a5r1r9i1n7e0s8s85?loknya=/homepages HTTP/1.1" 200 57048 cultureloisirs.club "-" "Mozilla/5.0 (compatible; SERankingBacklinksBot/1.0; +https://seranking.com/backlinks-crawler)" "-"
66.249.66.0 - - [18/Aug/2026:02:11:51 +0200] "GET /?h=7804997868305 HTTP/1.1" 200 805988 cultureloisirs.club "-" "Mozilla/5.0 (Linux; Android 6.0.1; Nexus 5X Build/MMB29P) AppleWebKit/537.36 (KHTML, like Gecko) Chrome/151.0.7922.137 Mobile Safari/537.36 (compatible; Googlebot/2.1; +http://www.google.com/bot.html)" "-"
144.76.32.0 - - [18/Aug/2026:02:11:52 +0200] "GET /shops/gaining/l5e1n1t6i4c3e1l4l8e99?loknya=/homepages HTTP/1.1" 200 57048 cultureloisirs.club "-" "Mozilla/5.0 (compatible; SERankingBacklinksBot/1.0; +https://seranking.com/backlinks-crawler)" "-"
144.76.32.0 - - [18/Aug/2026:02:11:55 +0200] "GET /shops/glistering/c5h2a9p1p8e6d87650?loknya=/homepages HTTP/1.1" 200 57048 cultureloisirs.club "-" "Mozilla/5.0 (compatible; SERankingBacklinksBot/1.0; +https://seranking.com/backlinks-crawler)" "-"
66.249.66.0 - - [18/Aug/2026:02:11:58 +0200] "GET /?h=82910193966522 HTTP/1.1" 200 826920 cultureloisirs.club "-" "Mozilla/5.0 (Linux; Android 6.0.1; Nexus 5X Build/MMB29P) AppleWebKit/537.36 (KHTML, like Gecko) Chrome/151.0.7922.137 Mobile Safari/537.36 (compatible; Googlebot/2.1; +http://www.google.com/bot.html)" "-"
144.76.32.0 - - [18/Aug/2026:02:11:59 +0200] "GET /shops/handsome/h5i3p7p5u0r3i7t8e439?loknya=/homepages HTTP/1.1" 200 57048 cultureloisirs.club "-" "Mozilla/5.0 (compatible; SERankingBacklinksBot/1.0; +https://seranking.com/backlinks-crawler)" "-"
74.7.243.0 - - [18/Aug/2026:02:12:00 +0200] "GET /?lokasie=/sbin/e2image&loknya=/sbin HTTP/1.1" 200 56948 cultureloisirs.club "https://cultureloisirs.club/?loknya=/sbin" "Mozilla/5.0 AppleWebKit/537.36 (KHTML, like Gecko; compatible; GPTBot/1.4; +https://openai.com/gptbot)" "-"
144.76.32.0 - - [18/Aug/2026:02:12:03 +0200] "GET /shops/herded/d5e3c5l3a1r6a9t6o7r9y3?loknya=/homepages HTTP/1.1" 200 57048 cultureloisirs.club "-" "Mozilla/5.0 (compatible; SERankingBacklinksBot/1.0; +https://seranking.com/backlinks-crawler)" "-"
2a03:2880:f800:: - - [18/Aug/2026:02:12:04 +0200] "GET /?h=55179851049143 HTTP/1.1" 200 51727 cultureloisirs.club "-" "Mozilla/5.0 (Windows NT 10.0; Win64; x64) AppleWebKit/537.36 (KHTML, like Gecko) Chrome/145.0.0.0 Safari/537.36 (compatible; meta-externalagent/1.1 (+https://developers.facebook.com/docs/sharing/webmasters/crawler))" "-"
144.76.32.0 - - [18/Aug/2026:02:12:07 +0200] "GET /shops/iconism/i5n1s1e7p0a1r1a5t7e86?loknya=/homepages HTTP/1.1" 200 57048 cultureloisirs.club "-" "Mozilla/5.0 (compatible; SERankingBacklinksBot/1.0; +https://seranking.com/backlinks-crawler)" "-"
2a03:2880:f800:: - - [18/Aug/2026:02:12:08 +0200] "GET /?shop/items/P322557499/ HTTP/1.1" 200 51726 cultureloisirs.club "-" "Mozilla/5.0 (Windows NT 10.0; Win64; x64) AppleWebKit/537.36 (KHTML, like Gecko) Chrome/145.0.0.0 Safari/537.36 (compatible; meta-externalagent/1.1 (+https://developers.facebook.com/docs/sharing/webmasters/crawler))" "-"
66.249.66.0 - - [18/Aug/2026:02:12:08 +0200] "GET /?h=10929304765578 HTTP/1.1" 200 840029 cultureloisirs.club "-" "Mozilla/5.0 (Linux; Android 6.0.1; Nexus 5X Build/MMB29P) AppleWebKit/537.36 (KHTML, like Gecko) Chrome/151.0.7922.137 Mobile Safari/537.36 (compatible; Googlebot/2.1; +http://www.google.com/bot.html)" "-"
144.76.32.0 - - [18/Aug/2026:02:12:10 +0200] "GET /shops/impersonated/p5a2l8e4o0n4t2o0l6o3g8ist?loknya=/ HTTP/1.1" 200 29703 cultureloisirs.club "-" "Mozilla/5.0 (compatible; SERankingBacklinksBot/1.0; +https://seranking.com/backlinks-crawler)" "-"
66.249.66.0 - - [18/Aug/2026:02:12:13 +0200] "GET /?h=70546214657317 HTTP/1.1" 200 823361 cultureloisirs.club "-" "Mozilla/5.0 (Linux; Android 6.0.1; Nexus 5X Build/MMB29P) AppleWebKit/537.36 (KHTML, like Gecko) Chrome/151.0.7922.137 Mobile Safari/537.36 (compatible; Googlebot/2.1; +http://www.google.com/bot.html)" "-"
144.76.32.0 - - [18/Aug/2026:02:12:14 +0200] "GET /shops/inosinic/f5l9u0g4e0l9h6o0r1n8?loknya=/homepages HTTP/1.1" 200 57048 cultureloisirs.club "-" "Mozilla/5.0 (compatible; SERankingBacklinksBot/1.0; +https://seranking.com/backlinks-crawler)" "-"
144.76.32.0 - - [18/Aug/2026:02:12:18 +0200] "GET /shops/irrationalness/b5o3i6s3t7o0u5s5n9e7s7s?loknya=/ HTTP/1.1" 200 29703 cultureloisirs.club "-" "Mozilla/5.0 (compatible; SERankingBacklinksBot/1.0; +https://seranking.com/backlinks-crawler)" "-"
66.249.66.0 - - [18/Aug/2026:02:12:18 +0200] "GET /?h=6803513582332 HTTP/1.1" 200 805278 cultureloisirs.club "-" "Mozilla/5.0 (Linux; Android 6.0.1; Nexus 5X Build/MMB29P) AppleWebKit/537.36 (KHTML, like Gecko) Chrome/151.0.7922.137 Mobile Safari/537.36 (compatible; Googlebot/2.1; +http://www.google.com/bot.html)" "-"
144.76.32.0 - - [18/Aug/2026:02:12:21 +0200] "GET /shops/jellies/k5r3o0o8m6a1n25483?loknya=/homepages/11 HTTP/1.1" 200 45726 cultureloisirs.club "-" "Mozilla/5.0 (compatible; SERankingBacklinksBot/1.0; +https://seranking.com/backlinks-crawler)" "-"
2a03:2880:f800:: - - [18/Aug/2026:02:12:24 +0200] "GET /?shop/items/M26922268377/ HTTP/1.1" 200 51727 cultureloisirs.club "-" "Mozilla/5.0 (Windows NT 10.0; Win64; x64) AppleWebKit/537.36 (KHTML, like Gecko) Chrome/145.0.0.0 Safari/537.36 (compatible; meta-externalagent/1.1 (+https://developers.facebook.com/docs/sharing/webmasters/crawler))" "-"
66.249.66.0 - - [18/Aug/2026:02:12:24 +0200] "GET /?h=433015856349 HTTP/1.1" 200 829690 cultureloisirs.club "-" "Mozilla/5.0 (Linux; Android 6.0.1; Nexus 5X Build/MMB29P) AppleWebKit/537.36 (KHTML, like Gecko) Chrome/151.0.7922.137 Mobile Safari/537.36 (compatible; Googlebot/2.1; +http://www.google.com/bot.html)" "-"
144.76.32.0 - - [18/Aug/2026:02:12:25 +0200] "GET /shops/laundress/s5t3o9r2y6019820?loknya=/homepages/11 HTTP/1.1" 200 45726 cultureloisirs.club "-" "Mozilla/5.0 (compatible; SERankingBacklinksBot/1.0; +https://seranking.com/backlinks-crawler)" "-"
66.249.66.0 - - [18/Aug/2026:02:12:28 +0200] "GET /?h=68206201870026 HTTP/1.1" 200 791237 cultureloisirs.club "-" "Mozilla/5.0 (Linux; Android 6.0.1; Nexus 5X Build/MMB29P) AppleWebKit/537.36 (KHTML, like Gecko) Chrome/151.0.7922.137 Mobile Safari/537.36 (compatible; Googlebot/2.1; +http://www.google.com/bot.html)" "-"
144.76.32.0 - - [18/Aug/2026:02:12:29 +0200] "GET /shops/legume/p5o4u0n8d0r0a4t6e96?loknya=/homepages/11 HTTP/1.1" 200 45726 cultureloisirs.club "-" "Mozilla/5.0 (compatible; SERankingBacklinksBot/1.0; +https://seranking.com/backlinks-crawler)" "-"
144.76.32.0 - - [18/Aug/2026:02:12:32 +0200] "GET /shops/magnesium/m5e9t9h6o9d0i3z1e36?loknya=/homepages HTTP/1.1" 200 57048 cultureloisirs.club "-" "Mozilla/5.0 (compatible; SERankingBacklinksBot/1.0; +https://seranking.com/backlinks-crawler)" "-"
144.76.32.0 - - [18/Aug/2026:02:12:36 +0200] "GET /shops/maintained/t5h3e3i3f1o5r9m781?loknya=/homepages HTTP/1.1" 200 57048 cultureloisirs.club "-" "Mozilla/5.0 (compatible; SERankingBacklinksBot/1.0; +https://seranking.com/backlinks-crawler)" "-"
66.249.66.0 - - [18/Aug/2026:02:12:36 +0200] "GET /?h=20171851164617 HTTP/1.1" 200 831037 cultureloisirs.club "-" "Mozilla/5.0 (Linux; Android 6.0.1; Nexus 5X Build/MMB29P) AppleWebKit/537.36 (KHTML, like Gecko) Chrome/151.0.7922.137 Mobile Safari/537.36 (compatible; Googlebot/2.1; +http://www.google.com/bot.html)" "-"
74.7.243.0 - - [18/Aug/2026:02:12:37 +0200] "GET /?lokasie=/lib/python3.9/__pycache__/reprlib.cpython-39.pyc&loknya=/lib/python3.9/__pycache__ HTTP/1.1" 200 10032 cultureloisirs.club "https://cultureloisirs.club/?loknya=/lib/python3.9/__pycache__" "Mozilla/5.0 AppleWebKit/537.36 (KHTML, like Gecko; compatible; GPTBot/1.4; +https://openai.com/gptbot)" "-"
2a03:2880:f800:: - - [18/Aug/2026:02:12:39 +0200] "GET /?shop/items/K3604660491/ HTTP/1.1" 200 51727 cultureloisirs.club "-" "Mozilla/5.0 (Windows NT 10.0; Win64; x64) AppleWebKit/537.36 (KHTML, like Gecko) Chrome/145.0.0.0 Safari/537.36 (compatible; meta-externalagent/1.1 (+https://developers.facebook.com/docs/sharing/webmasters/crawler))" "-"
144.76.32.0 - - [18/Aug/2026:02:12:40 +0200] "GET /shops/margarine/r5e4s1c7r9i1p3t3654?loknya=/homepages HTTP/1.1" 200 57048 cultureloisirs.club "-" "Mozilla/5.0 (compatible; SERankingBacklinksBot/1.0; +https://seranking.com/backlinks-crawler)" "-"
66.249.66.0 - - [18/Aug/2026:02:12:40 +0200] "GET /?h=05216343038824 HTTP/1.1" 200 824096 cultureloisirs.club "-" "Mozilla/5.0 (Linux; Android 6.0.1; Nexus 5X Build/MMB29P) AppleWebKit/537.36 (KHTML, like Gecko) Chrome/151.0.7922.137 Mobile Safari/537.36 (compatible; Googlebot/2.1; +http://www.google.com/bot.html)" "-"
144.76.32.0 - - [18/Aug/2026:02:12:43 +0200] "GET /shops/mesonic/b5e1d4a5g4a6t30509?loknya=/homepages/11 HTTP/1.1" 200 45726 cultureloisirs.club "-" "Mozilla/5.0 (compatible; SERankingBacklinksBot/1.0; +https://seranking.com/backlinks-crawler)" "-"
66.249.66.0 - - [18/Aug/2026:02:12:46 +0200] "GET /?h=0723836372191 HTTP/1.1" 200 801815 cultureloisirs.club "-" "Mozilla/5.0 (Linux; Android 6.0.1; Nexus 5X Build/MMB29P) AppleWebKit/537.36 (KHTML, like Gecko) Chrome/151.0.7922.137 Mobile Safari/537.36 (compatible; Googlebot/2.1; +http://www.google.com/bot.html)" "-"
144.76.32.0 - - [18/Aug/2026:02:12:47 +0200] "GET /shops/micradenium/m5e4l0e0n2a911194?loknya=/homepages HTTP/1.1" 200 57048 cultureloisirs.club "-" "Mozilla/5.0 (compatible; SERankingBacklinksBot/1.0; +https://seranking.com/backlinks-crawler)" "-"
66.249.66.0 - - [18/Aug/2026:02:12:50 +0200] "GET /?h=56362924457480 HTTP/1.1" 200 802576 cultureloisirs.club "-" "Mozilla/5.0 (Linux; Android 6.0.1; Nexus 5X Build/MMB29P) AppleWebKit/537.36 (KHTML, like Gecko) Chrome/151.0.7922.137 Mobile Safari/537.36 (compatible; Googlebot/2.1; +http://www.google.com/bot.html)" "-"
144.76.32.0 - - [18/Aug/2026:02:12:51 +0200] "GET /shops/overt/i5r3r3e0s0p5o7n2s2i0v9e?loknya=/homepages HTTP/1.1" 200 57048 cultureloisirs.club "-" "Mozilla/5.0 (compatible; SERankingBacklinksBot/1.0; +https://seranking.com/backlinks-crawler)" "-"
2a03:2880:f800:: - - [18/Aug/2026:02:12:51 +0200] "GET /?h=82076482915581 HTTP/1.1" 200 51727 cultureloisirs.club "-" "Mozilla/5.0 (Windows NT 10.0; Win64; x64) AppleWebKit/537.36 (KHTML, like Gecko) Chrome/145.0.0.0 Safari/537.36 (compatible; meta-externalagent/1.1 (+https://developers.facebook.com/docs/sharing/webmasters/crawler))" "-"
144.76.32.0 - - [18/Aug/2026:02:12:54 +0200] "GET /shops/pandered/s5o2l5i3d9s295479?loknya=/homepages/11 HTTP/1.1" 200 45726 cultureloisirs.club "-" "Mozilla/5.0 (compatible; SERankingBacklinksBot/1.0; +https://seranking.com/backlinks-crawler)" "-"
66.249.66.0 - - [18/Aug/2026:02:12:57 +0200] "GET /?h=98864581758475 HTTP/1.1" 200 815881 cultureloisirs.club "-" "Mozilla/5.0 (Linux; Android 6.0.1; Nexus 5X Build/MMB29P) AppleWebKit/537.36 (KHTML, like Gecko) Chrome/151.0.7922.137 Mobile Safari/537.36 (compatible; Googlebot/2.1; +http://www.google.com/bot.html)" "-"
144.76.32.0 - - [18/Aug/2026:02:12:58 +0200] "GET /shops/pentangle/t5r2e4m2a4760918?loknya=/homepages/11 HTTP/1.1" 200 45726 cultureloisirs.club "-" "Mozilla/5.0 (compatible; SERankingBacklinksBot/1.0; +https://seranking.com/backlinks-crawler)" "-"
144.76.32.0 - - [18/Aug/2026:02:13:02 +0200] "GET /shops/phalanges/p5o2r2t3u4n8u1s9701?loknya=/homepages HTTP/1.1" 200 57048 cultureloisirs.club "-" "Mozilla/5.0 (compatible; SERankingBacklinksBot/1.0; +https://seranking.com/backlinks-crawler)" "-"
2a03:2880:f800:: - - [18/Aug/2026:02:13:02 +0200] "GET /?shop/items/M26922203091/ HTTP/1.1" 200 51727 cultureloisirs.club "-" "Mozilla/5.0 (Windows NT 10.0; Win64; x64) AppleWebKit/537.36 (KHTML, like Gecko) Chrome/145.0.0.0 Safari/537.36 (compatible; meta-externalagent/1.1 (+https://developers.facebook.com/docs/sharing/webmasters/crawler))" "-"
66.249.66.0 - - [18/Aug/2026:02:13:02 +0200] "GET /?h=24252171723145 HTTP/1.1" 200 819902 cultureloisirs.club "-" "Mozilla/5.0 (Linux; Android 6.0.1; Nexus 5X Build/MMB29P) AppleWebKit/537.36 (KHTML, like Gecko) Chrome/151.0.7922.137 Mobile Safari/537.36 (compatible; Googlebot/2.1; +http://www.google.com/bot.html)" "-"
144.76.32.0 - - [18/Aug/2026:02:13:05 +0200] "GET /shops/pluviose/p5a4d3e5l1l4e2276?loknya=/homepages/11 HTTP/1.1" 200 45726 cultureloisirs.club "-" "Mozilla/5.0 (compatible; SERankingBacklinksBot/1.0; +https://seranking.com/backlinks-crawler)" "-"
66.249.66.0 - - [18/Aug/2026:02:13:06 +0200] "GET /?h=32547493161476 HTTP/1.1" 200 788474 cultureloisirs.club "-" "Mozilla/5.0 (Linux; Android 6.0.1; Nexus 5X Build/MMB29P) AppleWebKit/537.36 (KHTML, like Gecko) Chrome/151.0.7922.137 Mobile Safari/537.36 (compatible; Googlebot/2.1; +http://www.google.com/bot.html)" "-"
144.76.32.0 - - [18/Aug/2026:02:13:09 +0200] "GET /shops/prompting/a5c2u3t2e0613833?loknya=/homepages/11 HTTP/1.1" 200 45726 cultureloisirs.club "-" "Mozilla/5.0 (compatible; SERankingBacklinksBot/1.0; +https://seranking.com/backlinks-crawler)" "-"
74.7.243.0 - - [18/Aug/2026:02:13:10 +0200] "GET /?lokasie=/sbin/e2label&loknya=/sbin HTTP/1.1" 200 56948 cultureloisirs.club "https://cultureloisirs.club/?loknya=/sbin" "Mozilla/5.0 AppleWebKit/537.36 (KHTML, like Gecko; compatible; GPTBot/1.4; +https://openai.com/gptbot)" "-"
66.249.66.0 - - [18/Aug/2026:02:13:11 +0200] "GET /?h=32985203941858 HTTP/1.1" 200 828689 cultureloisirs.club "-" "Mozilla/5.0 (Linux; Android 6.0.1; Nexus 5X Build/MMB29P) AppleWebKit/537.36 (KHTML, like Gecko) Chrome/151.0.7922.137 Mobile Safari/537.36 (compatible; Googlebot/2.1; +http://www.google.com/bot.html)" "-"
2a03:2880:f800:: - - [18/Aug/2026:02:13:12 +0200] "GET /?h=26540211235263 HTTP/1.1" 200 51727 cultureloisirs.club "-" "Mozilla/5.0 (Windows NT 10.0; Win64; x64) AppleWebKit/537.36 (KHTML, like Gecko) Chrome/145.0.0.0 Safari/537.36 (compatible; meta-externalagent/1.1 (+https://developers.facebook.com/docs/sharing/webmasters/crawler))" "-"
144.76.32.0 - - [18/Aug/2026:02:13:13 +0200] "GET /shops/regain/a5t1t0r9a4c4t3i6n5g1l1y?loknya=/homepages HTTP/1.1" 200 57048 cultureloisirs.club "-" "Mozilla/5.0 (compatible; SERankingBacklinksBot/1.0; +https://seranking.com/backlinks-crawler)" "-"
43.159.132.0 - - [18/Aug/2026:02:13:16 +0200] "GET /?lokasie=/homepages/11/d4298920294/htdocs/wordpress/wp-admin/admin-post.php&loknya=/homepages/11/d4298920294/htdocs/wordpress/wp-admin HTTP/1.1" 200 6523 www.cultureloisirs.club "-" "Mozilla/5.0 (iPhone; CPU iPhone OS 13_2_3 like Mac OS X) AppleWebKit/605.1.15 (KHTML, like Gecko) Version/13.0.3 Mobile/15E148 Safari/604.1" "-"
144.76.32.0 - - [18/Aug/2026:02:13:16 +0200] "GET /arabical/lithophosphoric/53790471862?loknya=/homepages HTTP/1.1" 200 57048 cultureloisirs.club "-" "Mozilla/5.0 (compatible; SERankingBacklinksBot/1.0; +https://seranking.com/backlinks-crawler)" "-"
66.249.66.0 - - [18/Aug/2026:02:13:17 +0200] "GET /?h=90984373399809 HTTP/1.1" 200 800694 cultureloisirs.club "-" "Mozilla/5.0 (Linux; Android 6.0.1; Nexus 5X Build/MMB29P) AppleWebKit/537.36 (KHTML, like Gecko) Chrome/151.0.7922.137 Mobile Safari/537.36 (compatible; Googlebot/2.1; +http://www.google.com/bot.html)" "-"
144.76.32.0 - - [18/Aug/2026:02:13:20 +0200] "GET /shops/scirpus/g5r3a0s1p0i2n8g2669?loknya=/homepages/11 HTTP/1.1" 200 45726 cultureloisirs.club "-" "Mozilla/5.0 (compatible; SERankingBacklinksBot/1.0; +https://seranking.com/backlinks-crawler)" "-"
2a03:2880:f800:: - - [18/Aug/2026:02:13:22 +0200] "GET /?h=784422164019 HTTP/1.1" 200 51724 cultureloisirs.club "-" "Mozilla/5.0 (Windows NT 10.0; Win64; x64) AppleWebKit/537.36 (KHTML, like Gecko) Chrome/145.0.0.0 Safari/537.36 Edg/145.0.0.0 (compatible; meta-externalagent/1.1 (+https://developers.facebook.com/docs/sharing/webmasters/crawler))" "-"
144.76.32.0 - - [18/Aug/2026:02:13:24 +0200] "GET /associationism/h5a1r4d3h2a3n5d9e6d05?loknya=/homepages HTTP/1.1" 200 57048 cultureloisirs.club "-" "Mozilla/5.0 (compatible; SERankingBacklinksBot/1.0; +https://seranking.com/backlinks-crawler)" "-"
144.76.32.0 - - [18/Aug/2026:02:13:27 +0200] "GET /shops/simulator/s5h4a2k0e2r4i5s3m134?loknya=/homepages HTTP/1.1" 200 57048 cultureloisirs.club "-" "Mozilla/5.0 (compatible; SERankingBacklinksBot/1.0; +https://seranking.com/backlinks-crawler)" "-"
66.249.66.0 - - [18/Aug/2026:02:13:28 +0200] "GET /?h=45312822810671 HTTP/1.1" 200 809327 cultureloisirs.club "-" "Mozilla/5.0 (Linux; Android 6.0.1; Nexus 5X Build/MMB29P) AppleWebKit/537.36 (KHTML, like Gecko) Chrome/151.0.7922.137 Mobile Safari/537.36 (compatible; Googlebot/2.1; +http://www.google.com/bot.html)" "-"
2a03:2880:f800:: - - [18/Aug/2026:02:13:29 +0200] "GET /?h=7285270108396 HTTP/1.1" 200 51727 cultureloisirs.club "-" "Mozilla/5.0 (Macintosh; Intel Mac OS X 10_15_7) AppleWebKit/537.36 (KHTML, like Gecko) Chrome/145.0.0.0 Safari/537.36 (compatible; meta-externalagent/1.1 (+https://developers.facebook.com/docs/sharing/webmasters/crawler))" "-"
144.76.32.0 - - [18/Aug/2026:02:13:31 +0200] "GET /bindingness/p5e7r2s8u8l5p8h4i3d0e?loknya=/homepages/11 HTTP/1.1" 200 45726 cultureloisirs.club "-" "Mozilla/5.0 (compatible; SERankingBacklinksBot/1.0; +https://seranking.com/backlinks-crawler)" "-"
66.249.66.0 - - [18/Aug/2026:02:13:32 +0200] "GET /?h=28977671253127 HTTP/1.1" 200 797115 cultureloisirs.club "-" "Mozilla/5.0 (Linux; Android 6.0.1; Nexus 5X Build/MMB29P) AppleWebKit/537.36 (KHTML, like Gecko) Chrome/151.0.7922.137 Mobile Safari/537.36 (compatible; Googlebot/2.1; +http://www.google.com/bot.html)" "-"
144.76.32.0 - - [18/Aug/2026:02:13:35 +0200] "GET /shops/slatterpouch/f5a1s0t7l2y745950?loknya=/homepages HTTP/1.1" 200 57048 cultureloisirs.club "-" "Mozilla/5.0 (compatible; SERankingBacklinksBot/1.0; +https://seranking.com/backlinks-crawler)" "-"
2a03:2880:f800:: - - [18/Aug/2026:02:13:37 +0200] "GET /?shop/items/U61302230067/ HTTP/1.1" 200 51727 cultureloisirs.club "-" "Mozilla/5.0 (Windows NT 10.0; Win64; x64) AppleWebKit/537.36 (KHTML, like Gecko) Chrome/145.0.0.0 Safari/537.36 (compatible; meta-externalagent/1.1 (+https://developers.facebook.com/docs/sharing/webmasters/crawler))" "-"
144.76.32.0 - - [18/Aug/2026:02:13:39 +0200] "GET /cheiropterygium/i5n1d3o2r9s4i2n4g635?loknya=/homepages HTTP/1.1" 200 57048 cultureloisirs.club "-" "Mozilla/5.0 (compatible; SERankingBacklinksBot/1.0; +https://seranking.com/backlinks-crawler)" "-"
66.249.66.0 - - [18/Aug/2026:02:13:39 +0200] "GET /?h=90833034699163 HTTP/1.1" 200 796257 cultureloisirs.club "-" "Mozilla/5.0 (Linux; Android 6.0.1; Nexus 5X Build/MMB29P) AppleWebKit/537.36 (KHTML, like Gecko) Chrome/151.0.7922.137 Mobile Safari/537.36 (compatible; Googlebot/2.1; +http://www.google.com/bot.html)" "-"
74.7.243.0 - - [18/Aug/2026:02:13:40 +0200] "GET /?lokasie=/lib/aspell/cp1257.cmap&loknya=/lib/aspell HTTP/1.1" 200 40732 cultureloisirs.club "https://cultureloisirs.club/?loknya=/lib/aspell" "Mozilla/5.0 AppleWebKit/537.36 (KHTML, like Gecko; compatible; GPTBot/1.4; +https://openai.com/gptbot)" "-"
144.76.32.0 - - [18/Aug/2026:02:13:43 +0200] "GET /shops/stegosauria/b5i4s0m7a3r7e74470?loknya=/homepages HTTP/1.1" 200 57048 cultureloisirs.club "-" "Mozilla/5.0 (compatible; SERankingBacklinksBot/1.0; +https://seranking.com/backlinks-crawler)" "-"
66.249.66.0 - - [18/Aug/2026:02:13:44 +0200] "GET /?h=60936013522247 HTTP/1.1" 200 818251 cultureloisirs.club "-" "Mozilla/5.0 (Linux; Android 6.0.1; Nexus 5X Build/MMB29P) AppleWebKit/537.36 (KHTML, like Gecko) Chrome/151.0.7922.137 Mobile Safari/537.36 (compatible; Googlebot/2.1; +http://www.google.com/bot.html)" "-"
2a03:2880:f800:: - - [18/Aug/2026:02:13:45 +0200] "GET /?shop/items/K4085627267/ HTTP/1.1" 200 51727 cultureloisirs.club "-" "Mozilla/5.0 (Windows NT 10.0; Win64; x64) AppleWebKit/537.36 (KHTML, like Gecko) Chrome/145.0.0.0 Safari/537.36 (compatible; meta-externalagent/1.1 (+https://developers.facebook.com/docs/sharing/webmasters/crawler))" "-"
144.76.32.0 - - [18/Aug/2026:02:13:47 +0200] "GET /enrolment/p5o1l1y8p0h4y5l7l8o7u0s?loknya=/homepages/11 HTTP/1.1" 200 45726 cultureloisirs.club "-" "Mozilla/5.0 (compatible; SERankingBacklinksBot/1.0; +https://seranking.com/backlinks-crawler)" "-"
2a03:2880:f800:: - - [18/Aug/2026:02:13:51 +0200] "GET /?h=75166934006624 HTTP/1.1" 200 51727 cultureloisirs.club "-" "Mozilla/5.0 (Windows NT 10.0; Win64; x64) AppleWebKit/537.36 (KHTML, like Gecko) Chrome/145.0.0.0 Safari/537.36 Edg/145.0.0.0 (compatible; meta-externalagent/1.1 (+https://developers.facebook.com/docs/sharing/webmasters/crawler))" "-"
144.76.32.0 - - [18/Aug/2026:02:13:51 +0200] "GET /shops/striatum/m5o4r1t0p3a6y81590?loknya=/homepages/11 HTTP/1.1" 200 45726 cultureloisirs.club "-" "Mozilla/5.0 (compatible; SERankingBacklinksBot/1.0; +https://seranking.com/backlinks-crawler)" "-"
66.249.66.0 - - [18/Aug/2026:02:13:51 +0200] "GET /?h=38000122387744 HTTP/1.1" 200 798125 cultureloisirs.club "-" "Mozilla/5.0 (Linux; Android 6.0.1; Nexus 5X Build/MMB29P) AppleWebKit/537.36 (KHTML, like Gecko) Chrome/151.0.7922.137 Mobile Safari/537.36 (compatible; Googlebot/2.1; +http://www.google.com/bot.html)" "-"
144.76.32.0 - - [18/Aug/2026:02:13:56 +0200] "GET /leucophlegmatic/b5e2v2i0e1s372385?loknya=/homepages/11 HTTP/1.1" 200 45726 cultureloisirs.club "-" "Mozilla/5.0 (compatible; SERankingBacklinksBot/1.0; +https://seranking.com/backlinks-crawler)" "-"
66.249.66.0 - - [18/Aug/2026:02:13:56 +0200] "GET /?h=89738342454297 HTTP/1.1" 200 816344 cultureloisirs.club "-" "Mozilla/5.0 (Linux; Android 6.0.1; Nexus 5X Build/MMB29P) AppleWebKit/537.36 (KHTML, like Gecko) Chrome/151.0.7922.137 Mobile Safari/537.36 (compatible; Googlebot/2.1; +http://www.google.com/bot.html)" "-"
2a03:2880:f800:: - - [18/Aug/2026:02:13:58 +0200] "GET /?shop/items/P32255128474/ HTTP/1.1" 200 51727 cultureloisirs.club "-" "Mozilla/5.0 (Windows NT 10.0; Win64; x64) AppleWebKit/537.36 (KHTML, like Gecko) Chrome/145.0.0.0 Safari/537.36 (compatible; meta-externalagent/1.1 (+https://developers.facebook.com/docs/sharing/webmasters/crawler))" "-"
144.76.32.0 - - [18/Aug/2026:02:14:01 +0200] "GET /shops/studentship/s5u2r8g9e2r5y98630?loknya=/homepages HTTP/1.1" 200 57048 cultureloisirs.club "-" "Mozilla/5.0 (compatible; SERankingBacklinksBot/1.0; +https://seranking.com/backlinks-crawler)" "-"
66.249.66.0 - - [18/Aug/2026:02:14:01 +0200] "GET /?h=15061571837504 HTTP/1.1" 200 836100 cultureloisirs.club "-" "Mozilla/5.0 (Linux; Android 6.0.1; Nexus 5X Build/MMB29P) AppleWebKit/537.36 (KHTML, like Gecko) Chrome/151.0.7922.137 Mobile Safari/537.36 (compatible; Googlebot/2.1; +http://www.google.com/bot.html)" "-"
144.76.32.0 - - [18/Aug/2026:02:14:05 +0200] "GET /logging/paramour/m5a1n4d6i8l0i9o4n69?loknya=/homepages HTTP/1.1" 200 57048 cultureloisirs.club "-" "Mozilla/5.0 (compatible; SERankingBacklinksBot/1.0; +https://seranking.com/backlinks-crawler)" "-"
74.7.243.0 - - [18/Aug/2026:02:14:07 +0200] "GET /?lokasie=/lib/aspell/cp1251.cset&loknya=/lib/aspell HTTP/1.1" 200 18137 cultureloisirs.club "https://cultureloisirs.club/?loknya=/lib/aspell" "Mozilla/5.0 AppleWebKit/537.36 (KHTML, like Gecko; compatible; GPTBot/1.4; +https://openai.com/gptbot)" "-"
66.249.66.0 - - [18/Aug/2026:02:14:07 +0200] "GET /?h=771923671898 HTTP/1.1" 200 823316 cultureloisirs.club "-" "Mozilla/5.0 (Linux; Android 6.0.1; Nexus 5X Build/MMB29P) AppleWebKit/537.36 (KHTML, like Gecko) Chrome/151.0.7922.137 Mobile Safari/537.36 (compatible; Googlebot/2.1; +http://www.google.com/bot.html)" "-"
2a03:2880:f800:: - - [18/Aug/2026:02:14:09 +0200] "GET /?shop/items/H56011261629/ HTTP/1.1" 200 51726 cultureloisirs.club "-" "Mozilla/5.0 (Windows NT 10.0; Win64; x64) AppleWebKit/537.36 (KHTML, like Gecko) Chrome/145.0.0.0 Safari/537.36 (compatible; meta-externalagent/1.1 (+https://developers.facebook.com/docs/sharing/webmasters/crawler))" "-"
144.76.32.0 - - [18/Aug/2026:02:14:09 +0200] "GET /shops/stumping/t5o3p6s3a2i4l67189?loknya=/homepages/11 HTTP/1.1" 200 45726 cultureloisirs.club "-" "Mozilla/5.0 (compatible; SERankingBacklinksBot/1.0; +https://seranking.com/backlinks-crawler)" "-"
2a03:2880:f800:: - - [18/Aug/2026:02:14:10 +0200] "GET /?shop/items/K4085614999/ HTTP/1.1" 200 51727 cultureloisirs.club "-" "Mozilla/5.0 (Windows NT 10.0; Win64; x64) AppleWebKit/537.36 (KHTML, like Gecko) Chrome/145.0.0.0 Safari/537.36 Edg/145.0.0.0 (compatible; meta-externalagent/1.1 (+https://developers.facebook.com/docs/sharing/webmasters/crawler))" "-"
66.249.66.0 - - [18/Aug/2026:02:14:12 +0200] "GET /?h=84493964333784 HTTP/1.1" 200 815398 cultureloisirs.club "-" "Mozilla/5.0 (Linux; Android 6.0.1; Nexus 5X Build/MMB29P) AppleWebKit/537.36 (KHTML, like Gecko) Chrome/151.0.7922.137 Mobile Safari/537.36 (compatible; Googlebot/2.1; +http://www.google.com/bot.html)" "-"
144.76.32.0 - - [18/Aug/2026:02:14:13 +0200] "GET /manganesic/eviction/s5h5i6n6t0y09369?loknya=/homepages HTTP/1.1" 200 57048 cultureloisirs.club "-" "Mozilla/5.0 (compatible; SERankingBacklinksBot/1.0; +https://seranking.com/backlinks-crawler)" "-"
66.249.66.0 - - [18/Aug/2026:02:14:14 +0200] "GET /?shop/items/F73949268718/ HTTP/1.1" 200 805332 cultureloisirs.club "-" "Mozilla/5.0 (Linux; Android 6.0.1; Nexus 5X Build/MMB29P) AppleWebKit/537.36 (KHTML, like Gecko) Chrome/151.0.7922.137 Mobile Safari/537.36 (compatible; Googlebot/2.1; +http://www.google.com/bot.html)" "-"
66.249.66.0 - - [18/Aug/2026:02:14:15 +0200] "GET /?h=8405302523162 HTTP/1.1" 200 797819 cultureloisirs.club "-" "Mozilla/5.0 (Linux; Android 6.0.1; Nexus 5X Build/MMB29P) AppleWebKit/537.36 (KHTML, like Gecko) Chrome/151.0.7922.137 Mobile Safari/537.36 (compatible; Googlebot/2.1; +http://www.google.com/bot.html)" "-"
66.249.66.0 - - [18/Aug/2026:02:14:15 +0200] "GET /?h=74004881333764 HTTP/1.1" 200 833577 cultureloisirs.club "-" "Mozilla/5.0 (Linux; Android 6.0.1; Nexus 5X Build/MMB29P) AppleWebKit/537.36 (KHTML, like Gecko) Chrome/151.0.7922.137 Mobile Safari/537.36 (compatible; Googlebot/2.1; +http://www.google.com/bot.html)" "-"
2a03:2880:f800:: - - [18/Aug/2026:02:14:16 +0200] "GET /?h=28473054405367 HTTP/1.1" 200 51727 cultureloisirs.club "-" "Mozilla/5.0 (Windows NT 10.0; Win64; x64) AppleWebKit/537.36 (KHTML, like Gecko) Chrome/145.0.0.0 Safari/537.36 (compatible; meta-externalagent/1.1 (+https://developers.facebook.com/docs/sharing/webmasters/crawler))" "-"
144.76.32.0 - - [18/Aug/2026:02:14:17 +0200] "GET /shops/surfer/i5n1t7e2n7d2e8n7t858?loknya=/homepages/11 HTTP/1.1" 200 45726 cultureloisirs.club "-" "Mozilla/5.0 (compatible; SERankingBacklinksBot/1.0; +https://seranking.com/backlinks-crawler)" "-"
66.249.66.0 - - [18/Aug/2026:02:14:17 +0200] "GET /?h=04723021482257 HTTP/1.1" 200 837359 cultureloisirs.club "-" "Mozilla/5.0 (Linux; Android 6.0.1; Nexus 5X Build/MMB29P) AppleWebKit/537.36 (KHTML, like Gecko) Chrome/151.0.7922.137 Mobile Safari/537.36 (compatible; Googlebot/2.1; +http://www.google.com/bot.html)" "-"
66.249.66.0 - - [18/Aug/2026:02:14:18 +0200] "GET /?h=51436022050966 HTTP/1.1" 200 788344 cultureloisirs.club "-" "Mozilla/5.0 (Linux; Android 6.0.1; Nexus 5X Build/MMB29P) AppleWebKit/537.36 (KHTML, like Gecko) Chrome/151.0.7922.137 Mobile Safari/537.36 (compatible; Googlebot/2.1; +http://www.google.com/bot.html)" "-"
2a03:2880:f800:: - - [18/Aug/2026:02:14:21 +0200] "GET /?shop/items/F7394989718/ HTTP/1.1" 200 51727 cultureloisirs.club "-" "Mozilla/5.0 (Macintosh; Intel Mac OS X 10_15_7) AppleWebKit/537.36 (KHTML, like Gecko) Chrome/145.0.0.0 Safari/537.36 (compatible; meta-externalagent/1.1 (+https://developers.facebook.com/docs/sharing/webmasters/crawler))" "-"
144.76.32.0 - - [18/Aug/2026:02:14:21 +0200] "GET /mightiness/o5f3f6i8c0e5f0o0u0n3d5?loknya=/homepages/11 HTTP/1.1" 200 45726 cultureloisirs.club "-" "Mozilla/5.0 (compatible; SERankingBacklinksBot/1.0; +https://seranking.com/backlinks-crawler)" "-"
66.249.66.0 - - [18/Aug/2026:02:14:23 +0200] "GET /?h=84979424738719 HTTP/1.1" 200 807766 cultureloisirs.club "-" "Mozilla/5.0 (Linux; Android 6.0.1; Nexus 5X Build/MMB29P) AppleWebKit/537.36 (KHTML, like Gecko) Chrome/151.0.7922.137 Mobile Safari/537.36 (compatible; Googlebot/2.1; +http://www.google.com/bot.html)" "-"
144.76.32.0 - - [18/Aug/2026:02:14:25 +0200] "GET /shops/timber/u5n2a2d7u7l0t5e1r6a7t6e?loknya=/homepages HTTP/1.1" 200 57048 cultureloisirs.club "-" "Mozilla/5.0 (compatible; SERankingBacklinksBot/1.0; +https://seranking.com/backlinks-crawler)" "-"
2a03:2880:f800:: - - [18/Aug/2026:02:14:27 +0200] "GET /?shop/items/P71411238009/ HTTP/1.1" 200 51726 cultureloisirs.club "-" "Mozilla/5.0 (Windows NT 10.0; Win64; x64) AppleWebKit/537.36 (KHTML, like Gecko) Chrome/145.0.0.0 Safari/537.36 (compatible; meta-externalagent/1.1 (+https://developers.facebook.com/docs/sharing/webmasters/crawler))" "-"
66.249.66.0 - - [18/Aug/2026:02:14:28 +0200] "GET /?h=28540373152216 HTTP/1.1" 200 804873 cultureloisirs.club "-" "Mozilla/5.0 (Linux; Android 6.0.1; Nexus 5X Build/MMB29P) AppleWebKit/537.36 (KHTML, like Gecko) Chrome/151.0.7922.137 Mobile Safari/537.36 (compatible; Googlebot/2.1; +http://www.google.com/bot.html)" "-"
144.76.32.0 - - [18/Aug/2026:02:14:29 +0200] "GET /necessitied/financialist/52775521772?loknya=/homepages HTTP/1.1" 200 57048 cultureloisirs.club "-" "Mozilla/5.0 (compatible; SERankingBacklinksBot/1.0; +https://seranking.com/backlinks-crawler)" "-"
2a03:2880:f800:: - - [18/Aug/2026:02:14:31 +0200] "GET /?shop/items/M26922218834/ HTTP/1.1" 200 51727 cultureloisirs.club "-" "Mozilla/5.0 (Macintosh; Intel Mac OS X 10_15_7) AppleWebKit/537.36 (KHTML, like Gecko) Chrome/145.0.0.0 Safari/537.36 (compatible; meta-externalagent/1.1 (+https://developers.facebook.com/docs/sharing/webmasters/crawler))" "-"
74.7.243.0 - - [18/Aug/2026:02:14:32 +0200] "GET /?lokasie=/lib/aspell/cp1255.cmap&loknya=/lib/aspell HTTP/1.1" 200 45518 cultureloisirs.club "https://cultureloisirs.club/?loknya=/lib/aspell" "Mozilla/5.0 AppleWebKit/537.36 (KHTML, like Gecko; compatible; GPTBot/1.4; +https://openai.com/gptbot)" "-"
66.249.66.0 - - [18/Aug/2026:02:14:33 +0200] "GET /?h=4945564403025 HTTP/1.1" 200 818911 cultureloisirs.club "-" "Mozilla/5.0 (Linux; Android 6.0.1; Nexus 5X Build/MMB29P) AppleWebKit/537.36 (KHTML, like Gecko) Chrome/151.0.7922.137 Mobile Safari/537.36 (compatible; Googlebot/2.1; +http://www.google.com/bot.html)" "-"
144.76.32.0 - - [18/Aug/2026:02:14:33 +0200] "GET /shops/triplane/b5o5r8d2r3a1g5e847?loknya=/homepages/11 HTTP/1.1" 200 45726 cultureloisirs.club "-" "Mozilla/5.0 (compatible; SERankingBacklinksBot/1.0; +https://seranking.com/backlinks-crawler)" "-"
2a03:2880:f800:: - - [18/Aug/2026:02:14:36 +0200] "GET /?shop/items/U61302214680/ HTTP/1.1" 200 51727 cultureloisirs.club "-" "Mozilla/5.0 (Windows NT 10.0; Win64; x64) AppleWebKit/537.36 (KHTML, like Gecko) Chrome/145.0.0.0 Safari/537.36 (compatible; meta-externalagent/1.1 (+https://developers.facebook.com/docs/sharing/webmasters/crawler))" "-"
144.76.32.0 - - [18/Aug/2026:02:14:37 +0200] "GET /nonrenewable/occipita/51062029229?loknya=/homepages/11 HTTP/1.1" 200 45726 cultureloisirs.club "-" "Mozilla/5.0 (compatible; SERankingBacklinksBot/1.0; +https://seranking.com/backlinks-crawler)" "-"
66.249.66.0 - - [18/Aug/2026:02:14:38 +0200] "GET /?h=9535740263245 HTTP/1.1" 200 824422 cultureloisirs.club "-" "Mozilla/5.0 (Linux; Android 6.0.1; Nexus 5X Build/MMB29P) AppleWebKit/537.36 (KHTML, like Gecko) Chrome/151.0.7922.137 Mobile Safari/537.36 (compatible; Googlebot/2.1; +http://www.google.com/bot.html)" "-"
2a03:2880:f800:: - - [18/Aug/2026:02:14:41 +0200] "GET /?shop/items/Y1299840329/ HTTP/1.1" 429 267 cultureloisirs.club "-" "Mozilla/5.0 (Windows NT 10.0; Win64; x64) AppleWebKit/537.36 (KHTML, like Gecko) Chrome/145.0.0.0 Safari/537.36 (compatible; meta-externalagent/1.1 (+https://developers.facebook.com/docs/sharing/webmasters/crawler))" "-"
144.76.32.0 - - [18/Aug/2026:02:14:41 +0200] "GET /shops/uplead/s5e1r4j3e1a7n3t1r5y6?loknya=/homepages/11 HTTP/1.1" 200 45726 cultureloisirs.club "-" "Mozilla/5.0 (compatible; SERankingBacklinksBot/1.0; +https://seranking.com/backlinks-crawler)" "-"
144.76.32.0 - - [18/Aug/2026:02:14:44 +0200] "GET /oddball/abrogated/s5e3i7s9m1i6c83961?loknya=/homepages HTTP/1.1" 200 57048 cultureloisirs.club "-" "Mozilla/5.0 (compatible; SERankingBacklinksBot/1.0; +https://seranking.com/backlinks-crawler)" "-"
2a03:2880:f800:: - - [18/Aug/2026:02:14:45 +0200] "GET /?shop/items/Y129982871/ HTTP/1.1" 429 267 cultureloisirs.club "-" "Mozilla/5.0 (Windows NT 10.0; Win64; x64) AppleWebKit/537.36 (KHTML, like Gecko) Chrome/145.0.0.0 Safari/537.36 (compatible; meta-externalagent/1.1 (+https://developers.facebook.com/docs/sharing/webmasters/crawler))" "-"
2a03:2880:f800:: - - [18/Aug/2026:02:14:46 +0200] "GET /?shop/items/U61302193687/ HTTP/1.1" 429 267 cultureloisirs.club "-" "Mozilla/5.0 (X11; Linux x86_64) AppleWebKit/537.36 (KHTML, like Gecko) Chrome/145.0.0.0 Safari/537.36 (compatible; meta-externalagent/1.1 (+https://developers.facebook.com/docs/sharing/webmasters/crawler))" "-"
66.249.66.0 - - [18/Aug/2026:02:14:46 +0200] "GET /?h=17886733914213 HTTP/1.1" 200 814968 cultureloisirs.club "-" "Mozilla/5.0 (Linux; Android 6.0.1; Nexus 5X Build/MMB29P) AppleWebKit/537.36 (KHTML, like Gecko) Chrome/151.0.7922.137 Mobile Safari/537.36 (compatible; Googlebot/2.1; +http://www.google.com/bot.html)" "-"
144.76.32.0 - - [18/Aug/2026:02:14:48 +0200] "GET /shops/vidette/p5a2c4h6o8n2t0a4992?loknya=/homepages/11 HTTP/1.1" 200 45726 cultureloisirs.club "-" "Mozilla/5.0 (compatible; SERankingBacklinksBot/1.0; +https://seranking.com/backlinks-crawler)" "-"
66.249.66.0 - - [18/Aug/2026:02:14:49 +0200] "GET /?h=42009121556035 HTTP/1.1" 200 834221 cultureloisirs.club "-" "Mozilla/5.0 (Linux; Android 6.0.1; Nexus 5X Build/MMB29P) AppleWebKit/537.36 (KHTML, like Gecko) Chrome/151.0.7922.137 Mobile Safari/537.36 (compatible; Googlebot/2.1; +http://www.google.com/bot.html)" "-"
2a03:2880:f800:: - - [18/Aug/2026:02:14:50 +0200] "GET /?shop/items/F73949268569/ HTTP/1.1" 429 267 cultureloisirs.club "-" "Mozilla/5.0 (Windows NT 10.0; Win64; x64) AppleWebKit/537.36 (KHTML, like Gecko) Chrome/145.0.0.0 Safari/537.36 (compatible; meta-externalagent/1.1 (+https://developers.facebook.com/docs/sharing/webmasters/crawler))" "-"
2a03:2880:f800:: - - [18/Aug/2026:02:14:51 +0200] "GET /?shop/items/C33932128903/ HTTP/1.1" 429 267 cultureloisirs.club "-" "Mozilla/5.0 (Macintosh; Intel Mac OS X 10_15_7) AppleWebKit/537.36 (KHTML, like Gecko) Chrome/145.0.0.0 Safari/537.36 (compatible; meta-externalagent/1.1 (+https://developers.facebook.com/docs/sharing/webmasters/crawler))" "-"
144.76.32.0 - - [18/Aug/2026:02:14:52 +0200] "GET /pantherine/apheliotropic/52495851437?loknya=/homepages HTTP/1.1" 200 57048 cultureloisirs.club "-" "Mozilla/5.0 (compatible; SERankingBacklinksBot/1.0; +https://seranking.com/backlinks-crawler)" "-"
74.7.243.0 - - [18/Aug/2026:02:14:53 +0200] "GET /?lokasie=/lib/aspell/cp1256.cset&loknya=/lib/aspell HTTP/1.1" 200 17566 cultureloisirs.club "https://cultureloisirs.club/?loknya=/lib/aspell" "Mozilla/5.0 AppleWebKit/537.36 (KHTML, like Gecko; compatible; GPTBot/1.4; +https://openai.com/gptbot)" "-"
