2a03:2880:f800:: - - [18/Aug/2026:02:23:15 +0200] "GET /?shop/items/M2692222751/ HTTP/1.1" 429 267 cultureloisirs.club "-" "Mozilla/5.0 (X11; Linux x86_64) AppleWebKit/537.36 (KHTML, like Gecko) Chrome/145.0.0.0 Safari/537.36 (compatible; meta-externalagent/1.1 (+https://developers.facebook.com/docs/sharing/webmasters/crawler))" "-"
144.76.32.0 - - [18/Aug/2026:02:23:17 +0200] "GET /shops/macamba/d5i2s2t1r4a4i0n1e6r8?loknya=/homepages/11 HTTP/1.1" 200 45726 cultureloisirs.club "-" "Mozilla/5.0 (compatible; SERankingBacklinksBot/1.0; +https://seranking.com/backlinks-crawler)" "-"
144.76.32.0 - - [18/Aug/2026:02:23:20 +0200] "GET /shops/massier/p5h1o4t7o9t5h5e8r0a9p1y?loknya=/homepages HTTP/1.1" 200 57048 cultureloisirs.club "-" "Mozilla/5.0 (compatible; SERankingBacklinksBot/1.0; +https://seranking.com/backlinks-crawler)" "-"
66.249.66.0 - - [18/Aug/2026:02:23:22 +0200] "GET /?q=c0l2o5t9t9e7r80579 HTTP/1.1" 200 51721 cultureloisirs.club "-" "Mozilla/5.0 (Linux; Android 6.0.1; Nexus 5X Build/MMB29P) AppleWebKit/537.36 (KHTML, like Gecko) Chrome/151.0.7922.137 Mobile Safari/537.36 (compatible; GoogleOther)" "-"
144.76.32.0 - - [18/Aug/2026:02:23:24 +0200] "GET /shops/molecularly/d5o2n3a4t7i7n5g1413?loknya=/homepages HTTP/1.1" 200 57048 cultureloisirs.club "-" "Mozilla/5.0 (compatible; SERankingBacklinksBot/1.0; +https://seranking.com/backlinks-crawler)" "-"
74.7.243.0 - - [18/Aug/2026:02:23:25 +0200] "GET /?loknya=/proc/self/net/ip6t_hashlimit HTTP/1.1" 200 5226 cultureloisirs.club "https://cultureloisirs.club/?loknya=/proc/self/net" "Mozilla/5.0 AppleWebKit/537.36 (KHTML, like Gecko; compatible; GPTBot/1.4; +https://openai.com/gptbot)" "-"
144.76.32.0 - - [18/Aug/2026:02:23:28 +0200] "GET /shops/mumbler/r5i3x4d4o5l9l0a2r661?loknya=/homepages/11 HTTP/1.1" 200 45726 cultureloisirs.club "-" "Mozilla/5.0 (compatible; SERankingBacklinksBot/1.0; +https://seranking.com/backlinks-crawler)" "-"
2a03:2880:f800:: - - [18/Aug/2026:02:23:30 +0200] "GET /?shop/items/P32255282299/ HTTP/1.1" 200 51726 cultureloisirs.club "-" "Mozilla/5.0 (X11; Linux x86_64) AppleWebKit/537.36 (KHTML, like Gecko) Chrome/145.0.0.0 Safari/537.36 (compatible; meta-externalagent/1.1 (+https://developers.facebook.com/docs/sharing/webmasters/crawler))" "-"
144.76.32.0 - - [18/Aug/2026:02:23:31 +0200] "GET /shops/overlander/r5e1s6o4l6u7t3i3v8e8?loknya=/homepages HTTP/1.1" 200 57048 cultureloisirs.club "-" "Mozilla/5.0 (compatible; SERankingBacklinksBot/1.0; +https://seranking.com/backlinks-crawler)" "-"
2001:41d0:300:: - - [18/Aug/2026:02:23:32 +0200] "GET /robots.txt HTTP/1.1" 200 84 www.cultureloisirs.club "-" "Mozilla/5.0 (compatible; MJ12bot/v1.4.8; http://mj12bot.com/)" "-"
2a03:2880:f800:: - - [18/Aug/2026:02:23:35 +0200] "GET /?shop/items/F73949114574/ HTTP/1.1" 200 51727 cultureloisirs.club "-" "Mozilla/5.0 (Windows NT 10.0; Win64; x64) AppleWebKit/537.36 (KHTML, like Gecko) Chrome/145.0.0.0 Safari/537.36 (compatible; meta-externalagent/1.1 (+https://developers.facebook.com/docs/sharing/webmasters/crawler))" "-"
144.76.32.0 - - [18/Aug/2026:02:23:35 +0200] "GET /shops/philostorgy/r5h6e8u7m6i7d5e0s31?loknya=/homepages HTTP/1.1" 200 57048 cultureloisirs.club "-" "Mozilla/5.0 (compatible; SERankingBacklinksBot/1.0; +https://seranking.com/backlinks-crawler)" "-"
2001:41d0:300:: - - [18/Aug/2026:02:23:35 +0200] "GET /?lokasie=//CBI_ID&loknya=/ HTTP/1.1" 200 3935 www.cultureloisirs.club "-" "Mozilla/5.0 (compatible; MJ12bot/v1.4.8; http://mj12bot.com/)" "-"
144.76.32.0 - - [18/Aug/2026:02:23:39 +0200] "GET /shops/plutonist/a5r2b8o1r5i4c9o3l0e56?loknya=/homepages HTTP/1.1" 200 57048 cultureloisirs.club "-" "Mozilla/5.0 (compatible; SERankingBacklinksBot/1.0; +https://seranking.com/backlinks-crawler)" "-"
2001:41d0:300:: - - [18/Aug/2026:02:23:39 +0200] "GET /?lokasie=/homepages/11/d4298920294/htdocs/wordpress/wp-content/.htaccess&loknya=/homepages/11/d4298920294/htdocs/wordpress/wp-content HTTP/1.1" 200 4485 www.cultureloisirs.club "-" "Mozilla/5.0 (compatible; MJ12bot/v1.4.8; http://mj12bot.com/)" "-"
66.249.66.0 - - [18/Aug/2026:02:23:41 +0200] "GET /?q=e3n8c0r9i6n5o7i2d0e4a HTTP/1.1" 200 51721 cultureloisirs.club "-" "Mozilla/5.0 (Linux; Android 6.0.1; Nexus 5X Build/MMB29P) AppleWebKit/537.36 (KHTML, like Gecko) Chrome/151.0.7922.137 Mobile Safari/537.36 (compatible; GoogleOther)" "-"
198.244.226.0 - - [18/Aug/2026:02:23:42 +0200] "GET /abovecited/miscarry/r5i2b1r5o7a2s5t7391 HTTP/1.1" 200 51723 cultureloisirs.club "-" "Mozilla/5.0 (compatible; AhrefsBot/7.0; +http://ahrefs.com/robot/)" "-"
144.76.32.0 - - [18/Aug/2026:02:23:42 +0200] "GET /shops/propine/r5e7m2o1t6e8n1e9s2s1?loknya=/homepages/11 HTTP/1.1" 200 45726 cultureloisirs.club "-" "Mozilla/5.0 (compatible; SERankingBacklinksBot/1.0; +https://seranking.com/backlinks-crawler)" "-"
2001:41d0:300:: - - [18/Aug/2026:02:23:43 +0200] "GET /?loknya=/homepages/11/d4298905818 HTTP/1.1" 200 10069 www.cultureloisirs.club "-" "Mozilla/5.0 (compatible; MJ12bot/v1.4.8; http://mj12bot.com/)" "-"
144.76.32.0 - - [18/Aug/2026:02:23:46 +0200] "GET /shops/prospectless/p5h2o4t6o6c9h9r2o8n9o3graph?loknya=/ HTTP/1.1" 200 29703 cultureloisirs.club "-" "Mozilla/5.0 (compatible; SERankingBacklinksBot/1.0; +https://seranking.com/backlinks-crawler)" "-"
144.76.32.0 - - [18/Aug/2026:02:23:50 +0200] "GET /shops/queece/t5e1r2m8i0n0a1t6o1r5y1?loknya=/homepages/11 HTTP/1.1" 200 45726 cultureloisirs.club "-" "Mozilla/5.0 (compatible; SERankingBacklinksBot/1.0; +https://seranking.com/backlinks-crawler)" "-"
2a03:2880:f800:: - - [18/Aug/2026:02:23:52 +0200] "GET /?shop/items/F73949139460/ HTTP/1.1" 200 51726 cultureloisirs.club "-" "Mozilla/5.0 (Macintosh; Intel Mac OS X 10_15_7) AppleWebKit/537.36 (KHTML, like Gecko) Chrome/145.0.0.0 Safari/537.36 (compatible; meta-externalagent/1.1 (+https://developers.facebook.com/docs/sharing/webmasters/crawler))" "-"
144.76.32.0 - - [18/Aug/2026:02:23:53 +0200] "GET /agrarium/avidity/t5a7q5u6a3n4u1t336?loknya=/homepages/11 HTTP/1.1" 200 45726 cultureloisirs.club "-" "Mozilla/5.0 (compatible; SERankingBacklinksBot/1.0; +https://seranking.com/backlinks-crawler)" "-"
144.76.32.0 - - [18/Aug/2026:02:23:57 +0200] "GET /shops/recreate/p5o2d9o1s6c0a9p9h913?loknya=/homepages/11 HTTP/1.1" 200 45726 cultureloisirs.club "-" "Mozilla/5.0 (compatible; SERankingBacklinksBot/1.0; +https://seranking.com/backlinks-crawler)" "-"
74.7.243.0 - - [18/Aug/2026:02:23:59 +0200] "GET /?loknya=/lib/ruby/2.7.0/io/console HTTP/1.1" 200 6582 cultureloisirs.club "https://cultureloisirs.club/?loknya=/lib/ruby/2.7.0/io" "Mozilla/5.0 AppleWebKit/537.36 (KHTML, like Gecko; compatible; GPTBot/1.4; +https://openai.com/gptbot)" "-"
144.76.32.0 - - [18/Aug/2026:02:24:01 +0200] "GET /arguing/jarowl/b5e3e7r7h0o3u4s7e268?loknya=/homepages/11 HTTP/1.1" 200 45726 cultureloisirs.club "-" "Mozilla/5.0 (compatible; SERankingBacklinksBot/1.0; +https://seranking.com/backlinks-crawler)" "-"
144.76.32.0 - - [18/Aug/2026:02:24:04 +0200] "GET /shops/sappiness/a5u2t5o0k3i0n2e7t9i3c0?loknya=/homepages HTTP/1.1" 200 57048 cultureloisirs.club "-" "Mozilla/5.0 (compatible; SERankingBacklinksBot/1.0; +https://seranking.com/backlinks-crawler)" "-"
2a03:2880:f800:: - - [18/Aug/2026:02:24:06 +0200] "GET /?shop/items/K36046281387/ HTTP/1.1" 200 51726 cultureloisirs.club "-" "Mozilla/5.0 (Macintosh; Intel Mac OS X 10_15_7) AppleWebKit/537.36 (KHTML, like Gecko) Chrome/145.0.0.0 Safari/537.36 (compatible; meta-externalagent/1.1 (+https://developers.facebook.com/docs/sharing/webmasters/crawler))" "-"
144.76.32.0 - - [18/Aug/2026:02:24:08 +0200] "GET /ascarids/suffragant/c5a1r4d7e8c3u45976?loknya=/homepages HTTP/1.1" 200 57048 cultureloisirs.club "-" "Mozilla/5.0 (compatible; SERankingBacklinksBot/1.0; +https://seranking.com/backlinks-crawler)" "-"
144.76.32.0 - - [18/Aug/2026:02:24:11 +0200] "GET /shops/selfregulating/d5e1s7t2r1u3c2t3i4v3e2ness?loknya=/ HTTP/1.1" 200 29703 cultureloisirs.club "-" "Mozilla/5.0 (compatible; SERankingBacklinksBot/1.0; +https://seranking.com/backlinks-crawler)" "-"
52.167.144.0 - - [18/Aug/2026:02:24:12 +0200] "GET /?shop/items/Y1299874677/ HTTP/1.1" 200 815312 cultureloisirs.club "-" "Mozilla/5.0 AppleWebKit/537.36 (KHTML, like Gecko; compatible; bingbot/2.0; +http://www.bing.com/bingbot.htm) Chrome/116.0.1938.76 Safari/537.36" "-"
144.76.32.0 - - [18/Aug/2026:02:24:15 +0200] "GET /coronatus/pseudograph/b5l2u0f4f6512673?loknya=/homepages HTTP/1.1" 200 57048 cultureloisirs.club "-" "Mozilla/5.0 (compatible; SERankingBacklinksBot/1.0; +https://seranking.com/backlinks-crawler)" "-"
2a03:2880:f800:: - - [18/Aug/2026:02:24:18 +0200] "GET /?shop/items/Y12998103761/ HTTP/1.1" 200 51726 cultureloisirs.club "-" "Mozilla/5.0 (Windows NT 10.0; Win64; x64) AppleWebKit/537.36 (KHTML, like Gecko) Chrome/145.0.0.0 Safari/537.36 (compatible; meta-externalagent/1.1 (+https://developers.facebook.com/docs/sharing/webmasters/crawler))" "-"
144.76.32.0 - - [18/Aug/2026:02:24:19 +0200] "GET /shops/sherardia/c5a2l2c4a8r5e3o8a4r5g8illaceous?loknya=/ HTTP/1.1" 200 29703 cultureloisirs.club "-" "Mozilla/5.0 (compatible; SERankingBacklinksBot/1.0; +https://seranking.com/backlinks-crawler)" "-"
144.76.32.0 - - [18/Aug/2026:02:24:23 +0200] "GET /echidnine/spiration/s5i6r8e0n662061?loknya=/homepages/11 HTTP/1.1" 200 45726 cultureloisirs.club "-" "Mozilla/5.0 (compatible; SERankingBacklinksBot/1.0; +https://seranking.com/backlinks-crawler)" "-"
144.76.32.0 - - [18/Aug/2026:02:24:26 +0200] "GET /shops/sidewheel/r5e4e1d7l7e9s2s1555?loknya=/homepages/11 HTTP/1.1" 200 45726 cultureloisirs.club "-" "Mozilla/5.0 (compatible; SERankingBacklinksBot/1.0; +https://seranking.com/backlinks-crawler)" "-"
2a03:2880:f800:: - - [18/Aug/2026:02:24:29 +0200] "GET /?h=72786573652293 HTTP/1.1" 200 51727 cultureloisirs.club "-" "Mozilla/5.0 (Windows NT 10.0; Win64; x64) AppleWebKit/537.36 (KHTML, like Gecko) Chrome/145.0.0.0 Safari/537.36 (compatible; meta-externalagent/1.1 (+https://developers.facebook.com/docs/sharing/webmasters/crawler))" "-"
74.7.243.0 - - [18/Aug/2026:02:24:30 +0200] "GET /?lokasie=/usr/bin/id&loknya=/usr/bin HTTP/1.1" 200 73241 cultureloisirs.club "https://cultureloisirs.club/?loknya=/usr/bin" "Mozilla/5.0 AppleWebKit/537.36 (KHTML, like Gecko; compatible; GPTBot/1.4; +https://openai.com/gptbot)" "-"
144.76.32.0 - - [18/Aug/2026:02:24:30 +0200] "GET /fulminating/depart/f5u4n2e6r7a5r7y9227?loknya=/homepages HTTP/1.1" 200 57048 cultureloisirs.club "-" "Mozilla/5.0 (compatible; SERankingBacklinksBot/1.0; +https://seranking.com/backlinks-crawler)" "-"
144.76.32.0 - - [18/Aug/2026:02:24:34 +0200] "GET /shops/soapfish/b5a3r3d9i2g1l6i7o228?loknya=/homepages/11 HTTP/1.1" 200 45726 cultureloisirs.club "-" "Mozilla/5.0 (compatible; SERankingBacklinksBot/1.0; +https://seranking.com/backlinks-crawler)" "-"
144.76.32.0 - - [18/Aug/2026:02:24:37 +0200] "GET /liposcelis/physicotheology/53838850066?loknya=/homepages HTTP/1.1" 200 57048 cultureloisirs.club "-" "Mozilla/5.0 (compatible; SERankingBacklinksBot/1.0; +https://seranking.com/backlinks-crawler)" "-"
2a03:2880:f800:: - - [18/Aug/2026:02:24:39 +0200] "GET /?shop/items/P7141165318/ HTTP/1.1" 200 51727 cultureloisirs.club "-" "Mozilla/5.0 (Windows NT 10.0; Win64; x64) AppleWebKit/537.36 (KHTML, like Gecko) Chrome/145.0.0.0 Safari/537.36 (compatible; meta-externalagent/1.1 (+https://developers.facebook.com/docs/sharing/webmasters/crawler))" "-"
144.76.32.0 - - [18/Aug/2026:02:24:41 +0200] "GET /shops/soporific/s5l3a4t4t7i1n1g4760?loknya=/homepages/11 HTTP/1.1" 200 45726 cultureloisirs.club "-" "Mozilla/5.0 (compatible; SERankingBacklinksBot/1.0; +https://seranking.com/backlinks-crawler)" "-"
144.76.32.0 - - [18/Aug/2026:02:24:45 +0200] "GET /meridionalis/m5e5r2i8t3o4r0i1o6u0sness?loknya=/homepages HTTP/1.1" 200 57048 cultureloisirs.club "-" "Mozilla/5.0 (compatible; SERankingBacklinksBot/1.0; +https://seranking.com/backlinks-crawler)" "-"
2a03:2880:f800:: - - [18/Aug/2026:02:24:48 +0200] "GET /?h=7008479493799 HTTP/1.1" 200 51726 cultureloisirs.club "-" "Mozilla/5.0 (Windows NT 10.0; Win64; x64) AppleWebKit/537.36 (KHTML, like Gecko) Chrome/145.0.0.0 Safari/537.36 (compatible; meta-externalagent/1.1 (+https://developers.facebook.com/docs/sharing/webmasters/crawler))" "-"
144.76.32.0 - - [18/Aug/2026:02:24:49 +0200] "GET /shops/spall/s5p2e7c3t5r0o6s1c4o5p4y?loknya=/homepages/11 HTTP/1.1" 200 45726 cultureloisirs.club "-" "Mozilla/5.0 (compatible; SERankingBacklinksBot/1.0; +https://seranking.com/backlinks-crawler)" "-"
144.76.32.0 - - [18/Aug/2026:02:24:52 +0200] "GET /reinspect/grazier/r5u2e7f8u7l075923?loknya=/homepages/11 HTTP/1.1" 200 45726 cultureloisirs.club "-" "Mozilla/5.0 (compatible; SERankingBacklinksBot/1.0; +https://seranking.com/backlinks-crawler)" "-"
2a03:2880:f800:: - - [18/Aug/2026:02:24:56 +0200] "GET /?shop/items/K3604614533/ HTTP/1.1" 200 51727 cultureloisirs.club "-" "Mozilla/5.0 (Macintosh; Intel Mac OS X 10_15_7) AppleWebKit/537.36 (KHTML, like Gecko) Chrome/145.0.0.0 Safari/537.36 (compatible; meta-externalagent/1.1 (+https://developers.facebook.com/docs/sharing/webmasters/crawler))" "-"
144.76.32.0 - - [18/Aug/2026:02:24:57 +0200] "GET /shops/spilikins/h5e3l9o2t8i4s4m4018?loknya=/homepages/11 HTTP/1.1" 200 45726 cultureloisirs.club "-" "Mozilla/5.0 (compatible; SERankingBacklinksBot/1.0; +https://seranking.com/backlinks-crawler)" "-"
74.7.243.0 - - [18/Aug/2026:02:24:58 +0200] "GET /?lokasie=/sbin/update-info-dir&loknya=/sbin HTTP/1.1" 200 5840 cultureloisirs.club "https://cultureloisirs.club/?loknya=/sbin" "Mozilla/5.0 AppleWebKit/537.36 (KHTML, like Gecko; compatible; GPTBot/1.4; +https://openai.com/gptbot)" "-"
144.76.32.0 - - [18/Aug/2026:02:25:01 +0200] "GET /shops/anglesite/m5o1b4i3l2i5s2e3128?loknya=/homepages/11 HTTP/1.1" 200 45726 cultureloisirs.club "-" "Mozilla/5.0 (compatible; SERankingBacklinksBot/1.0; +https://seranking.com/backlinks-crawler)" "-"
66.249.66.0 - - [18/Aug/2026:02:25:01 +0200] "GET /?q=w7a3l6t8z4e9r68739 HTTP/1.1" 200 809552 cultureloisirs.club "-" "Mozilla/5.0 (Linux; Android 6.0.1; Nexus 5X Build/MMB29P) AppleWebKit/537.36 (KHTML, like Gecko) Chrome/151.0.7922.137 Mobile Safari/537.36 (compatible; Googlebot/2.1; +http://www.google.com/bot.html)" "-"
2a03:2880:f800:: - - [18/Aug/2026:02:25:05 +0200] "GET /?shop/items/K40856139292/ HTTP/1.1" 200 51727 cultureloisirs.club "-" "Mozilla/5.0 (Windows NT 10.0; Win64; x64) AppleWebKit/537.36 (KHTML, like Gecko) Chrome/145.0.0.0 Safari/537.36 (compatible; meta-externalagent/1.1 (+https://developers.facebook.com/docs/sharing/webmasters/crawler))" "-"
144.76.32.0 - - [18/Aug/2026:02:25:06 +0200] "GET /shops/starting/c5o3m3m7e6n0s2a4l273?loknya=/homepages/11 HTTP/1.1" 200 45726 cultureloisirs.club "-" "Mozilla/5.0 (compatible; SERankingBacklinksBot/1.0; +https://seranking.com/backlinks-crawler)" "-"
2a03:2880:f800:: - - [18/Aug/2026:02:25:11 +0200] "GET /?shop/items/M26922177494/ HTTP/1.1" 200 51727 cultureloisirs.club "-" "Mozilla/5.0 (Windows NT 10.0; Win64; x64) AppleWebKit/537.36 (KHTML, like Gecko) Chrome/145.0.0.0 Safari/537.36 (compatible; meta-externalagent/1.1 (+https://developers.facebook.com/docs/sharing/webmasters/crawler))" "-"
144.76.32.0 - - [18/Aug/2026:02:25:11 +0200] "GET /shops/antiaircraft/m5o7n2o4p7l3e4g1i9a?loknya=/homepages HTTP/1.1" 200 57048 cultureloisirs.club "-" "Mozilla/5.0 (compatible; SERankingBacklinksBot/1.0; +https://seranking.com/backlinks-crawler)" "-"
66.249.66.0 - - [18/Aug/2026:02:25:14 +0200] "GET /?shop/items/Y12998249242/ HTTP/1.1" 200 826611 cultureloisirs.club "-" "Mozilla/5.0 (Linux; Android 6.0.1; Nexus 5X Build/MMB29P) AppleWebKit/537.36 (KHTML, like Gecko) Chrome/151.0.7922.137 Mobile Safari/537.36 (compatible; Googlebot/2.1; +http://www.google.com/bot.html)" "-"
144.76.32.0 - - [18/Aug/2026:02:25:16 +0200] "GET /shops/stoechiometry/p5h1i4a7l5e9d67202?loknya=/homepages HTTP/1.1" 200 57048 cultureloisirs.club "-" "Mozilla/5.0 (compatible; SERankingBacklinksBot/1.0; +https://seranking.com/backlinks-crawler)" "-"
2a03:2880:f800:: - - [18/Aug/2026:02:25:17 +0200] "GET /?shop/items/K36046199271/ HTTP/1.1" 200 51727 cultureloisirs.club "-" "Mozilla/5.0 (Macintosh; Intel Mac OS X 10_15_7) AppleWebKit/537.36 (KHTML, like Gecko) Chrome/145.0.0.0 Safari/537.36 (compatible; meta-externalagent/1.1 (+https://developers.facebook.com/docs/sharing/webmasters/crawler))" "-"
144.76.32.0 - - [18/Aug/2026:02:25:21 +0200] "GET /shops/avidiously/c5o3s6u4r4e4t2y539?loknya=/homepages/11 HTTP/1.1" 200 45726 cultureloisirs.club "-" "Mozilla/5.0 (compatible; SERankingBacklinksBot/1.0; +https://seranking.com/backlinks-crawler)" "-"
66.249.66.0 - - [18/Aug/2026:02:25:21 +0200] "GET /?h=0009090996733 HTTP/1.1" 200 829089 cultureloisirs.club "-" "Mozilla/5.0 (Linux; Android 6.0.1; Nexus 5X Build/MMB29P) AppleWebKit/537.36 (KHTML, like Gecko) Chrome/151.0.7922.137 Mobile Safari/537.36 (compatible; Googlebot/2.1; +http://www.google.com/bot.html)" "-"
74.7.243.0 - - [18/Aug/2026:02:25:22 +0200] "GET /?loknya=/lib/python3.9/lib2to3/__pycache__ HTTP/1.1" 200 20995 cultureloisirs.club "https://cultureloisirs.club/?loknya=/lib/python3.9/lib2to3" "Mozilla/5.0 AppleWebKit/537.36 (KHTML, like Gecko; compatible; GPTBot/1.4; +https://openai.com/gptbot)" "-"
2a03:2880:f800:: - - [18/Aug/2026:02:25:24 +0200] "GET /?shop/items/F73949188686/ HTTP/1.1" 200 51727 cultureloisirs.club "-" "Mozilla/5.0 (Windows NT 10.0; Win64; x64) AppleWebKit/537.36 (KHTML, like Gecko) Chrome/145.0.0.0 Safari/537.36 (compatible; meta-externalagent/1.1 (+https://developers.facebook.com/docs/sharing/webmasters/crawler))" "-"
144.76.32.0 - - [18/Aug/2026:02:25:25 +0200] "GET /shops/suppalpation/a5r2a5b6i8c9a7l5388?loknya=/homepages HTTP/1.1" 200 57048 cultureloisirs.club "-" "Mozilla/5.0 (compatible; SERankingBacklinksBot/1.0; +https://seranking.com/backlinks-crawler)" "-"
2a03:2880:f800:: - - [18/Aug/2026:02:25:30 +0200] "GET /sitemap559.xml HTTP/1.1" 200 51727 cultureloisirs.club "-" "Mozilla/5.0 (Windows NT 10.0; Win64; x64) AppleWebKit/537.36 (KHTML, like Gecko) Chrome/145.0.0.0 Safari/537.36 (compatible; meta-externalagent/1.1 (+https://developers.facebook.com/docs/sharing/webmasters/crawler))" "-"
144.76.32.0 - - [18/Aug/2026:02:25:30 +0200] "GET /shops/briefing/c5u2r0v1i9c2o1s1t5a7t0e?loknya=/homepages HTTP/1.1" 200 57048 cultureloisirs.club "-" "Mozilla/5.0 (compatible; SERankingBacklinksBot/1.0; +https://seranking.com/backlinks-crawler)" "-"
66.249.66.0 - - [18/Aug/2026:02:25:32 +0200] "GET /?h=06937353766844 HTTP/1.1" 200 803358 cultureloisirs.club "-" "Mozilla/5.0 (Linux; Android 6.0.1; Nexus 5X Build/MMB29P) AppleWebKit/537.36 (KHTML, like Gecko) Chrome/151.0.7922.137 Mobile Safari/537.36 (compatible; Googlebot/2.1; +http://www.google.com/bot.html)" "-"
144.76.32.0 - - [18/Aug/2026:02:25:34 +0200] "GET /shops/teufit/b5l1a6c5k0m2a3i2l9e4d5?loknya=/homepages/11 HTTP/1.1" 200 45726 cultureloisirs.club "-" "Mozilla/5.0 (compatible; SERankingBacklinksBot/1.0; +https://seranking.com/backlinks-crawler)" "-"
2a03:2880:f800:: - - [18/Aug/2026:02:25:34 +0200] "GET /?shop/items/C33932101769/ HTTP/1.1" 200 51727 cultureloisirs.club "-" "Mozilla/5.0 (Windows NT 10.0; Win64; x64) AppleWebKit/537.36 (KHTML, like Gecko) Chrome/145.0.0.0 Safari/537.36 (compatible; meta-externalagent/1.1 (+https://developers.facebook.com/docs/sharing/webmasters/crawler))" "-"
144.76.32.0 - - [18/Aug/2026:02:25:38 +0200] "GET /shops/brightened/p5h4o0n3i2e5r91103?loknya=/homepages/11 HTTP/1.1" 200 45726 cultureloisirs.club "-" "Mozilla/5.0 (compatible; SERankingBacklinksBot/1.0; +https://seranking.com/backlinks-crawler)" "-"
2a03:2880:f800:: - - [18/Aug/2026:02:25:40 +0200] "GET /?shop/items/C339327260/ HTTP/1.1" 200 51727 cultureloisirs.club "-" "Mozilla/5.0 (Windows NT 10.0; Win64; x64) AppleWebKit/537.36 (KHTML, like Gecko) Chrome/145.0.0.0 Safari/537.36 (compatible; meta-externalagent/1.1 (+https://developers.facebook.com/docs/sharing/webmasters/crawler))" "-"
66.249.66.0 - - [18/Aug/2026:02:25:40 +0200] "GET /?h=2922009827592 HTTP/1.1" 200 780589 cultureloisirs.club "-" "Mozilla/5.0 (Linux; Android 6.0.1; Nexus 5X Build/MMB29P) AppleWebKit/537.36 (KHTML, like Gecko) Chrome/151.0.7922.137 Mobile Safari/537.36 (compatible; Googlebot/2.1; +http://www.google.com/bot.html)" "-"
144.76.32.0 - - [18/Aug/2026:02:25:42 +0200] "GET /shops/transfix/c5a3r1r5o9n5a9d4e760?loknya=/homepages/11 HTTP/1.1" 200 45726 cultureloisirs.club "-" "Mozilla/5.0 (compatible; SERankingBacklinksBot/1.0; +https://seranking.com/backlinks-crawler)" "-"
74.7.243.0 - - [18/Aug/2026:02:25:44 +0200] "GET /?loknya=/homepages/23 HTTP/1.1" 200 35305 cultureloisirs.club "https://cultureloisirs.club/?loknya=/homepages" "Mozilla/5.0 AppleWebKit/537.36 (KHTML, like Gecko; compatible; GPTBot/1.4; +https://openai.com/gptbot)" "-"
2a03:2880:f800:: - - [18/Aug/2026:02:25:45 +0200] "GET /?shop/items/P3225576819/ HTTP/1.1" 200 51727 cultureloisirs.club "-" "Mozilla/5.0 (Windows NT 10.0; Win64; x64) AppleWebKit/537.36 (KHTML, like Gecko) Chrome/145.0.0.0 Safari/537.36 (compatible; meta-externalagent/1.1 (+https://developers.facebook.com/docs/sharing/webmasters/crawler))" "-"
144.76.32.0 - - [18/Aug/2026:02:25:46 +0200] "GET /shops/chartreuse/m5e3n9i2s7c2i31919?loknya=/homepages/11 HTTP/1.1" 200 45726 cultureloisirs.club "-" "Mozilla/5.0 (compatible; SERankingBacklinksBot/1.0; +https://seranking.com/backlinks-crawler)" "-"
144.76.32.0 - - [18/Aug/2026:02:25:49 +0200] "GET /shops/tyrannize/u5p5o3k9o9r2o0r3o81?loknya=/homepages/11 HTTP/1.1" 200 45726 cultureloisirs.club "-" "Mozilla/5.0 (compatible; SERankingBacklinksBot/1.0; +https://seranking.com/backlinks-crawler)" "-"
2a03:2880:f800:: - - [18/Aug/2026:02:25:50 +0200] "GET /?shop/items/F7394917981/ HTTP/1.1" 200 51727 cultureloisirs.club "-" "Mozilla/5.0 (Macintosh; Intel Mac OS X 10_15_7) AppleWebKit/537.36 (KHTML, like Gecko) Chrome/145.0.0.0 Safari/537.36 (compatible; meta-externalagent/1.1 (+https://developers.facebook.com/docs/sharing/webmasters/crawler))" "-"
66.249.66.0 - - [18/Aug/2026:02:25:50 +0200] "GET /?h=27317112885536 HTTP/1.1" 200 828757 cultureloisirs.club "-" "Mozilla/5.0 (Linux; Android 6.0.1; Nexus 5X Build/MMB29P) AppleWebKit/537.36 (KHTML, like Gecko) Chrome/151.0.7922.137 Mobile Safari/537.36 (compatible; Googlebot/2.1; +http://www.google.com/bot.html)" "-"
66.249.66.0 - - [18/Aug/2026:02:25:51 +0200] "GET /?q=c1h4a0u0v4i5n0i9s4t16 HTTP/1.1" 200 51720 cultureloisirs.club "-" "Mozilla/5.0 (Linux; Android 6.0.1; Nexus 5X Build/MMB29P) AppleWebKit/537.36 (KHTML, like Gecko) Chrome/151.0.7922.137 Mobile Safari/537.36 (compatible; GoogleOther)" "-"
144.76.32.0 - - [18/Aug/2026:02:25:53 +0200] "GET /shops/chessman/d5o1l3t5i6s6h8l0y314?loknya=/homepages/11 HTTP/1.1" 200 45726 cultureloisirs.club "-" "Mozilla/5.0 (compatible; SERankingBacklinksBot/1.0; +https://seranking.com/backlinks-crawler)" "-"
2a03:2880:f800:: - - [18/Aug/2026:02:25:54 +0200] "GET /?shop/items/U61302162085/ HTTP/1.1" 200 51726 cultureloisirs.club "-" "Mozilla/5.0 (Windows NT 10.0; Win64; x64) AppleWebKit/537.36 (KHTML, like Gecko) Chrome/145.0.0.0 Safari/537.36 (compatible; meta-externalagent/1.1 (+https://developers.facebook.com/docs/sharing/webmasters/crawler))" "-"
66.249.66.0 - - [18/Aug/2026:02:25:56 +0200] "GET /?h=2424806378903 HTTP/1.1" 200 835279 cultureloisirs.club "-" "Mozilla/5.0 (Linux; Android 6.0.1; Nexus 5X Build/MMB29P) AppleWebKit/537.36 (KHTML, like Gecko) Chrome/151.0.7922.137 Mobile Safari/537.36 (compatible; Googlebot/2.1; +http://www.google.com/bot.html)" "-"
144.76.32.0 - - [18/Aug/2026:02:25:57 +0200] "GET /surgeoncy/niffy/a5l9o9e1a1c0e2a2e33?loknya=/homepages/11 HTTP/1.1" 200 45726 cultureloisirs.club "-" "Mozilla/5.0 (compatible; SERankingBacklinksBot/1.0; +https://seranking.com/backlinks-crawler)" "-"
2a03:2880:f800:: - - [18/Aug/2026:02:25:59 +0200] "GET /?shop/items/K36046230443/ HTTP/1.1" 200 51727 cultureloisirs.club "-" "Mozilla/5.0 (Windows NT 10.0; Win64; x64) AppleWebKit/537.36 (KHTML, like Gecko) Chrome/145.0.0.0 Safari/537.36 (compatible; meta-externalagent/1.1 (+https://developers.facebook.com/docs/sharing/webmasters/crawler))" "-"
144.76.32.0 - - [18/Aug/2026:02:26:00 +0200] "GET /shops/colubris/i5n6f7e7l2o1n0i9o2us?loknya=/homepages/11 HTTP/1.1" 200 45726 cultureloisirs.club "-" "Mozilla/5.0 (compatible; SERankingBacklinksBot/1.0; +https://seranking.com/backlinks-crawler)" "-"
2a03:2880:f800:: - - [18/Aug/2026:02:26:03 +0200] "GET /?shop/items/U61302138198/ HTTP/1.1" 429 267 cultureloisirs.club "-" "Mozilla/5.0 (Windows NT 10.0; Win64; x64) AppleWebKit/537.36 (KHTML, like Gecko) Chrome/145.0.0.0 Safari/537.36 (compatible; meta-externalagent/1.1 (+https://developers.facebook.com/docs/sharing/webmasters/crawler))" "-"
198.244.168.0 - - [18/Aug/2026:02:26:03 +0200] "GET /shops/redisburse/p5a5n2s5h2w4a5y026 HTTP/1.1" 200 51723 cultureloisirs.club "-" "Mozilla/5.0 (compatible; AhrefsBot/7.0; +http://ahrefs.com/robot/)" "-"
74.7.243.0 - - [18/Aug/2026:02:26:04 +0200] "GET /?loknya=/homepages/21 HTTP/1.1" 200 39473 cultureloisirs.club "https://cultureloisirs.club/?loknya=/homepages" "Mozilla/5.0 AppleWebKit/537.36 (KHTML, like Gecko; compatible; GPTBot/1.4; +https://openai.com/gptbot)" "-"
144.76.32.0 - - [18/Aug/2026:02:26:04 +0200] "GET /voussoir/disaccommodate/f5l3o7c8c9u2l5a9t7i6n3g?loknya=/ HTTP/1.1" 200 29703 cultureloisirs.club "-" "Mozilla/5.0 (compatible; SERankingBacklinksBot/1.0; +https://seranking.com/backlinks-crawler)" "-"
2a03:2880:f800:: - - [18/Aug/2026:02:26:07 +0200] "GET /?shop/items/K3604612674/ HTTP/1.1" 429 267 cultureloisirs.club "-" "Mozilla/5.0 (Windows NT 10.0; Win64; x64) AppleWebKit/537.36 (KHTML, like Gecko) Chrome/145.0.0.0 Safari/537.36 (compatible; meta-externalagent/1.1 (+https://developers.facebook.com/docs/sharing/webmasters/crawler))" "-"
2a03:2880:f800:: - - [18/Aug/2026:02:26:08 +0200] "GET /?shop/items/U61302176275/ HTTP/1.1" 429 267 cultureloisirs.club "-" "Mozilla/5.0 (Windows NT 10.0; Win64; x64) AppleWebKit/537.36 (KHTML, like Gecko) Chrome/145.0.0.0 Safari/537.36 (compatible; meta-externalagent/1.1 (+https://developers.facebook.com/docs/sharing/webmasters/crawler))" "-"
144.76.32.0 - - [18/Aug/2026:02:26:08 +0200] "GET /shops/combative/f5i2b6u1l4a7r4e7543?loknya=/homepages/11 HTTP/1.1" 200 45726 cultureloisirs.club "-" "Mozilla/5.0 (compatible; SERankingBacklinksBot/1.0; +https://seranking.com/backlinks-crawler)" "-"
66.249.66.0 - - [18/Aug/2026:02:26:08 +0200] "GET /?h=8877332666390 HTTP/1.1" 200 820608 cultureloisirs.club "-" "Mozilla/5.0 (Linux; Android 6.0.1; Nexus 5X Build/MMB29P) AppleWebKit/537.36 (KHTML, like Gecko) Chrome/151.0.7922.137 Mobile Safari/537.36 (compatible; Googlebot/2.1; +http://www.google.com/bot.html)" "-"
66.249.66.0 - - [18/Aug/2026:02:26:11 +0200] "GET /idoloclast/u9n1i0t1a8r8y87916 HTTP/1.1" 200 51720 cultureloisirs.club "-" "Mozilla/5.0 (Linux; Android 6.0.1; Nexus 5X Build/MMB29P) AppleWebKit/537.36 (KHTML, like Gecko) Chrome/151.0.7922.137 Mobile Safari/537.36 (compatible; GoogleOther)" "-"
144.76.32.0 - - [18/Aug/2026:02:26:11 +0200] "GET /worldliness/d5i1s5c9o5m2b0o8b6u5l0ated?loknya=/homepages HTTP/1.1" 200 57048 cultureloisirs.club "-" "Mozilla/5.0 (compatible; SERankingBacklinksBot/1.0; +https://seranking.com/backlinks-crawler)" "-"
2a03:2880:f800:: - - [18/Aug/2026:02:26:12 +0200] "GET /?shop/items/F73949282575/ HTTP/1.1" 429 267 cultureloisirs.club "-" "Mozilla/5.0 (Macintosh; Intel Mac OS X 10_15_7) AppleWebKit/537.36 (KHTML, like Gecko) Chrome/145.0.0.0 Safari/537.36 (compatible; meta-externalagent/1.1 (+https://developers.facebook.com/docs/sharing/webmasters/crawler))" "-"
2a03:2880:f800:: - - [18/Aug/2026:02:26:13 +0200] "GET /?shop/items/K40856183152/ HTTP/1.1" 429 267 cultureloisirs.club "-" "Mozilla/5.0 (Windows NT 10.0; Win64; x64) AppleWebKit/537.36 (KHTML, like Gecko) Chrome/145.0.0.0 Safari/537.36 (compatible; meta-externalagent/1.1 (+https://developers.facebook.com/docs/sharing/webmasters/crawler))" "-"
144.76.32.0 - - [18/Aug/2026:02:26:15 +0200] "GET /shops/conjugational/r5e2e5d3i8n0g83380?loknya=/homepages HTTP/1.1" 200 57048 cultureloisirs.club "-" "Mozilla/5.0 (compatible; SERankingBacklinksBot/1.0; +https://seranking.com/backlinks-crawler)" "-"
66.249.66.0 - - [18/Aug/2026:02:26:16 +0200] "GET /?h=74817483444531 HTTP/1.1" 200 785522 cultureloisirs.club "-" "Mozilla/5.0 (Linux; Android 6.0.1; Nexus 5X Build/MMB29P) AppleWebKit/537.36 (KHTML, like Gecko) Chrome/151.0.7922.137 Mobile Safari/537.36 (compatible; Googlebot/2.1; +http://www.google.com/bot.html)" "-"
2a03:2880:f800:: - - [18/Aug/2026:02:26:18 +0200] "GET /?shop/items/K3604660336/ HTTP/1.1" 429 267 cultureloisirs.club "-" "Mozilla/5.0 (Windows NT 10.0; Win64; x64) AppleWebKit/537.36 (KHTML, like Gecko) Chrome/145.0.0.0 Safari/537.36 (compatible; meta-externalagent/1.1 (+https://developers.facebook.com/docs/sharing/webmasters/crawler))" "-"
144.76.32.0 - - [18/Aug/2026:02:26:19 +0200] "GET /zygaenidae/craticus/n5o2t5e7f4u9l39782?loknya=/homepages HTTP/1.1" 200 57048 cultureloisirs.club "-" "Mozilla/5.0 (compatible; SERankingBacklinksBot/1.0; +https://seranking.com/backlinks-crawler)" "-"
2a03:2880:f800:: - - [18/Aug/2026:02:26:20 +0200] "GET /?shop/items/K40856223368/ HTTP/1.1" 429 267 cultureloisirs.club "-" "Mozilla/5.0 (Macintosh; Intel Mac OS X 10_15_7) AppleWebKit/537.36 (KHTML, like Gecko) Chrome/145.0.0.0 Safari/537.36 (compatible; meta-externalagent/1.1 (+https://developers.facebook.com/docs/sharing/webmasters/crawler))" "-"
74.7.243.0 - - [18/Aug/2026:02:26:21 +0200] "GET /?loknya=/usr/lib/x86_64-linux-gnu/perl/5.32 HTTP/1.1" 200 96693 cultureloisirs.club "https://cultureloisirs.club/?loknya=/usr/lib/x86_64-linux-gnu/perl" "Mozilla/5.0 AppleWebKit/537.36 (KHTML, like Gecko; compatible; GPTBot/1.4; +https://openai.com/gptbot)" "-"
144.76.32.0 - - [18/Aug/2026:02:26:22 +0200] "GET /shops/constitutional/t5a2n8n1i0n740729?loknya=/homepages HTTP/1.1" 200 57048 cultureloisirs.club "-" "Mozilla/5.0 (compatible; SERankingBacklinksBot/1.0; +https://seranking.com/backlinks-crawler)" "-"
66.249.66.0 - - [18/Aug/2026:02:26:24 +0200] "GET /?h=823904585421 HTTP/1.1" 200 791222 cultureloisirs.club "-" "Mozilla/5.0 (Linux; Android 6.0.1; Nexus 5X Build/MMB29P) AppleWebKit/537.36 (KHTML, like Gecko) Chrome/151.0.7922.137 Mobile Safari/537.36 (compatible; Googlebot/2.1; +http://www.google.com/bot.html)" "-"
144.76.32.0 - - [18/Aug/2026:02:26:26 +0200] "GET /shops/conversive/g5r4a1n0n2y4s69491?loknya=/homepages/11 HTTP/1.1" 200 45726 cultureloisirs.club "-" "Mozilla/5.0 (compatible; SERankingBacklinksBot/1.0; +https://seranking.com/backlinks-crawler)" "-"
2a03:2880:f800:: - - [18/Aug/2026:02:26:27 +0200] "GET /?shop/items/H56011269462/ HTTP/1.1" 429 267 cultureloisirs.club "-" "Mozilla/5.0 (Windows NT 10.0; Win64; x64) AppleWebKit/537.36 (KHTML, like Gecko) Chrome/145.0.0.0 Safari/537.36 Edg/145.0.0.0 (compatible; meta-externalagent/1.1 (+https://developers.facebook.com/docs/sharing/webmasters/crawler))" "-"
2a03:2880:f800:: - - [18/Aug/2026:02:26:28 +0200] "GET /?shop/items/P7141186592/ HTTP/1.1" 429 267 cultureloisirs.club "-" "Mozilla/5.0 (Windows NT 10.0; Win64; x64) AppleWebKit/537.36 (KHTML, like Gecko) Chrome/145.0.0.0 Safari/537.36 (compatible; meta-externalagent/1.1 (+https://developers.facebook.com/docs/sharing/webmasters/crawler))" "-"
144.76.32.0 - - [18/Aug/2026:02:26:30 +0200] "GET /shops/coralberry/s5y3l4v6a3t2i5c7u7s15?loknya=/homepages HTTP/1.1" 200 57048 cultureloisirs.club "-" "Mozilla/5.0 (compatible; SERankingBacklinksBot/1.0; +https://seranking.com/backlinks-crawler)" "-"
66.249.66.0 - - [18/Aug/2026:02:26:31 +0200] "GET /?h=87835252186519 HTTP/1.1" 200 806545 cultureloisirs.club "-" "Mozilla/5.0 (Linux; Android 6.0.1; Nexus 5X Build/MMB29P) AppleWebKit/537.36 (KHTML, like Gecko) Chrome/151.0.7922.137 Mobile Safari/537.36 (compatible; Googlebot/2.1; +http://www.google.com/bot.html)" "-"
144.76.32.0 - - [18/Aug/2026:02:26:34 +0200] "GET /shops/curator/n5a1t8u2r6a8l4i6z1e55?loknya=/homepages/11 HTTP/1.1" 200 45726 cultureloisirs.club "-" "Mozilla/5.0 (compatible; SERankingBacklinksBot/1.0; +https://seranking.com/backlinks-crawler)" "-"
2a03:2880:f800:: - - [18/Aug/2026:02:26:37 +0200] "GET /?h=98927572148379 HTTP/1.1" 429 267 cultureloisirs.club "-" "Mozilla/5.0 (Macintosh; Intel Mac OS X 10_15_7) AppleWebKit/537.36 (KHTML, like Gecko) Chrome/145.0.0.0 Safari/537.36 (compatible; meta-externalagent/1.1 (+https://developers.facebook.com/docs/sharing/webmasters/crawler))" "-"
144.76.32.0 - - [18/Aug/2026:02:26:37 +0200] "GET /shops/davallia/r5e1c5i2d1i9v5a3t5i5o7n?loknya=/homepages HTTP/1.1" 200 57048 cultureloisirs.club "-" "Mozilla/5.0 (compatible; SERankingBacklinksBot/1.0; +https://seranking.com/backlinks-crawler)" "-"
74.7.243.0 - - [18/Aug/2026:02:26:38 +0200] "GET /?loknya=/homepages/36 HTTP/1.1" 200 30095 cultureloisirs.club "https://cultureloisirs.club/?loknya=/homepages" "Mozilla/5.0 AppleWebKit/537.36 (KHTML, like Gecko; compatible; GPTBot/1.4; +https://openai.com/gptbot)" "-"
2a03:2880:f800:: - - [18/Aug/2026:02:26:38 +0200] "GET /?h=23725112902369 HTTP/1.1" 429 267 cultureloisirs.club "-" "Mozilla/5.0 (Windows NT 10.0; Win64; x64) AppleWebKit/537.36 (KHTML, like Gecko) Chrome/145.0.0.0 Safari/537.36 (compatible; meta-externalagent/1.1 (+https://developers.facebook.com/docs/sharing/webmasters/crawler))" "-"
144.76.32.0 - - [18/Aug/2026:02:26:41 +0200] "GET /shops/deleble/i5n2c6o2e1x1i5s3t3e8n0ce?loknya=/homepages HTTP/1.1" 200 57048 cultureloisirs.club "-" "Mozilla/5.0 (compatible; SERankingBacklinksBot/1.0; +https://seranking.com/backlinks-crawler)" "-"
66.249.66.0 - - [18/Aug/2026:02:26:43 +0200] "GET /?h=3921007872164 HTTP/1.1" 200 814681 cultureloisirs.club "-" "Mozilla/5.0 (Linux; Android 6.0.1; Nexus 5X Build/MMB29P) AppleWebKit/537.36 (KHTML, like Gecko) Chrome/151.0.7922.137 Mobile Safari/537.36 (compatible; Googlebot/2.1; +http://www.google.com/bot.html)" "-"
144.76.32.0 - - [18/Aug/2026:02:26:45 +0200] "GET /shops/deliriant/b5i2r6d4b3a4t4h2564?loknya=/homepages/11 HTTP/1.1" 200 45726 cultureloisirs.club "-" "Mozilla/5.0 (compatible; SERankingBacklinksBot/1.0; +https://seranking.com/backlinks-crawler)" "-"
144.76.32.0 - - [18/Aug/2026:02:26:48 +0200] "GET /shops/drollist/c5e5n3t0r6o6s8p2e7r3mae?loknya=/homepages HTTP/1.1" 200 57048 cultureloisirs.club "-" "Mozilla/5.0 (compatible; SERankingBacklinksBot/1.0; +https://seranking.com/backlinks-crawler)" "-"
2a03:2880:f800:: - - [18/Aug/2026:02:26:50 +0200] "GET /?shop/items/H56011103933/ HTTP/1.1" 429 267 cultureloisirs.club "-" "Mozilla/5.0 (Windows NT 10.0; Win64; x64) AppleWebKit/537.36 (KHTML, like Gecko) Chrome/145.0.0.0 Safari/537.36 (compatible; meta-externalagent/1.1 (+https://developers.facebook.com/docs/sharing/webmasters/crawler))" "-"
2a03:2880:f800:: - - [18/Aug/2026:02:26:52 +0200] "GET /?shop/items/Y12998228289/ HTTP/1.1" 429 267 cultureloisirs.club "-" "Mozilla/5.0 (Macintosh; Intel Mac OS X 10_15_7) AppleWebKit/537.36 (KHTML, like Gecko) Chrome/145.0.0.0 Safari/537.36 (compatible; meta-externalagent/1.1 (+https://developers.facebook.com/docs/sharing/webmasters/crawler))" "-"
144.76.32.0 - - [18/Aug/2026:02:26:52 +0200] "GET /shops/evincible/e5s8t7r6a7n9g4e8d99?loknya=/homepages/11 HTTP/1.1" 200 45726 cultureloisirs.club "-" "Mozilla/5.0 (compatible; SERankingBacklinksBot/1.0; +https://seranking.com/backlinks-crawler)" "-"
74.7.243.0 - - [18/Aug/2026:02:26:52 +0200] "GET /?loknya=/var/tmp/ HTTP/1.1" 200 10942 cultureloisirs.club "https://cultureloisirs.club/?loknya=/var/tmp/.priv" "Mozilla/5.0 AppleWebKit/537.36 (KHTML, like Gecko; compatible; GPTBot/1.4; +https://openai.com/gptbot)" "-"
66.249.66.0 - - [18/Aug/2026:02:26:53 +0200] "GET /?h=45656203410070 HTTP/1.1" 200 797369 cultureloisirs.club "-" "Mozilla/5.0 (Linux; Android 6.0.1; Nexus 5X Build/MMB29P) AppleWebKit/537.36 (KHTML, like Gecko) Chrome/151.0.7922.137 Mobile Safari/537.36 (compatible; Googlebot/2.1; +http://www.google.com/bot.html)" "-"
40.77.167.0 - - [18/Aug/2026:02:26:53 +0200] "GET /?shop/items/F73949267289/ HTTP/1.1" 200 811428 cultureloisirs.club "-" "Mozilla/5.0 AppleWebKit/537.36 (KHTML, like Gecko; compatible; bingbot/2.0; +http://www.bing.com/bingbot.htm) Chrome/116.0.1938.76 Safari/537.36" "-"
144.76.32.0 - - [18/Aug/2026:02:26:56 +0200] "GET /shops/explosive/h5a2b8i6t8a4b0l0e3ness?loknya=/homepages HTTP/1.1" 200 57048 cultureloisirs.club "-" "Mozilla/5.0 (compatible; SERankingBacklinksBot/1.0; +https://seranking.com/backlinks-crawler)" "-"
144.76.32.0 - - [18/Aug/2026:02:26:59 +0200] "GET /shops/frescoes/m5o1n2o3c9y7t6t6a9r6i3a?loknya=/homepages HTTP/1.1" 200 57048 cultureloisirs.club "-" "Mozilla/5.0 (compatible; SERankingBacklinksBot/1.0; +https://seranking.com/backlinks-crawler)" "-"
144.76.32.0 - - [18/Aug/2026:02:27:03 +0200] "GET /shops/futchel/s5t2a5r1r9i1n7e0s8s85?loknya=/homepages/11 HTTP/1.1" 200 45726 cultureloisirs.club "-" "Mozilla/5.0 (compatible; SERankingBacklinksBot/1.0; +https://seranking.com/backlinks-crawler)" "-"
66.249.66.0 - - [18/Aug/2026:02:27:03 +0200] "GET /?h=94740703477086 HTTP/1.1" 200 799492 cultureloisirs.club "-" "Mozilla/5.0 (Linux; Android 6.0.1; Nexus 5X Build/MMB29P) AppleWebKit/537.36 (KHTML, like Gecko) Chrome/151.0.7922.137 Mobile Safari/537.36 (compatible; Googlebot/2.1; +http://www.google.com/bot.html)" "-"
2a03:2880:f800:: - - [18/Aug/2026:02:27:04 +0200] "GET /?h=9805869951531 HTTP/1.1" 200 51727 cultureloisirs.club "-" "Mozilla/5.0 (Windows NT 10.0; Win64; x64) AppleWebKit/537.36 (KHTML, like Gecko) Chrome/145.0.0.0 Safari/537.36 (compatible; meta-externalagent/1.1 (+https://developers.facebook.com/docs/sharing/webmasters/crawler))" "-"
74.7.243.0 - - [18/Aug/2026:02:27:05 +0200] "GET /?loknya=/homepages/15 HTTP/1.1" 200 23843 cultureloisirs.club "https://cultureloisirs.club/?loknya=/homepages" "Mozilla/5.0 AppleWebKit/537.36 (KHTML, like Gecko; compatible; GPTBot/1.4; +https://openai.com/gptbot)" "-"
144.76.32.0 - - [18/Aug/2026:02:27:07 +0200] "GET /shops/gaining/l5e1n1t6i4c3e1l4l8e99?loknya=/homepages/11 HTTP/1.1" 200 45726 cultureloisirs.club "-" "Mozilla/5.0 (compatible; SERankingBacklinksBot/1.0; +https://seranking.com/backlinks-crawler)" "-"
2a03:2880:f800:: - - [18/Aug/2026:02:27:07 +0200] "GET /?shop/items/Y12998224760/ HTTP/1.1" 200 51727 cultureloisirs.club "-" "Mozilla/5.0 (Macintosh; Intel Mac OS X 10_15_7) AppleWebKit/537.36 (KHTML, like Gecko) Chrome/145.0.0.0 Safari/537.36 (compatible; meta-externalagent/1.1 (+https://developers.facebook.com/docs/sharing/webmasters/crawler))" "-"
66.249.66.0 - - [18/Aug/2026:02:27:09 +0200] "GET /?h=1115429379848 HTTP/1.1" 200 829585 cultureloisirs.club "-" "Mozilla/5.0 (Linux; Android 6.0.1; Nexus 5X Build/MMB29P) AppleWebKit/537.36 (KHTML, like Gecko) Chrome/151.0.7922.137 Mobile Safari/537.36 (compatible; Googlebot/2.1; +http://www.google.com/bot.html)" "-"
144.76.32.0 - - [18/Aug/2026:02:27:10 +0200] "GET /shops/glistering/c5h2a9p1p8e6d87650?loknya=/homepages/11 HTTP/1.1" 200 45726 cultureloisirs.club "-" "Mozilla/5.0 (compatible; SERankingBacklinksBot/1.0; +https://seranking.com/backlinks-crawler)" "-"
144.76.32.0 - - [18/Aug/2026:02:27:14 +0200] "GET /shops/gynecologist/h5a2r7d0w1a0r5e4564?loknya=/homepages HTTP/1.1" 200 57048 cultureloisirs.club "-" "Mozilla/5.0 (compatible; SERankingBacklinksBot/1.0; +https://seranking.com/backlinks-crawler)" "-"
74.7.243.0 - - [18/Aug/2026:02:27:17 +0200] "GET /?loknya=/homepages/40 HTTP/1.1" 200 37389 cultureloisirs.club "https://cultureloisirs.club/?loknya=/homepages" "Mozilla/5.0 AppleWebKit/537.36 (KHTML, like Gecko; compatible; GPTBot/1.4; +https://openai.com/gptbot)" "-"
66.249.66.0 - - [18/Aug/2026:02:27:17 +0200] "GET /?h=090392160241 HTTP/1.1" 200 781479 cultureloisirs.club "-" "Mozilla/5.0 (Linux; Android 6.0.1; Nexus 5X Build/MMB29P) AppleWebKit/537.36 (KHTML, like Gecko) Chrome/151.0.7922.137 Mobile Safari/537.36 (compatible; Googlebot/2.1; +http://www.google.com/bot.html)" "-"
66.249.66.0 - - [18/Aug/2026:02:27:17 +0200] "GET /?q=l1a4r3k2e8r14177 HTTP/1.1" 200 51720 cultureloisirs.club "-" "Mozilla/5.0 (Linux; Android 6.0.1; Nexus 5X Build/MMB29P) AppleWebKit/537.36 (KHTML, like Gecko) Chrome/151.0.7922.137 Mobile Safari/537.36 (compatible; GoogleOther)" "-"
144.76.32.0 - - [18/Aug/2026:02:27:18 +0200] "GET /shops/handsome/h5i3p7p5u0r3i7t8e439?loknya=/homepages/11 HTTP/1.1" 200 45726 cultureloisirs.club "-" "Mozilla/5.0 (compatible; SERankingBacklinksBot/1.0; +https://seranking.com/backlinks-crawler)" "-"
2a03:2880:f800:: - - [18/Aug/2026:02:27:21 +0200] "GET /?shop/items/M2692238514/ HTTP/1.1" 200 51727 cultureloisirs.club "-" "Mozilla/5.0 (Windows NT 10.0; Win64; x64) AppleWebKit/537.36 (KHTML, like Gecko) Chrome/145.0.0.0 Safari/537.36 (compatible; meta-externalagent/1.1 (+https://developers.facebook.com/docs/sharing/webmasters/crawler))" "-"
144.76.32.0 - - [18/Aug/2026:02:27:21 +0200] "GET /shops/herded/d5e3c5l3a1r6a9t6o7r9y3?loknya=/homepages/11 HTTP/1.1" 200 45726 cultureloisirs.club "-" "Mozilla/5.0 (compatible; SERankingBacklinksBot/1.0; +https://seranking.com/backlinks-crawler)" "-"
144.76.32.0 - - [18/Aug/2026:02:27:25 +0200] "GET /shops/iconism/i5n1s1e7p0a1r1a5t7e86?loknya=/homepages/11 HTTP/1.1" 200 45726 cultureloisirs.club "-" "Mozilla/5.0 (compatible; SERankingBacklinksBot/1.0; +https://seranking.com/backlinks-crawler)" "-"
74.7.243.0 - - [18/Aug/2026:02:27:27 +0200] "GET /?loknya=/homepages/25 HTTP/1.1" 200 33221 cultureloisirs.club "https://cultureloisirs.club/?loknya=/homepages" "Mozilla/5.0 AppleWebKit/537.36 (KHTML, like Gecko; compatible; GPTBot/1.4; +https://openai.com/gptbot)" "-"
66.249.66.0 - - [18/Aug/2026:02:27:28 +0200] "GET /?h=4942007144876 HTTP/1.1" 200 833165 cultureloisirs.club "-" "Mozilla/5.0 (Linux; Android 6.0.1; Nexus 5X Build/MMB29P) AppleWebKit/537.36 (KHTML, like Gecko) Chrome/151.0.7922.137 Mobile Safari/537.36 (compatible; Googlebot/2.1; +http://www.google.com/bot.html)" "-"
144.76.32.0 - - [18/Aug/2026:02:27:29 +0200] "GET /shops/indoctrinate/c5o2m8p6r3i9n0t3609?loknya=/homepages HTTP/1.1" 200 57048 cultureloisirs.club "-" "Mozilla/5.0 (compatible; SERankingBacklinksBot/1.0; +https://seranking.com/backlinks-crawler)" "-"
144.76.32.0 - - [18/Aug/2026:02:27:32 +0200] "GET /shops/inosinic/f5l9u0g4e0l9h6o0r1n8?loknya=/homepages/11 HTTP/1.1" 200 45726 cultureloisirs.club "-" "Mozilla/5.0 (compatible; SERankingBacklinksBot/1.0; +https://seranking.com/backlinks-crawler)" "-"
2a03:2880:f800:: - - [18/Aug/2026:02:27:32 +0200] "GET /?h=89866431934476 HTTP/1.1" 200 51727 cultureloisirs.club "-" "Mozilla/5.0 (Macintosh; Intel Mac OS X 10_15_7) AppleWebKit/537.36 (KHTML, like Gecko) Chrome/145.0.0.0 Safari/537.36 (compatible; meta-externalagent/1.1 (+https://developers.facebook.com/docs/sharing/webmasters/crawler))" "-"
144.76.32.0 - - [18/Aug/2026:02:27:36 +0200] "GET /shops/lateenrigged/g5r3a3c7u4l8u1s2174?loknya=/homepages HTTP/1.1" 200 57048 cultureloisirs.club "-" "Mozilla/5.0 (compatible; SERankingBacklinksBot/1.0; +https://seranking.com/backlinks-crawler)" "-"
74.7.243.0 - - [18/Aug/2026:02:27:37 +0200] "GET /?loknya=/homepages/46 HTTP/1.1" 200 40515 cultureloisirs.club "https://cultureloisirs.club/?loknya=/homepages" "Mozilla/5.0 AppleWebKit/537.36 (KHTML, like Gecko; compatible; GPTBot/1.4; +https://openai.com/gptbot)" "-"
66.249.66.0 - - [18/Aug/2026:02:27:38 +0200] "GET /?h=84718661446174 HTTP/1.1" 200 827838 cultureloisirs.club "-" "Mozilla/5.0 (Linux; Android 6.0.1; Nexus 5X Build/MMB29P) AppleWebKit/537.36 (KHTML, like Gecko) Chrome/151.0.7922.137 Mobile Safari/537.36 (compatible; Googlebot/2.1; +http://www.google.com/bot.html)" "-"
144.76.32.0 - - [18/Aug/2026:02:27:40 +0200] "GET /shops/magnesium/m5e9t9h6o9d0i3z1e36?loknya=/homepages/11 HTTP/1.1" 200 45726 cultureloisirs.club "-" "Mozilla/5.0 (compatible; SERankingBacklinksBot/1.0; +https://seranking.com/backlinks-crawler)" "-"
2a03:2880:f800:: - - [18/Aug/2026:02:27:43 +0200] "GET /?shop/items/K40856106424/ HTTP/1.1" 200 51727 cultureloisirs.club "-" "Mozilla/5.0 (Windows NT 10.0; Win64; x64) AppleWebKit/537.36 (KHTML, like Gecko) Chrome/145.0.0.0 Safari/537.36 (compatible; meta-externalagent/1.1 (+https://developers.facebook.com/docs/sharing/webmasters/crawler))" "-"
144.76.32.0 - - [18/Aug/2026:02:27:43 +0200] "GET /shops/maintained/t5h3e3i3f1o5r9m781?loknya=/homepages/11 HTTP/1.1" 200 45726 cultureloisirs.club "-" "Mozilla/5.0 (compatible; SERankingBacklinksBot/1.0; +https://seranking.com/backlinks-crawler)" "-"
74.7.243.0 - - [18/Aug/2026:02:27:46 +0200] "GET /?loknya=/homepages/45 HTTP/1.1" 200 39473 cultureloisirs.club "https://cultureloisirs.club/?loknya=/homepages" "Mozilla/5.0 AppleWebKit/537.36 (KHTML, like Gecko; compatible; GPTBot/1.4; +https://openai.com/gptbot)" "-"
66.249.66.0 - - [18/Aug/2026:02:27:46 +0200] "GET /?h=34335944114627 HTTP/1.1" 200 821709 cultureloisirs.club "-" "Mozilla/5.0 (Linux; Android 6.0.1; Nexus 5X Build/MMB29P) AppleWebKit/537.36 (KHTML, like Gecko) Chrome/151.0.7922.137 Mobile Safari/537.36 (compatible; Googlebot/2.1; +http://www.google.com/bot.html)" "-"
144.76.32.0 - - [18/Aug/2026:02:27:47 +0200] "GET /shops/margarine/r5e4s1c7r9i1p3t3654?loknya=/homepages/11 HTTP/1.1" 200 45726 cultureloisirs.club "-" "Mozilla/5.0 (compatible; SERankingBacklinksBot/1.0; +https://seranking.com/backlinks-crawler)" "-"
144.76.32.0 - - [18/Aug/2026:02:27:51 +0200] "GET /shops/meetinghouse/e5c6h0i0d0n1i6n2e43?loknya=/homepages HTTP/1.1" 200 57048 cultureloisirs.club "-" "Mozilla/5.0 (compatible; SERankingBacklinksBot/1.0; +https://seranking.com/backlinks-crawler)" "-"
74.7.243.0 - - [18/Aug/2026:02:27:53 +0200] "GET /?loknya=/homepages/29 HTTP/1.1" 429 267 cultureloisirs.club "https://cultureloisirs.club/?loknya=/homepages" "Mozilla/5.0 AppleWebKit/537.36 (KHTML, like Gecko; compatible; GPTBot/1.4; +https://openai.com/gptbot)" "-"
2a03:2880:f800:: - - [18/Aug/2026:02:27:53 +0200] "GET /?h=33503553522571 HTTP/1.1" 200 51727 cultureloisirs.club "-" "Mozilla/5.0 (Windows NT 10.0; Win64; x64) AppleWebKit/537.36 (KHTML, like Gecko) Chrome/145.0.0.0 Safari/537.36 (compatible; meta-externalagent/1.1 (+https://developers.facebook.com/docs/sharing/webmasters/crawler))" "-"
66.249.66.0 - - [18/Aug/2026:02:27:54 +0200] "GET /?h=39917873613459 HTTP/1.1" 200 830841 cultureloisirs.club "-" "Mozilla/5.0 (Linux; Android 6.0.1; Nexus 5X Build/MMB29P) AppleWebKit/537.36 (KHTML, like Gecko) Chrome/151.0.7922.137 Mobile Safari/537.36 (compatible; Googlebot/2.1; +http://www.google.com/bot.html)" "-"
144.76.32.0 - - [18/Aug/2026:02:27:55 +0200] "GET /shops/micradenium/m5e4l0e0n2a911194?loknya=/homepages/11 HTTP/1.1" 200 45726 cultureloisirs.club "-" "Mozilla/5.0 (compatible; SERankingBacklinksBot/1.0; +https://seranking.com/backlinks-crawler)" "-"
144.76.32.0 - - [18/Aug/2026:02:27:59 +0200] "GET /shops/oecology/l5e2p3i7d4o1m8e5l7a7n5e?loknya=/homepages HTTP/1.1" 200 57048 cultureloisirs.club "-" "Mozilla/5.0 (compatible; SERankingBacklinksBot/1.0; +https://seranking.com/backlinks-crawler)" "-"
74.7.243.0 - - [18/Aug/2026:02:28:00 +0200] "GET /?loknya=/homepages/24 HTTP/1.1" 429 267 cultureloisirs.club "https://cultureloisirs.club/?loknya=/homepages" "Mozilla/5.0 AppleWebKit/537.36 (KHTML, like Gecko; compatible; GPTBot/1.4; +https://openai.com/gptbot)" "-"
2a03:2880:f800:: - - [18/Aug/2026:02:28:01 +0200] "GET /?shop/items/F7394937018/ HTTP/1.1" 200 51726 cultureloisirs.club "-" "Mozilla/5.0 (X11; Linux x86_64) AppleWebKit/537.36 (KHTML, like Gecko) Chrome/145.0.0.0 Safari/537.36 (compatible; meta-externalagent/1.1 (+https://developers.facebook.com/docs/sharing/webmasters/crawler))" "-"
144.76.32.0 - - [18/Aug/2026:02:28:03 +0200] "GET /shops/overt/i5r3r3e0s0p5o7n2s2i0v9e?loknya=/homepages/11 HTTP/1.1" 200 45726 cultureloisirs.club "-" "Mozilla/5.0 (compatible; SERankingBacklinksBot/1.0; +https://seranking.com/backlinks-crawler)" "-"
66.249.66.0 - - [18/Aug/2026:02:28:05 +0200] "GET /?h=58433873728929 HTTP/1.1" 200 821152 cultureloisirs.club "-" "Mozilla/5.0 (Linux; Android 6.0.1; Nexus 5X Build/MMB29P) AppleWebKit/537.36 (KHTML, like Gecko) Chrome/151.0.7922.137 Mobile Safari/537.36 (compatible; Googlebot/2.1; +http://www.google.com/bot.html)" "-"
144.76.32.0 - - [18/Aug/2026:02:28:07 +0200] "GET /shops/phalanges/p5o2r2t3u4n8u1s9701?loknya=/homepages/11 HTTP/1.1" 200 45726 cultureloisirs.club "-" "Mozilla/5.0 (compatible; SERankingBacklinksBot/1.0; +https://seranking.com/backlinks-crawler)" "-"
2a03:2880:f800:: - - [18/Aug/2026:02:28:10 +0200] "GET /?shop/items/K36046181684/ HTTP/1.1" 200 51727 cultureloisirs.club "-" "Mozilla/5.0 (Windows NT 10.0; Win64; x64) AppleWebKit/537.36 (KHTML, like Gecko) Chrome/145.0.0.0 Safari/537.36 (compatible; meta-externalagent/1.1 (+https://developers.facebook.com/docs/sharing/webmasters/crawler))" "-"
144.76.32.0 - - [18/Aug/2026:02:28:11 +0200] "GET /shops/plaintless/r5e2s1e5r7v7a6b4l7e88?loknya=/homepages HTTP/1.1" 200 57048 cultureloisirs.club "-" "Mozilla/5.0 (compatible; SERankingBacklinksBot/1.0; +https://seranking.com/backlinks-crawler)" "-"
66.249.66.0 - - [18/Aug/2026:02:28:12 +0200] "GET /?h=23195363548529 HTTP/1.1" 200 832580 cultureloisirs.club "-" "Mozilla/5.0 (Linux; Android 6.0.1; Nexus 5X Build/MMB29P) AppleWebKit/537.36 (KHTML, like Gecko) Chrome/151.0.7922.137 Mobile Safari/537.36 (compatible; Googlebot/2.1; +http://www.google.com/bot.html)" "-"
144.76.32.0 - - [18/Aug/2026:02:28:15 +0200] "GET /shops/plashing/o5v4e0r0l1o6r9d9s0h9i5p?loknya=/homepages HTTP/1.1" 200 57048 cultureloisirs.club "-" "Mozilla/5.0 (compatible; SERankingBacklinksBot/1.0; +https://seranking.com/backlinks-crawler)" "-"
2a03:2880:f800:: - - [18/Aug/2026:02:28:17 +0200] "GET /?shop/items/P32255209178/ HTTP/1.1" 200 51724 cultureloisirs.club "-" "Mozilla/5.0 (Macintosh; Intel Mac OS X 10_15_7) AppleWebKit/537.36 (KHTML, like Gecko) Chrome/145.0.0.0 Safari/537.36 (compatible; meta-externalagent/1.1 (+https://developers.facebook.com/docs/sharing/webmasters/crawler))" "-"
